{"id":10128,"date":"2025-01-21T12:08:04","date_gmt":"2025-01-21T12:08:04","guid":{"rendered":"https:\/\/myhomeproperty.es\/property\/doppelhaushaelfte-mit-privatem-pool-in-santiago-de-la-ribera\/"},"modified":"2025-01-31T10:03:27","modified_gmt":"2025-01-31T10:03:27","slug":"doppelhaushaelfte-mit-privatem-pool-in-santiago-de-la-ribera","status":"publish","type":"property","link":"https:\/\/myhomeproperty.es\/de\/property\/doppelhaushaelfte-mit-privatem-pool-in-santiago-de-la-ribera\/","title":{"rendered":"Doppelhaush\u00e4lfte mit privatem Pool in Santiago de la Ribera"},"content":{"rendered":"\n<p>Doppelhaush\u00e4lfte mit privatem Pool (650 Meter von den Str\u00e4nden entfernt)<\/p>\n\n<figure class=\"wp-block-image size-large\"><img fetchpriority=\"high\" decoding=\"async\" width=\"1024\" height=\"576\" src=\"https:\/\/myhomeproperty.es\/wp-content\/uploads\/2024\/07\/5_3-Photo-1024x576.jpg\" alt=\"\" class=\"wp-image-184\" srcset=\"https:\/\/myhomeproperty.es\/wp-content\/uploads\/2024\/07\/5_3-Photo-1024x576.jpg 1024w, https:\/\/myhomeproperty.es\/wp-content\/uploads\/2024\/07\/5_3-Photo-300x169.jpg 300w, https:\/\/myhomeproperty.es\/wp-content\/uploads\/2024\/07\/5_3-Photo-768x432.jpg 768w, https:\/\/myhomeproperty.es\/wp-content\/uploads\/2024\/07\/5_3-Photo-1536x864.jpg 1536w, https:\/\/myhomeproperty.es\/wp-content\/uploads\/2024\/07\/5_3-Photo-2048x1152.jpg 2048w, https:\/\/myhomeproperty.es\/wp-content\/uploads\/2024\/07\/5_3-Photo-1067x600.jpg 1067w, https:\/\/myhomeproperty.es\/wp-content\/uploads\/2024\/07\/5_3-Photo-496x279.jpg 496w\" sizes=\"(max-width: 1024px) 100vw, 1024px\" \/><\/figure>\n\n<p>SCHL\u00dcSSELFERTIG, KOMPLETT EINGERICHTET!!!!  <\/p>\n\n<p>Doppelhaush\u00e4lfte und Terrassenvilla mit privatem Pool (650 Meter von den Str\u00e4nden entfernt). Diese Villa ist so konzipiert, dass sie den besten offenen Wohnbereich bietet, mit doppelt verglasten Schiebet\u00fcren, die direkt auf eine gro\u00dfe Terrasse mit privatem Pool, Terrasse und Parkplatz f\u00fchren. Sie bietet 3 gro\u00dfz\u00fcgige Schlafzimmer (im ersten Stock mit eigenem Badezimmer) und ein zus\u00e4tzliches Badezimmer im Erdgeschoss mit begehbarer Dusche. Der Wohnbereich im Erdgeschoss verf\u00fcgt \u00fcber eine voll ausgestattete K\u00fcche mit ausziehbarem Tisch, einen offenen Wohn-\/Essbereich, eine voll ausgestattete K\u00fcche mit Ger\u00e4ten, einen Au\u00dfenlagerraum und Terrassenbereiche an der Seite der Villa, vom Hauptschlafzimmer und vom Wohnzimmer aus.     <\/p>\n\n<p>Perfekt gelegen &#8230; Diese Villa ist nur ein paar Minuten zu Fu\u00df von den Str\u00e4nden von San Javier und nur 5 Minuten vom Zentrum entfernt. Der Mittwochsmarkt ist nur 200 Meter entfernt. Perfekt f\u00fcr die Freizeitgestaltung&#8230; Kilometerlange Wanderwege, die Sie erkunden k\u00f6nnen&#8230; dies ist wirklich ein fantastischer Ort zum Spazierengehen, entweder bei Tag oder bei Nacht, mit unz\u00e4hligen Restaurants zur Auswahl und einigen ausgezeichneten kleinen Tapas-Bars am Meer, warum besuchen Sie nicht den Yachtclub? Diese Gegend bietet eine Vielzahl von sportlichen Aktivit\u00e4ten, einschlie\u00dflich saisonaler Wassersportarten&#8230; und einige besonders gute Golfpl\u00e4tze in der N\u00e4he!     <\/p>\n\n<p>Stadt: San Javier (Costa C\u00e1lida) Gebiet: Costa C\u00e1lida (MURCIA)  <\/p>\n\n<ul class=\"wp-block-list\">\n<li>Umgebung: Stadt (10 Minuten zu Fu\u00df) Strand (5 Minuten zu Fu\u00df)  <\/li>\n\n\n\n<li>Aussicht: Stadt, K\u00fcste Typ: Villa (Doppelhaush\u00e4lfte)<\/li>\n\n\n\n<li>Pool: Privater Pool Schlafzimmer: 3 Badezimmer: 2  <\/li>\n\n\n\n<li>Status: Neuer Bau  <\/li>\n\n\n\n<li>Grundst\u00fccksgr\u00f6\u00dfe: 94,00 m2 Grundst\u00fccksgr\u00f6\u00dfe: 136 m2  <\/li>\n\n\n\n<li>Garten: Privat<\/li>\n<\/ul>\n","protected":false},"excerpt":{"rendered":"<p>Doppelhaush\u00e4lfte mit privatem Pool (650 Meter von den Str\u00e4nden entfernt) SCHL\u00dcSSELFERTIG, KOMPLETT EINGERICHTET!!!! Doppelhaush\u00e4lfte und Terrassenvilla mit privatem Pool (650 Meter von den Str\u00e4nden entfernt). Diese Villa ist so konzipiert, dass sie den besten offenen Wohnbereich bietet, mit doppelt verglasten Schiebet\u00fcren, die direkt auf eine gro\u00dfe Terrasse mit privatem Pool, Terrasse und Parkplatz f\u00fchren. Sie [&hellip;]<\/p>\n","protected":false},"author":3,"featured_media":0,"parent":0,"menu_order":0,"template":"","property_type":[208],"property_status":[46],"property_feature":[217,45,244],"property_label":[],"property_country":[33],"property_state":[37],"property_city":[36],"property_area":[189],"class_list":["post-10128","property","type-property","status-publish","hentry","property_type-villa-de","property_status-in-betrieb","property_feature-garten","property_feature-piscina-de","property_feature-terrasse-de","property_country-spain-de","property_state-region-de-murcia-de","property_city-san-javier-de","property_area-santiago-de-la-ribera-de"],"property_meta":{"fave_featured":["0"],"houzez_featured_listing_date":[""],"fave_property_images":["165","169","167","170","168","185","186","184","183","180","176","178","174","171","182","181","177","179","173","172","175","164"],"fave_single_top_area":["global"],"_top_nav_excluded":[""],"_cms_nav_minihome":[""],"houzez_geolocation_lat":["37.7972232"],"houzez_geolocation_long":["-0.8048727"],"_last_translation_edit_mode":["translation-editor"],"houzez_total_property_views":["94"],"houzez_views_by_date":["a:61:{s:10:\"03-18-2025\";i:1;s:10:\"04-08-2025\";i:1;s:10:\"04-29-2025\";i:1;s:10:\"05-01-2025\";i:1;s:10:\"05-14-2025\";i:1;s:10:\"05-19-2025\";i:2;s:10:\"05-20-2025\";i:2;s:10:\"05-26-2025\";i:1;s:10:\"05-27-2025\";i:1;s:10:\"06-01-2025\";i:1;s:10:\"06-06-2025\";i:1;s:10:\"06-13-2025\";i:1;s:10:\"06-24-2025\";i:1;s:10:\"07-02-2025\";i:1;s:10:\"07-11-2025\";i:1;s:10:\"07-14-2025\";i:2;s:10:\"07-17-2025\";i:1;s:10:\"07-25-2025\";i:1;s:10:\"07-26-2025\";i:1;s:10:\"07-31-2025\";i:3;s:10:\"08-20-2025\";i:1;s:10:\"08-22-2025\";i:2;s:10:\"08-26-2025\";i:1;s:10:\"08-30-2025\";i:2;s:10:\"09-03-2025\";i:1;s:10:\"09-09-2025\";i:1;s:10:\"09-14-2025\";i:1;s:10:\"09-19-2025\";i:2;s:10:\"09-24-2025\";i:1;s:10:\"09-29-2025\";i:1;s:10:\"10-04-2025\";i:1;s:10:\"10-09-2025\";i:1;s:10:\"10-10-2025\";i:2;s:10:\"10-16-2025\";i:1;s:10:\"11-19-2025\";i:1;s:10:\"11-21-2025\";i:1;s:10:\"12-05-2025\";i:1;s:10:\"12-18-2025\";i:2;s:10:\"01-12-2026\";i:2;s:10:\"01-20-2026\";i:1;s:10:\"01-25-2026\";i:1;s:10:\"01-31-2026\";i:1;s:10:\"02-05-2026\";i:1;s:10:\"02-18-2026\";i:1;s:10:\"02-24-2026\";i:1;s:10:\"03-11-2026\";i:2;s:10:\"03-14-2026\";i:1;s:10:\"03-15-2026\";i:1;s:10:\"03-20-2026\";i:1;s:10:\"03-23-2026\";i:1;s:10:\"03-25-2026\";i:1;s:10:\"03-26-2026\";i:1;s:10:\"03-30-2026\";i:1;s:10:\"04-04-2026\";i:1;s:10:\"04-05-2026\";i:2;s:10:\"04-10-2026\";i:1;s:10:\"04-11-2026\";i:1;s:10:\"04-16-2026\";i:1;s:10:\"04-21-2026\";i:1;s:10:\"04-26-2026\";i:1;s:10:\"04-28-2026\";i:2;}"],"houzez_recently_viewed":["2026-04-28 19:54:31"],"fave_property_price":["359950"],"fave_property_size":["95"],"fave_property_land":["136"],"fave_property_bedrooms":["3"],"fave_property_bathrooms":["2"],"fave_property_id":["30371MH"],"fave_property_map":["1"],"fave_property_map_address":["Santiago de La Ribera, Avenida Sandoval, Santiago de la Ribera, San Javier, Campo de Cartagena y Mar Menor, 30720, Spanien"],"fave_property_location":["37.7972232,-0.8048727,15"],"fave_property_map_street_view":["verbergen"],"fave_video_url":["https:\/\/www.youtube.com\/shorts\/uFD5ZPXelmk"],"fave_agent_display_option":["none"],"fave_prop_homeslider":["ja"],"fave_private_note":["ELISA BEACH GRUPPE 1 - SAN BLAS EN LA RIBERA 5\/7\/2024\n"],"additional_features":["a:4:{i:0;a:1:{s:29:\"fave_additional_feature_title\";s:25:\"600 m vom Strand entfernt\";}i:1;a:1:{s:29:\"fave_additional_feature_title\";s:37:\"In der N\u00e4he von Restaurants und Bars\";}i:2;a:1:{s:29:\"fave_additional_feature_title\";s:27:\"In der N\u00e4he des Flughafens\";}i:3;a:1:{s:29:\"fave_additional_feature_title\";s:19:\"Privates Schwimmbad\";}}"],"floor_plans":["a:1:{i:0;a:1:{s:15:\"fave_plan_image\";s:96:\"https:\/\/myhomeproperty.es\/wp-content\/uploads\/2024\/07\/Captura-de-pantalla-2024-07-05-123202-1.png\";}}"],"houzez_manual_expire":["0"],"_houzez_expiration_date_status":["saved"],"_elementor_page_assets":["a:0:{}"]},"_links":{"self":[{"href":"https:\/\/myhomeproperty.es\/de\/wp-json\/wp\/v2\/properties\/10128","targetHints":{"allow":["GET"]}}],"collection":[{"href":"https:\/\/myhomeproperty.es\/de\/wp-json\/wp\/v2\/properties"}],"about":[{"href":"https:\/\/myhomeproperty.es\/de\/wp-json\/wp\/v2\/types\/property"}],"author":[{"embeddable":true,"href":"https:\/\/myhomeproperty.es\/de\/wp-json\/wp\/v2\/users\/3"}],"version-history":[{"count":3,"href":"https:\/\/myhomeproperty.es\/de\/wp-json\/wp\/v2\/properties\/10128\/revisions"}],"predecessor-version":[{"id":26884,"href":"https:\/\/myhomeproperty.es\/de\/wp-json\/wp\/v2\/properties\/10128\/revisions\/26884"}],"wp:attachment":[{"href":"https:\/\/myhomeproperty.es\/de\/wp-json\/wp\/v2\/media?parent=10128"}],"wp:term":[{"taxonomy":"property_type","embeddable":true,"href":"https:\/\/myhomeproperty.es\/de\/wp-json\/wp\/v2\/property_type?post=10128"},{"taxonomy":"property_status","embeddable":true,"href":"https:\/\/myhomeproperty.es\/de\/wp-json\/wp\/v2\/property_status?post=10128"},{"taxonomy":"property_feature","embeddable":true,"href":"https:\/\/myhomeproperty.es\/de\/wp-json\/wp\/v2\/property_feature?post=10128"},{"taxonomy":"property_label","embeddable":true,"href":"https:\/\/myhomeproperty.es\/de\/wp-json\/wp\/v2\/property_label?post=10128"},{"taxonomy":"property_country","embeddable":true,"href":"https:\/\/myhomeproperty.es\/de\/wp-json\/wp\/v2\/property_country?post=10128"},{"taxonomy":"property_state","embeddable":true,"href":"https:\/\/myhomeproperty.es\/de\/wp-json\/wp\/v2\/property_state?post=10128"},{"taxonomy":"property_city","embeddable":true,"href":"https:\/\/myhomeproperty.es\/de\/wp-json\/wp\/v2\/property_city?post=10128"},{"taxonomy":"property_area","embeddable":true,"href":"https:\/\/myhomeproperty.es\/de\/wp-json\/wp\/v2\/property_area?post=10128"}],"curies":[{"name":"wp","href":"https:\/\/api.w.org\/{rel}","templated":true}]}}

Doppelhaushälfte mit privatem Pool in Santiago de la Ribera

<p>Doppelhaushälfte mit privatem Pool (650 Meter von den Stränden entfernt)</p>

<figure class="wp-block-image size-large"><img fetchpriority="high" decoding="async" width="1024" height="576" src="https://myhomeproperty.es/wp-content/uploads/2024/07/5_3-Photo-1024x576.jpg" alt="" class="wp-image-184" srcset="https://myhomeproperty.es/wp-content/uploads/2024/07/5_3-Photo-1024x576.jpg 1024w, https://myhomeproperty.es/wp-content/uploads/2024/07/5_3-Photo-300x169.jpg 300w, https://myhomeproperty.es/wp-content/uploads/2024/07/5_3-Photo-768x432.jpg 768w, https://myhomeproperty.es/wp-content/uploads/2024/07/5_3-Photo-1536x864.jpg 1536w, https://myhomeproperty.es/wp-content/uploads/2024/07/5_3-Photo-2048x1152.jpg 2048w, https://myhomeproperty.es/wp-content/uploads/2024/07/5_3-Photo-1067x600.jpg 1067w, https://myhomeproperty.es/wp-content/uploads/2024/07/5_3-Photo-496x279.jpg 496w" sizes="(max-width: 1024px) 100vw, 1024px" /></figure>

<p>SCHLÜSSELFERTIG, KOMPLETT EINGERICHTET!!!!  </p>

<p>Doppelhaushälfte und Terrassenvilla mit privatem Pool (650 Meter von den Stränden entfernt). Diese Villa ist so konzipiert, dass sie den besten offenen Wohnbereich bietet, mit doppelt verglasten Schiebetüren, die direkt auf eine große Terrasse mit privatem Pool, Terrasse und Parkplatz führen. Sie bietet 3 großzügige Schlafzimmer (im ersten Stock mit eigenem Badezimmer) und ein zusätzliches Badezimmer im Erdgeschoss mit begehbarer Dusche. Der Wohnbereich im Erdgeschoss verfügt über eine voll ausgestattete Küche mit ausziehbarem Tisch, einen offenen Wohn-/Essbereich, eine voll ausgestattete Küche mit Geräten, einen Außenlagerraum und Terrassenbereiche an der Seite der Villa, vom Hauptschlafzimmer und vom Wohnzimmer aus.     </p>

<p>Perfekt gelegen &#8230; Diese Villa ist nur ein paar Minuten zu Fuß von den Stränden von San Javier und nur 5 Minuten vom Zentrum entfernt. Der Mittwochsmarkt ist nur 200 Meter entfernt. Perfekt für die Freizeitgestaltung&#8230; Kilometerlange Wanderwege, die Sie erkunden können&#8230; dies ist wirklich ein fantastischer Ort zum Spazierengehen, entweder bei Tag oder bei Nacht, mit unzähligen Restaurants zur Auswahl und einigen ausgezeichneten kleinen Tapas-Bars am Meer, warum besuchen Sie nicht den Yachtclub? Diese Gegend bietet eine Vielzahl von sportlichen Aktivitäten, einschließlich saisonaler Wassersportarten&#8230; und einige besonders gute Golfplätze in der Nähe!     </p>

<p>Stadt: San Javier (Costa Cálida) Gebiet: Costa Cálida (MURCIA)  </p>

<ul class="wp-block-list">
<li>Umgebung: Stadt (10 Minuten zu Fuß) Strand (5 Minuten zu Fuß)  </li>



<li>Aussicht: Stadt, Küste Typ: Villa (Doppelhaushälfte)</li>



<li>Pool: Privater Pool Schlafzimmer: 3 Badezimmer: 2  </li>



<li>Status: Neuer Bau  </li>



<li>Grundstücksgröße: 94,00 m2 Grundstücksgröße: 136 m2  </li>



<li>Garten: Privat</li>
</ul>

<p>Doppelhaushälfte mit privatem Pool (650 Meter von den Stränden entfernt) SCHLÜSSELFERTIG, KOMPLETT EINGERICHTET!!!! Doppelhaushälfte und Terrassenvilla mit privatem Pool (650 Meter von den Stränden entfernt). Diese Villa ist so konzipiert, dass sie den besten offenen Wohnbereich bietet, mit doppelt verglasten Schiebetüren, die direkt auf eine große Terrasse mit privatem Pool, Terrasse und Parkplatz führen. Sie [&hellip;]</p>

a:4:{i:0;a:1:{s:29:"fave_additional_feature_title";s:25:"600 m vom Strand entfernt";}i:1;a:1:{s:29:"fave_additional_feature_title";s:37:"In der Nähe von Restaurants und Bars";}i:2;a:1:{s:29:"fave_additional_feature_title";s:27:"In der Nähe des Flughafens";}i:3;a:1:{s:29:"fave_additional_feature_title";s:19:"Privates Schwimmbad";}}
