{"id":1254,"date":"2024-07-12T10:54:05","date_gmt":"2024-07-12T10:54:05","guid":{"rendered":"https:\/\/myhomeproperty.es\/property\/villa-adosada-con-piscina-privada-y-solarium-en-san-pedro-del-pinatar\/"},"modified":"2024-07-22T08:25:24","modified_gmt":"2024-07-22T08:25:24","slug":"villa-adosada-con-piscina-privada-y-solarium-en-san-pedro-del-pinatar","status":"publish","type":"property","link":"https:\/\/myhomeproperty.es\/de\/property\/villa-adosada-con-piscina-privada-y-solarium-en-san-pedro-del-pinatar\/","title":{"rendered":"Villa adosada con piscina privada y solarium en San Pedro del Pinatar"},"content":{"rendered":"\n<p>LLAVE EN MANO. Se entrega amueblado y comletamente equipado!<\/p>\n\n<p>Incluye muebles, iluminaci\u00f3n y elementos decorativos. Asiento de piscina con chorros y preinstalaci\u00f3n de bomba de calefacci\u00f3n. Cierre de patio. Cocina de Verano en solarium. 2 Unidades de aire acondicionado.<\/p>\n\n<p>Situado en San Pedro del Pinatar (Murcia) con excelente ubicaci\u00f3n, en zona tranquila, pero a la vez, cerca de todos los servicios, con facil acceso de autov\u00eda, y tan solo a 2km del Mar Menor.<\/p>\n\n<p>Las vivienda est\u00e1 distribuidas en dos plantas y solarium. In der unteren Etage befinden sich ein gro\u00dfer Schlafsaal mit Doppelbett, ein Speisesaal mit amerikanischer K\u00fcche, ein komplettes Bad, eine Terrasse, die als Toilette genutzt werden kann, und eine Terrasse mit Privatpool und Stellplatz f\u00fcr Ihr Fahrzeug.<\/p>\n\n<p>In der oberen Etage befinden sich zwei weitere Schlafzimmer, eines davon mit einem Kleiderschrank, ein komplettes Bad und eine gro\u00dfe Terrasse. Von hier aus haben Sie Zugang zum Solarium, das verschiedene M\u00f6glichkeiten bietet, da es von gro\u00dfer Gr\u00f6\u00dfe ist.<\/p>\n\n<p>Das Leben an der frischen Luft hat Priorit\u00e4t&#8230; Dieses Projekt entstand aufgrund der gro\u00dfen Nachfrage nach einem idealen Haus, Au\u00dfenbereichen zum Genie\u00dfen des Sonnenlichts und einem v\u00f6llig modernen Design zu sehr wettbewerbsf\u00e4higen Preisen.<\/p>\n\n<p>3 dormitorios.<br\/>2 ba\u00f1os completos.<br\/>Cocina con electrodom\u00e9sticos.<br\/>Piscina privada.<br\/>Terraza.<br\/>Sol\u00e1rium inklusive.<\/p>\n","protected":false},"excerpt":{"rendered":"<p>LLAVE EN MANO. Se entrega amueblado y comletamente equipado! Incluye muebles, iluminaci\u00f3n y elementos decorativos. Asiento de piscina con chorros y preinstalaci\u00f3n de bomba de calefacci\u00f3n. Cierre de patio. Cocina de Verano en solarium. 2 Unidades de aire acondicionado. Situado en San Pedro del Pinatar (Murcia) con excelente ubicaci\u00f3n, en zona tranquila, pero a la [&hellip;]<\/p>\n","protected":false},"author":1,"featured_media":1211,"parent":0,"menu_order":0,"template":"","property_type":[],"property_status":[46],"property_feature":[45],"property_label":[],"property_country":[],"property_state":[37],"property_city":[41],"property_area":[],"class_list":["post-1254","property","type-property","status-publish","has-post-thumbnail","hentry","property_status-in-betrieb","property_feature-piscina-de","property_state-region-de-murcia-de","property_city-san-pedro-del-pinatar-de"],"property_meta":{"fave_featured":["0"],"houzez_featured_listing_date":[""],"fave_property_images":["1141","1205","1201","1213","1217","1221","1193","1225","1197","1145","1229","1181","1149","1153","1185","1161","1165","1169","1173","1177","1189","1233","1237"],"fave_single_top_area":["global"],"_top_nav_excluded":[""],"_cms_nav_minihome":[""],"houzez_geolocation_lat":["37.8353328"],"houzez_geolocation_long":["-0.7916121"],"_last_translation_edit_mode":["translation-editor"],"_thumbnail_id":["1211"],"fave_property_price":["350000"],"fave_property_size":["110"],"fave_property_land":["125"],"fave_property_bedrooms":["3"],"fave_property_bathrooms":["2"],"fave_property_id":["3005MHJ"],"fave_property_map":["1"],"fave_property_map_address":["San Pedro del Pinatar, Campo de Cartagena y Mar Menor, Regi\u00f3n de Murcia, 30740, Espa\u00f1a"],"fave_property_location":["37.8353328,-0.7916121,15"],"fave_property_map_street_view":["verbergen"],"fave_property_zip":["30740"],"fave_video_url":["https:\/\/youtu.be\/LzNdvMM9_qc"],"fave_agent_display_option":["none"],"fave_prop_homeslider":["ja"],"fave_private_note":["RESIDENCIAL JACARANDA RODRIGO HOMES - PACO ALBALADEJO - FASE I - ZONA TAIBILLA -  "],"additional_features":["a:2:{i:0;a:1:{s:29:\"fave_additional_feature_title\";s:9:\"AMUEBLADO\";}i:1;a:1:{s:29:\"fave_additional_feature_title\";s:19:\"TOTALMENTE EQUIPADO\";}}"],"floor_plans":["a:2:{i:0;a:2:{s:15:\"fave_plan_title\";s:15:\"Plano allgemein\";s:15:\"fave_plan_image\";s:76:\"https:\/\/myhomeproperty.es\/wp-content\/uploads\/2024\/07\/Plot-Planta-general.jpg\";}i:1;a:2:{s:15:\"fave_plan_title\";s:10:\"Vivienda  \";s:15:\"fave_plan_image\";s:79:\"https:\/\/myhomeproperty.es\/wp-content\/uploads\/2024\/07\/Viviendas-N.2-N.3-N.16.jpg\";}}"],"houzez_total_property_views":["139"],"houzez_views_by_date":["a:61:{s:10:\"07-18-2025\";i:1;s:10:\"07-20-2025\";i:2;s:10:\"07-27-2025\";i:1;s:10:\"07-29-2025\";i:1;s:10:\"08-02-2025\";i:1;s:10:\"08-05-2025\";i:1;s:10:\"08-23-2025\";i:1;s:10:\"08-26-2025\";i:1;s:10:\"08-30-2025\";i:3;s:10:\"09-06-2025\";i:1;s:10:\"09-11-2025\";i:2;s:10:\"09-12-2025\";i:1;s:10:\"09-17-2025\";i:1;s:10:\"09-19-2025\";i:2;s:10:\"09-23-2025\";i:2;s:10:\"09-27-2025\";i:1;s:10:\"09-28-2025\";i:1;s:10:\"10-04-2025\";i:1;s:10:\"10-10-2025\";i:1;s:10:\"10-17-2025\";i:1;s:10:\"10-21-2025\";i:1;s:10:\"11-18-2025\";i:1;s:10:\"11-19-2025\";i:3;s:10:\"12-05-2025\";i:1;s:10:\"12-07-2025\";i:1;s:10:\"12-10-2025\";i:1;s:10:\"12-19-2025\";i:2;s:10:\"12-20-2025\";i:1;s:10:\"12-26-2025\";i:1;s:10:\"01-01-2026\";i:1;s:10:\"01-05-2026\";i:1;s:10:\"01-07-2026\";i:2;s:10:\"01-12-2026\";i:2;s:10:\"01-13-2026\";i:1;s:10:\"01-16-2026\";i:1;s:10:\"01-25-2026\";i:1;s:10:\"01-31-2026\";i:1;s:10:\"02-05-2026\";i:1;s:10:\"02-06-2026\";i:1;s:10:\"02-13-2026\";i:1;s:10:\"02-19-2026\";i:1;s:10:\"02-20-2026\";i:1;s:10:\"03-04-2026\";i:1;s:10:\"03-11-2026\";i:2;s:10:\"03-15-2026\";i:2;s:10:\"03-16-2026\";i:1;s:10:\"03-17-2026\";i:1;s:10:\"03-19-2026\";i:1;s:10:\"03-22-2026\";i:2;s:10:\"03-28-2026\";i:1;s:10:\"04-01-2026\";i:2;s:10:\"04-03-2026\";i:1;s:10:\"04-09-2026\";i:3;s:10:\"04-11-2026\";i:1;s:10:\"04-15-2026\";i:1;s:10:\"04-18-2026\";i:1;s:10:\"04-20-2026\";i:1;s:10:\"04-24-2026\";i:1;s:10:\"04-25-2026\";i:1;s:10:\"04-26-2026\";i:1;s:10:\"04-28-2026\";i:2;}"],"houzez_recently_viewed":["2026-04-28 19:54:27"],"_elementor_page_assets":["a:0:{}"]},"_links":{"self":[{"href":"https:\/\/myhomeproperty.es\/de\/wp-json\/wp\/v2\/properties\/1254","targetHints":{"allow":["GET"]}}],"collection":[{"href":"https:\/\/myhomeproperty.es\/de\/wp-json\/wp\/v2\/properties"}],"about":[{"href":"https:\/\/myhomeproperty.es\/de\/wp-json\/wp\/v2\/types\/property"}],"author":[{"embeddable":true,"href":"https:\/\/myhomeproperty.es\/de\/wp-json\/wp\/v2\/users\/1"}],"version-history":[{"count":1,"href":"https:\/\/myhomeproperty.es\/de\/wp-json\/wp\/v2\/properties\/1254\/revisions"}],"predecessor-version":[{"id":1256,"href":"https:\/\/myhomeproperty.es\/de\/wp-json\/wp\/v2\/properties\/1254\/revisions\/1256"}],"wp:featuredmedia":[{"embeddable":true,"href":"https:\/\/myhomeproperty.es\/de\/wp-json\/wp\/v2\/media\/1211"}],"wp:attachment":[{"href":"https:\/\/myhomeproperty.es\/de\/wp-json\/wp\/v2\/media?parent=1254"}],"wp:term":[{"taxonomy":"property_type","embeddable":true,"href":"https:\/\/myhomeproperty.es\/de\/wp-json\/wp\/v2\/property_type?post=1254"},{"taxonomy":"property_status","embeddable":true,"href":"https:\/\/myhomeproperty.es\/de\/wp-json\/wp\/v2\/property_status?post=1254"},{"taxonomy":"property_feature","embeddable":true,"href":"https:\/\/myhomeproperty.es\/de\/wp-json\/wp\/v2\/property_feature?post=1254"},{"taxonomy":"property_label","embeddable":true,"href":"https:\/\/myhomeproperty.es\/de\/wp-json\/wp\/v2\/property_label?post=1254"},{"taxonomy":"property_country","embeddable":true,"href":"https:\/\/myhomeproperty.es\/de\/wp-json\/wp\/v2\/property_country?post=1254"},{"taxonomy":"property_state","embeddable":true,"href":"https:\/\/myhomeproperty.es\/de\/wp-json\/wp\/v2\/property_state?post=1254"},{"taxonomy":"property_city","embeddable":true,"href":"https:\/\/myhomeproperty.es\/de\/wp-json\/wp\/v2\/property_city?post=1254"},{"taxonomy":"property_area","embeddable":true,"href":"https:\/\/myhomeproperty.es\/de\/wp-json\/wp\/v2\/property_area?post=1254"}],"curies":[{"name":"wp","href":"https:\/\/api.w.org\/{rel}","templated":true}]}}

<p>LLAVE EN MANO. Se entrega amueblado y comletamente equipado!</p>

<p>Incluye muebles, iluminación y elementos decorativos. Asiento de piscina con chorros y preinstalación de bomba de calefacción. Cierre de patio. Cocina de Verano en solarium. 2 Unidades de aire acondicionado.</p>

<p>Situado en San Pedro del Pinatar (Murcia) con excelente ubicación, en zona tranquila, pero a la vez, cerca de todos los servicios, con facil acceso de autovía, y tan solo a 2km del Mar Menor.</p>

<p>Las vivienda está distribuidas en dos plantas y solarium. In der unteren Etage befinden sich ein großer Schlafsaal mit Doppelbett, ein Speisesaal mit amerikanischer Küche, ein komplettes Bad, eine Terrasse, die als Toilette genutzt werden kann, und eine Terrasse mit Privatpool und Stellplatz für Ihr Fahrzeug.</p>

<p>In der oberen Etage befinden sich zwei weitere Schlafzimmer, eines davon mit einem Kleiderschrank, ein komplettes Bad und eine große Terrasse. Von hier aus haben Sie Zugang zum Solarium, das verschiedene Möglichkeiten bietet, da es von großer Größe ist.</p>

<p>Das Leben an der frischen Luft hat Priorität&#8230; Dieses Projekt entstand aufgrund der großen Nachfrage nach einem idealen Haus, Außenbereichen zum Genießen des Sonnenlichts und einem völlig modernen Design zu sehr wettbewerbsfähigen Preisen.</p>

<p>3 dormitorios.<br/>2 baños completos.<br/>Cocina con electrodomésticos.<br/>Piscina privada.<br/>Terraza.<br/>Solárium inklusive.</p>

<p>LLAVE EN MANO. Se entrega amueblado y comletamente equipado! Incluye muebles, iluminación y elementos decorativos. Asiento de piscina con chorros y preinstalación de bomba de calefacción. Cierre de patio. Cocina de Verano en solarium. 2 Unidades de aire acondicionado. Situado en San Pedro del Pinatar (Murcia) con excelente ubicación, en zona tranquila, pero a la [&hellip;]</p>

San Pedro del Pinatar, Campo de Cartagena y Mar Menor, Región de Murcia, 30740, España
