{"id":2107,"date":"2024-07-18T09:00:50","date_gmt":"2024-07-18T09:00:50","guid":{"rendered":"https:\/\/myhomeproperty.es\/property\/apartamentos-de-dos-dormitorios-en-pilar-de-la-horadada\/"},"modified":"2024-07-22T08:26:26","modified_gmt":"2024-07-22T08:26:26","slug":"apartamentos-de-dos-dormitorios-en-pilar-de-la-horadada","status":"publish","type":"property","link":"https:\/\/myhomeproperty.es\/de\/property\/apartamentos-de-dos-dormitorios-en-pilar-de-la-horadada\/","title":{"rendered":"APARTAMENTOS DE DOS DORMITORIOS EN PILAR DE LA HORADADA"},"content":{"rendered":"\n<p>Presentamoas este residencial exclusivo con importantes mejoras en el dise\u00f1o y comodidad de las casas. 31 Apartamentos modernos de primera calidad, con 2 dormitorios en planta baja y 3 dormitorios en planta alta con un sol\u00e1rium de m\u00e1s de 90 m2 que ofrece gran privacidad en el sol\u00e1rium. Podr\u00e1s disfrutar de nuestra cocina de verano cerrada, aseo y p\u00e9rgola.<br\/>Alle Wohnungen verf\u00fcgen \u00fcber einen eigenen geschlossenen Parkplatz, eine Garage f\u00fcr die Wohnungen in der oberen Etage und eine Terrasse f\u00fcr die unteren Etagen. Die Residenz verf\u00fcgt \u00fcber eine gemeinsame Gartenzone mit Pool und jede Wohnung hat eine gro\u00dfe Terrasse, damit Sie das ganze Jahr \u00fcber die Sonne genie\u00dfen k\u00f6nnen. Ein weiteres wichtiges Merkmal dieses Projekts ist die Unterbringung von Fahrr\u00e4dern im Gemeinschaftsbereich, mit einer Kapazit\u00e4t von 2 Fahrr\u00e4dern pro Wohnung.<br\/>Das Ufer des Pilar de la Horadada erstreckt sich \u00fcber mehr als 4 Kilometer und hat ausgedehnte wei\u00dfe Sandstr\u00e4nde, die in starkem Kontrast zu den kleinen, privaten und gesch\u00fctzten Str\u00e4nden stehen. Pilar de la Horadada liegt in der Provinz Alicante und bietet zwei verschiedene Spielpl\u00e4tze: wunderbare nat\u00fcrliche Spielpl\u00e4tze und touristische Zonen, in denen Sie Freizeit- und Restaurationsm\u00f6glichkeiten finden,<br\/>centros comerciales. Pilar de la Horadada lo tiene todo para disfrutar<br\/>del sol y el mar. Das Klima ist typisch mediterran, mit mittleren Temperaturen von 18\u00baC, hei\u00dfer Luft und einer Sonneneinstrahlung von mehr als 3.200 Stunden im Jahr.<\/p>\n\n<p>INKLUSIVE:<br\/>-Sistema aerot\u00e9rmico para agua caliente.<br\/>-Todos los electrodom\u00e9sticos de la cocina de TEKA o similar: frigor\u00edfico, lavavajillas, campana extractora, inducci\u00f3n, horno, Microondas y lavadora.<\/p>\n\n<ul class=\"wp-block-list\">\n<li>LED hal\u00f3genos en el interior de casa, cocina, sal\u00f3n, dormitorios y ba\u00f1os.<\/li>\n\n\n\n<li>Ba\u00f1o con suelo radiante<\/li>\n\n\n\n<li>CLIMATIZACI\u00d3N: Preinstalaci\u00f3n de ventilaci\u00f3n por conductos con expulsi\u00f3n incluida, Farbe blanco. Incluye aire acondicionado, modelo Haier o similar.<br\/>EXTRAS:<br\/>En solarium c\u00e9sped artificial, p\u00e9rgola, cocina de verano, aseo, preinstalaci\u00f3n de ducha e iluminaci\u00f3n.<\/li>\n<\/ul>\n\n<p>LUGARES DE INTER\u00c9S:<br\/>Aeropuerto de Murcia &#8211; 30 minutos.<br\/>Flugplatz von Alicante &#8211; 45 Minuten<br\/>SERVICIOS:<br\/>Zentrum von Pilar de la Horadada &#8211; 6 min (caminando)<br\/>Gesundheitszentrum Pilar de la Horadada &#8211; 4 Min. (mit dem Auto)<br\/>Krankenhaus von Torrevieja &#8211; 25 Min. (mit dem Auto)<br\/>CENTROS COMERCIALES:<br\/>Dos Mares &#8211; 10 minutos<br\/>Bulevar Zenia &#8211; 10 Minutos<br\/>Espacio Mediterr\u00e1neo &#8211; 20 min.<br\/>CAMPOS DE GOLF:<br\/>Golf Lo Romero &#8211; 8 min.<br\/>Colinas Golf &amp; Country &#8211; 20 minutos.<br\/>Golf Las Ramblas &#8211; 20 min.<br\/>Roda Golf &#8211; 17 min.<br\/>SPIELEN:<br\/>Playa Las Villas- 13 Minuten (en bicicleta)<\/p>\n","protected":false},"excerpt":{"rendered":"<p>Presentamoas este residencial exclusivo con importantes mejoras en el dise\u00f1o y comodidad de las casas. 31 Apartamentos modernos de primera calidad, con 2 dormitorios en planta baja y 3 dormitorios en planta alta con un sol\u00e1rium de m\u00e1s de 90 m2 que ofrece gran privacidad en el sol\u00e1rium. Podr\u00e1s disfrutar de nuestra cocina de verano [&hellip;]<\/p>\n","protected":false},"author":3,"featured_media":1934,"parent":0,"menu_order":0,"template":"","property_type":[],"property_status":[46],"property_feature":[45],"property_label":[],"property_country":[33],"property_state":[51],"property_city":[59],"property_area":[],"class_list":["post-2107","property","type-property","status-publish","has-post-thumbnail","hentry","property_status-in-betrieb","property_feature-piscina-de","property_country-spain-de","property_state-alicante-de","property_city-pilar-de-la-horadada-de"],"property_meta":{"fave_featured":["1"],"houzez_featured_listing_date":["2024-07-18 09:00:59"],"fave_property_images":["1932","2048","1940","1936","1948","2060","1980","2052","2056","2012","2028","2016","1968","2036","1996","2064","2040","1992","1988","1976","2068","2004","2072","2000","2020","2008","2044","2024","2080","2084","2088","2092","2100"],"fave_single_top_area":["global"],"_top_nav_excluded":[""],"_cms_nav_minihome":[""],"houzez_geolocation_lat":["37.8675489"],"houzez_geolocation_long":["-0.7925673"],"_last_translation_edit_mode":["translation-editor"],"fave_property_price":["235900"],"fave_property_price_prefix":["DESDE"],"fave_property_size":["75"],"fave_property_land":["125"],"fave_property_bedrooms":["2"],"fave_property_bathrooms":["2"],"fave_property_id":["3010MHOV"],"fave_property_map":["1"],"fave_property_map_address":["Pilar de la Horadada, el Baix Segura \/ La Vega Baja del Segura, Alacant \/ Alicante, Comunitat Valenciana, Espa\u00f1a"],"fave_property_location":["37.8675489,-0.7925673,12"],"fave_property_map_street_view":["verbergen"],"fave_property_zip":["03190"],"fave_agent_display_option":["none"],"fave_prop_homeslider":["ja"],"fave_private_note":["OKEY VIVIENDAS EN PILAR DE LA HORADADA - FASE XI CALLE MATAMORES FASE I SOLO QUEDAN LAS VIVIENDAS 5 Y 6 EN PLANTA BAJA KEY READY"],"floor_plans":["a:3:{i:0;a:4:{s:15:\"fave_plan_title\";s:13:\"PLANTA BAJA  \";s:15:\"fave_plan_rooms\";s:1:\"2\";s:19:\"fave_plan_bathrooms\";s:1:\"2\";s:15:\"fave_plan_image\";s:66:\"https:\/\/myhomeproperty.es\/wp-content\/uploads\/2024\/07\/05-scaled.jpg\";}i:1;a:2:{s:15:\"fave_plan_title\";s:13:\"PLANTA ALTA  \";s:15:\"fave_plan_image\";s:86:\"https:\/\/myhomeproperty.es\/wp-content\/uploads\/2024\/07\/28_FASE-II-PLANTA-ALTA-scaled.jpg\";}i:2;a:2:{s:15:\"fave_plan_title\";s:20:\"PLANTA ALTA SOLARIUM\";s:15:\"fave_plan_image\";s:95:\"https:\/\/myhomeproperty.es\/wp-content\/uploads\/2024\/07\/28_FASE-II-PLANTA-ALTA-SOLARIUM-scaled.jpg\";}}"],"houzez_manual_expire":["0"],"_houzez_expiration_date_status":["saved"],"houzez_total_property_views":["124"],"houzez_views_by_date":["a:61:{s:10:\"03-12-2025\";i:2;s:10:\"03-18-2025\";i:1;s:10:\"03-29-2025\";i:2;s:10:\"04-19-2025\";i:1;s:10:\"05-10-2025\";i:1;s:10:\"05-20-2025\";i:2;s:10:\"05-24-2025\";i:1;s:10:\"05-31-2025\";i:1;s:10:\"06-06-2025\";i:1;s:10:\"06-11-2025\";i:2;s:10:\"06-13-2025\";i:1;s:10:\"06-14-2025\";i:1;s:10:\"06-19-2025\";i:1;s:10:\"07-05-2025\";i:1;s:10:\"07-13-2025\";i:1;s:10:\"07-14-2025\";i:4;s:10:\"07-23-2025\";i:1;s:10:\"07-26-2025\";i:1;s:10:\"07-30-2025\";i:1;s:10:\"08-15-2025\";i:1;s:10:\"08-21-2025\";i:1;s:10:\"08-27-2025\";i:1;s:10:\"08-30-2025\";i:2;s:10:\"09-05-2025\";i:3;s:10:\"09-10-2025\";i:1;s:10:\"09-13-2025\";i:1;s:10:\"09-16-2025\";i:1;s:10:\"09-21-2025\";i:1;s:10:\"09-27-2025\";i:1;s:10:\"10-03-2025\";i:2;s:10:\"10-08-2025\";i:1;s:10:\"10-16-2025\";i:1;s:10:\"10-22-2025\";i:1;s:10:\"11-17-2025\";i:1;s:10:\"11-19-2025\";i:1;s:10:\"11-27-2025\";i:1;s:10:\"12-08-2025\";i:1;s:10:\"12-15-2025\";i:1;s:10:\"12-22-2025\";i:1;s:10:\"01-04-2026\";i:1;s:10:\"01-11-2026\";i:1;s:10:\"01-12-2026\";i:1;s:10:\"01-16-2026\";i:1;s:10:\"01-21-2026\";i:1;s:10:\"02-05-2026\";i:1;s:10:\"02-06-2026\";i:1;s:10:\"02-21-2026\";i:1;s:10:\"02-22-2026\";i:1;s:10:\"03-11-2026\";i:3;s:10:\"03-12-2026\";i:1;s:10:\"03-13-2026\";i:1;s:10:\"03-19-2026\";i:1;s:10:\"03-24-2026\";i:2;s:10:\"03-29-2026\";i:1;s:10:\"04-05-2026\";i:2;s:10:\"04-10-2026\";i:2;s:10:\"04-11-2026\";i:1;s:10:\"04-16-2026\";i:1;s:10:\"04-21-2026\";i:1;s:10:\"04-27-2026\";i:2;s:10:\"04-28-2026\";i:2;}"],"houzez_recently_viewed":["2026-04-28 19:53:47"],"_thumbnail_id":["1934"],"_elementor_page_assets":["a:0:{}"]},"_links":{"self":[{"href":"https:\/\/myhomeproperty.es\/de\/wp-json\/wp\/v2\/properties\/2107","targetHints":{"allow":["GET"]}}],"collection":[{"href":"https:\/\/myhomeproperty.es\/de\/wp-json\/wp\/v2\/properties"}],"about":[{"href":"https:\/\/myhomeproperty.es\/de\/wp-json\/wp\/v2\/types\/property"}],"author":[{"embeddable":true,"href":"https:\/\/myhomeproperty.es\/de\/wp-json\/wp\/v2\/users\/3"}],"version-history":[{"count":1,"href":"https:\/\/myhomeproperty.es\/de\/wp-json\/wp\/v2\/properties\/2107\/revisions"}],"predecessor-version":[{"id":2109,"href":"https:\/\/myhomeproperty.es\/de\/wp-json\/wp\/v2\/properties\/2107\/revisions\/2109"}],"wp:featuredmedia":[{"embeddable":true,"href":"https:\/\/myhomeproperty.es\/de\/wp-json\/wp\/v2\/media\/1934"}],"wp:attachment":[{"href":"https:\/\/myhomeproperty.es\/de\/wp-json\/wp\/v2\/media?parent=2107"}],"wp:term":[{"taxonomy":"property_type","embeddable":true,"href":"https:\/\/myhomeproperty.es\/de\/wp-json\/wp\/v2\/property_type?post=2107"},{"taxonomy":"property_status","embeddable":true,"href":"https:\/\/myhomeproperty.es\/de\/wp-json\/wp\/v2\/property_status?post=2107"},{"taxonomy":"property_feature","embeddable":true,"href":"https:\/\/myhomeproperty.es\/de\/wp-json\/wp\/v2\/property_feature?post=2107"},{"taxonomy":"property_label","embeddable":true,"href":"https:\/\/myhomeproperty.es\/de\/wp-json\/wp\/v2\/property_label?post=2107"},{"taxonomy":"property_country","embeddable":true,"href":"https:\/\/myhomeproperty.es\/de\/wp-json\/wp\/v2\/property_country?post=2107"},{"taxonomy":"property_state","embeddable":true,"href":"https:\/\/myhomeproperty.es\/de\/wp-json\/wp\/v2\/property_state?post=2107"},{"taxonomy":"property_city","embeddable":true,"href":"https:\/\/myhomeproperty.es\/de\/wp-json\/wp\/v2\/property_city?post=2107"},{"taxonomy":"property_area","embeddable":true,"href":"https:\/\/myhomeproperty.es\/de\/wp-json\/wp\/v2\/property_area?post=2107"}],"curies":[{"name":"wp","href":"https:\/\/api.w.org\/{rel}","templated":true}]}}

<p>Presentamoas este residencial exclusivo con importantes mejoras en el diseño y comodidad de las casas. 31 Apartamentos modernos de primera calidad, con 2 dormitorios en planta baja y 3 dormitorios en planta alta con un solárium de más de 90 m2 que ofrece gran privacidad en el solárium. Podrás disfrutar de nuestra cocina de verano cerrada, aseo y pérgola.<br/>Alle Wohnungen verfügen über einen eigenen geschlossenen Parkplatz, eine Garage für die Wohnungen in der oberen Etage und eine Terrasse für die unteren Etagen. Die Residenz verfügt über eine gemeinsame Gartenzone mit Pool und jede Wohnung hat eine große Terrasse, damit Sie das ganze Jahr über die Sonne genießen können. Ein weiteres wichtiges Merkmal dieses Projekts ist die Unterbringung von Fahrrädern im Gemeinschaftsbereich, mit einer Kapazität von 2 Fahrrädern pro Wohnung.<br/>Das Ufer des Pilar de la Horadada erstreckt sich über mehr als 4 Kilometer und hat ausgedehnte weiße Sandstrände, die in starkem Kontrast zu den kleinen, privaten und geschützten Stränden stehen. Pilar de la Horadada liegt in der Provinz Alicante und bietet zwei verschiedene Spielplätze: wunderbare natürliche Spielplätze und touristische Zonen, in denen Sie Freizeit- und Restaurationsmöglichkeiten finden,<br/>centros comerciales. Pilar de la Horadada lo tiene todo para disfrutar<br/>del sol y el mar. Das Klima ist typisch mediterran, mit mittleren Temperaturen von 18ºC, heißer Luft und einer Sonneneinstrahlung von mehr als 3.200 Stunden im Jahr.</p>

<p>INKLUSIVE:<br/>-Sistema aerotérmico para agua caliente.<br/>-Todos los electrodomésticos de la cocina de TEKA o similar: frigorífico, lavavajillas, campana extractora, inducción, horno, Microondas y lavadora.</p>

<ul class="wp-block-list">
<li>LED halógenos en el interior de casa, cocina, salón, dormitorios y baños.</li>



<li>Baño con suelo radiante</li>



<li>CLIMATIZACIÓN: Preinstalación de ventilación por conductos con expulsión incluida, Farbe blanco. Incluye aire acondicionado, modelo Haier o similar.<br/>EXTRAS:<br/>En solarium césped artificial, pérgola, cocina de verano, aseo, preinstalación de ducha e iluminación.</li>
</ul>

<p>LUGARES DE INTERÉS:<br/>Aeropuerto de Murcia &#8211; 30 minutos.<br/>Flugplatz von Alicante &#8211; 45 Minuten<br/>SERVICIOS:<br/>Zentrum von Pilar de la Horadada &#8211; 6 min (caminando)<br/>Gesundheitszentrum Pilar de la Horadada &#8211; 4 Min. (mit dem Auto)<br/>Krankenhaus von Torrevieja &#8211; 25 Min. (mit dem Auto)<br/>CENTROS COMERCIALES:<br/>Dos Mares &#8211; 10 minutos<br/>Bulevar Zenia &#8211; 10 Minutos<br/>Espacio Mediterráneo &#8211; 20 min.<br/>CAMPOS DE GOLF:<br/>Golf Lo Romero &#8211; 8 min.<br/>Colinas Golf &amp; Country &#8211; 20 minutos.<br/>Golf Las Ramblas &#8211; 20 min.<br/>Roda Golf &#8211; 17 min.<br/>SPIELEN:<br/>Playa Las Villas- 13 Minuten (en bicicleta)</p>

<p>Presentamoas este residencial exclusivo con importantes mejoras en el diseño y comodidad de las casas. 31 Apartamentos modernos de primera calidad, con 2 dormitorios en planta baja y 3 dormitorios en planta alta con un solárium de más de 90 m2 que ofrece gran privacidad en el solárium. Podrás disfrutar de nuestra cocina de verano [&hellip;]</p>

Pilar de la Horadada, el Baix Segura / La Vega Baja del Segura, Alacant / Alicante, Comunitat Valenciana, España
