{"id":2448,"date":"2024-07-24T11:06:55","date_gmt":"2024-07-24T11:06:55","guid":{"rendered":"https:\/\/myhomeproperty.es\/property\/wohnungen-mit-zwei-schlafzimmern-inilar-de-la-horadada\/"},"modified":"2025-02-13T11:42:18","modified_gmt":"2025-02-13T11:42:18","slug":"wohnungen-mit-zwei-schlafzimmern-inilar-de-la-horadada","status":"publish","type":"property","link":"https:\/\/myhomeproperty.es\/de\/property\/wohnungen-mit-zwei-schlafzimmern-inilar-de-la-horadada\/","title":{"rendered":"WOHNUNGEN MIT ZWEI SCHLAFZIMMERN INILAR DE LA HORADADA"},"content":{"rendered":"\n<p>Wir pr\u00e4sentieren Ihnen diese exklusive Wohnanlage mit erheblichen Verbesserungen in Bezug auf Design und Komfort der Wohnungen.\n31 hochwertige, moderne Wohnungen mit 2 Schlafzimmern im Erdgeschoss und 3 Schlafzimmern im Obergeschoss mit einem Solarium von \u00fcber 90 m2, das viel Privatsph\u00e4re auf der Dachterrasse bietet.\n<br\/>Alle Wohnungen verf\u00fcgen \u00fcber einen eigenen, umz\u00e4unten Parkplatz, eine Garage f\u00fcr die Wohnungen im Obergeschoss und eine umz\u00e4unte Terrasse f\u00fcr die Wohnungen im Erdgeschoss, die mit einer Sommerk\u00fcche, einer Toilette und einer Pergola ausgestattet sind.\nDie Anlage verf\u00fcgt \u00fcber einen gemeinschaftlichen Gartenbereich mit Swimmingpool und jede Wohnung hat gro\u00dfe Terrassen, auf denen Sie das ganze Jahr \u00fcber die Sonne genie\u00dfen k\u00f6nnen.\n<br\/>Ein weiteres wichtiges Merkmal dieses Projekts ist der Fahrradabstellraum im Gemeinschaftsbereich, der Platz f\u00fcr 2 Fahrr\u00e4der pro Wohnung bietet. Die K\u00fcste von Pilar de la Horadada erstreckt sich \u00fcber mehr als 4 Kilometer und hat lange Str\u00e4nde mit feinem wei\u00dfen Sand, die in scharfem Kontrast zu den kleinen, privaten und gesch\u00fctzten Buchten stehen.\n<br\/>Pilar de la Horadada liegt in der Provinz Alicante und bietet zwei verschiedene Strandumgebungen: eine unglaubliche nat\u00fcrliche Umgebung sowie touristische Gebiete, in denen Sie Freizeit- und Restaurantbereiche sowie Einkaufszentren finden.\n<br\/>Pilar de la Horadada hat alles, was Sie brauchen, um die Sonne und das Meer zu genie\u00dfen.\nDas Klima ist typisch mediterran, mit Durchschnittstemperaturen von 18\u00baC, sanften Brisen und einer Sonnenscheindauer von mehr als 3.200 Stunden im Jahr.       <\/p>\n\n<p><br\/><br\/>INKLUSIVE: -Aerothermische Anlage f\u00fcr Warmwasser. -alle K\u00fcchenger\u00e4te von TEKA oder \u00e4hnlich: K\u00fchlschrank, Geschirrsp\u00fcler, Dunstabzugshaube, Induktionskochfeld, Backofen, Mikrowelle und Waschmaschine.<\/p>\n\n<ul class=\"wp-block-list\">\n<li>LED-Halogenleuchten im Haus, in der K\u00fcche, im Wohnzimmer, in den Schlafzimmern und in den Badezimmern.<\/li>\n\n\n\n<li>Badezimmer mit Fu\u00dfbodenheizung<\/li>\n\n\n\n<li>KLIMAANLAGE: Vorinstallation einer kanalisierten Bel\u00fcftung mit Auslass, wei\u00dfe Farbe.\n<br\/><br\/>Inklusive Klimaanlage, Modell Haier oder \u00e4hnlich. EXTRAS: Im Solarium Kunstrasen, Pergola, Sommerk\u00fcche, Toilette, Vorinstallation von Dusche und Beleuchtung. <\/li>\n<\/ul>\n\n<p><br\/>INTERESSANTE PL\u00c4TZE: Flughafen Murcia &#8211; 30 Minuten.<br\/>Flughafen Alicante &#8211; 45 Minuten<br\/>DIENSTLEISTUNGEN:<br\/>Zentrum von Pilar de la Horadada &#8211; 6 min (zu Fu\u00df)<br\/>Gesundheitszentrum Pilar de la Horadada &#8211; 4 min (mit dem Auto)<br\/><br\/><br\/><br\/><br\/>Krankenhaus Torrevieja &#8211; 25 Min. (mit dem Auto) EINKAUFSZENTREN: Dos Mares &#8211; 10 Minuten Bulevar Zenia &#8211; 10 Minuten Espacio Mediterr\u00e1neo &#8211; 20 Min.<br\/><br\/>GOLFPL\u00c4TZE: Golf Lo Romero &#8211; 8 min.<br\/>Colinas Golf &amp; Country &#8211; 20 Minuten.<br\/>Golf Las Ramblas &#8211; 20 min.<br\/>Roda Golf &#8211; 17 min.<br\/>STR\u00c4NDE:<br\/>Las Villas Strand- 13 Minuten (mit dem Fahrrad)<\/p>\n\n<p><\/p>\n","protected":false},"excerpt":{"rendered":"<p>Wir pr\u00e4sentieren Ihnen diese exklusive Wohnanlage mit erheblichen Verbesserungen in Bezug auf Design und Komfort der Wohnungen. 31 hochwertige, moderne Wohnungen mit 2 Schlafzimmern im Erdgeschoss und 3 Schlafzimmern im Obergeschoss mit einem Solarium von \u00fcber 90 m2, das viel Privatsph\u00e4re auf der Dachterrasse bietet. Alle Wohnungen verf\u00fcgen \u00fcber einen eigenen, umz\u00e4unten Parkplatz, eine Garage [&hellip;]<\/p>\n","protected":false},"author":1,"featured_media":1934,"parent":0,"menu_order":0,"template":"","property_type":[],"property_status":[46],"property_feature":[45],"property_label":[],"property_country":[33],"property_state":[51],"property_city":[59],"property_area":[],"class_list":["post-2448","property","type-property","status-publish","has-post-thumbnail","hentry","property_status-in-betrieb","property_feature-piscina-de","property_country-spain-de","property_state-alicante-de","property_city-pilar-de-la-horadada-de"],"property_meta":{"fave_featured":["0"],"houzez_featured_listing_date":[""],"fave_property_images":["1932","2048","1940","1936","1948","2060","1980","2052","2056","2012","2028","2016","1968","2036","1996","2064","2040","1992","1988","1976","2068","2004","2072","2000","2020","2008","2044","2024","2080","2084","2088","2092","2100"],"fave_single_top_area":["global"],"_top_nav_excluded":[""],"_cms_nav_minihome":[""],"houzez_geolocation_lat":["37.8675489"],"houzez_geolocation_long":["-0.7925673"],"_thumbnail_id":["1934"],"_last_translation_edit_mode":["translation-editor"],"_edit_lock":["1721819405:1"],"houzez_total_property_views":["122"],"houzez_views_by_date":["a:61:{s:10:\"05-20-2025\";i:2;s:10:\"05-25-2025\";i:1;s:10:\"05-29-2025\";i:1;s:10:\"06-03-2025\";i:1;s:10:\"06-11-2025\";i:1;s:10:\"06-14-2025\";i:1;s:10:\"07-02-2025\";i:1;s:10:\"07-04-2025\";i:1;s:10:\"07-11-2025\";i:1;s:10:\"07-13-2025\";i:1;s:10:\"07-18-2025\";i:1;s:10:\"07-27-2025\";i:1;s:10:\"08-01-2025\";i:1;s:10:\"08-22-2025\";i:1;s:10:\"08-28-2025\";i:1;s:10:\"08-30-2025\";i:2;s:10:\"09-05-2025\";i:1;s:10:\"09-11-2025\";i:1;s:10:\"09-16-2025\";i:1;s:10:\"09-20-2025\";i:1;s:10:\"09-21-2025\";i:1;s:10:\"09-26-2025\";i:1;s:10:\"09-27-2025\";i:1;s:10:\"10-02-2025\";i:1;s:10:\"10-08-2025\";i:1;s:10:\"10-10-2025\";i:1;s:10:\"10-15-2025\";i:1;s:10:\"10-21-2025\";i:1;s:10:\"11-15-2025\";i:2;s:10:\"11-16-2025\";i:1;s:10:\"11-19-2025\";i:1;s:10:\"12-08-2025\";i:1;s:10:\"12-14-2025\";i:1;s:10:\"12-28-2025\";i:1;s:10:\"01-02-2026\";i:1;s:10:\"01-08-2026\";i:1;s:10:\"01-12-2026\";i:2;s:10:\"01-25-2026\";i:1;s:10:\"01-31-2026\";i:1;s:10:\"02-05-2026\";i:1;s:10:\"02-17-2026\";i:1;s:10:\"02-18-2026\";i:1;s:10:\"02-23-2026\";i:1;s:10:\"03-08-2026\";i:1;s:10:\"03-11-2026\";i:2;s:10:\"03-14-2026\";i:1;s:10:\"03-16-2026\";i:1;s:10:\"03-19-2026\";i:2;s:10:\"03-20-2026\";i:2;s:10:\"03-26-2026\";i:1;s:10:\"03-31-2026\";i:1;s:10:\"04-03-2026\";i:1;s:10:\"04-05-2026\";i:1;s:10:\"04-06-2026\";i:1;s:10:\"04-11-2026\";i:1;s:10:\"04-13-2026\";i:1;s:10:\"04-17-2026\";i:1;s:10:\"04-22-2026\";i:1;s:10:\"04-26-2026\";i:2;s:10:\"04-27-2026\";i:1;s:10:\"04-28-2026\";i:2;}"],"houzez_recently_viewed":["2026-04-28 23:14:33"],"fave_property_price":["250900"],"fave_property_price_prefix":["VON"],"fave_property_size":["75"],"fave_property_land":["125"],"fave_property_bedrooms":["2"],"fave_property_bathrooms":["2"],"fave_property_id":["3010MHOV"],"fave_property_map":["1"],"fave_property_map_address":["Pilar de la Horadada, el Baix Segura \/ La Vega Baja del Segura, Alacant \/ Alicante, Comunitat Valenciana, Spanien"],"fave_property_location":["37.8675489,-0.7925673,12"],"fave_property_map_street_view":["verbergen"],"fave_property_zip":["03190"],"fave_agent_display_option":["none"],"fave_prop_homeslider":["ja"],"fave_private_note":["OKEY VIVIENDAS EN PILAR DE LA HORADADA - FASE XI CALLE MATAMORES FASE I NUR HAUS 5 UND 6 IM ERDGESCHOSS SCHL\u00dcSSELFERTIG"],"floor_plans":["a:3:{i:0;a:4:{s:15:\"fave_plan_title\";s:13:\"ERDGESCHOSS  \";s:15:\"fave_plan_rooms\";s:1:\"2\";s:19:\"fave_plan_bathrooms\";s:1:\"2\";s:15:\"fave_plan_image\";s:66:\"https:\/\/myhomeproperty.es\/wp-content\/uploads\/2024\/07\/05-scaled.jpg\";}i:1;a:2:{s:15:\"fave_plan_title\";s:17:\"OBERES GESCHOSS  \";s:15:\"fave_plan_image\";s:86:\"https:\/\/myhomeproperty.es\/wp-content\/uploads\/2024\/07\/28_FASE-II-PLANTA-ALTA-scaled.jpg\";}i:2;a:2:{s:15:\"fave_plan_title\";s:30:\"SOLARIUM IM OBERSTEN STOCKWERK\";s:15:\"fave_plan_image\";s:95:\"https:\/\/myhomeproperty.es\/wp-content\/uploads\/2024\/07\/28_FASE-II-PLANTA-ALTA-SOLARIUM-scaled.jpg\";}}"],"houzez_manual_expire":["0"],"_houzez_expiration_date_status":["saved"],"_elementor_page_assets":["a:0:{}"]},"_links":{"self":[{"href":"https:\/\/myhomeproperty.es\/de\/wp-json\/wp\/v2\/properties\/2448","targetHints":{"allow":["GET"]}}],"collection":[{"href":"https:\/\/myhomeproperty.es\/de\/wp-json\/wp\/v2\/properties"}],"about":[{"href":"https:\/\/myhomeproperty.es\/de\/wp-json\/wp\/v2\/types\/property"}],"author":[{"embeddable":true,"href":"https:\/\/myhomeproperty.es\/de\/wp-json\/wp\/v2\/users\/1"}],"version-history":[{"count":2,"href":"https:\/\/myhomeproperty.es\/de\/wp-json\/wp\/v2\/properties\/2448\/revisions"}],"predecessor-version":[{"id":7785,"href":"https:\/\/myhomeproperty.es\/de\/wp-json\/wp\/v2\/properties\/2448\/revisions\/7785"}],"wp:featuredmedia":[{"embeddable":true,"href":"https:\/\/myhomeproperty.es\/de\/wp-json\/wp\/v2\/media\/1934"}],"wp:attachment":[{"href":"https:\/\/myhomeproperty.es\/de\/wp-json\/wp\/v2\/media?parent=2448"}],"wp:term":[{"taxonomy":"property_type","embeddable":true,"href":"https:\/\/myhomeproperty.es\/de\/wp-json\/wp\/v2\/property_type?post=2448"},{"taxonomy":"property_status","embeddable":true,"href":"https:\/\/myhomeproperty.es\/de\/wp-json\/wp\/v2\/property_status?post=2448"},{"taxonomy":"property_feature","embeddable":true,"href":"https:\/\/myhomeproperty.es\/de\/wp-json\/wp\/v2\/property_feature?post=2448"},{"taxonomy":"property_label","embeddable":true,"href":"https:\/\/myhomeproperty.es\/de\/wp-json\/wp\/v2\/property_label?post=2448"},{"taxonomy":"property_country","embeddable":true,"href":"https:\/\/myhomeproperty.es\/de\/wp-json\/wp\/v2\/property_country?post=2448"},{"taxonomy":"property_state","embeddable":true,"href":"https:\/\/myhomeproperty.es\/de\/wp-json\/wp\/v2\/property_state?post=2448"},{"taxonomy":"property_city","embeddable":true,"href":"https:\/\/myhomeproperty.es\/de\/wp-json\/wp\/v2\/property_city?post=2448"},{"taxonomy":"property_area","embeddable":true,"href":"https:\/\/myhomeproperty.es\/de\/wp-json\/wp\/v2\/property_area?post=2448"}],"curies":[{"name":"wp","href":"https:\/\/api.w.org\/{rel}","templated":true}]}}

<p>Wir präsentieren Ihnen diese exklusive Wohnanlage mit erheblichen Verbesserungen in Bezug auf Design und Komfort der Wohnungen.
31 hochwertige, moderne Wohnungen mit 2 Schlafzimmern im Erdgeschoss und 3 Schlafzimmern im Obergeschoss mit einem Solarium von über 90 m2, das viel Privatsphäre auf der Dachterrasse bietet.
<br/>Alle Wohnungen verfügen über einen eigenen, umzäunten Parkplatz, eine Garage für die Wohnungen im Obergeschoss und eine umzäunte Terrasse für die Wohnungen im Erdgeschoss, die mit einer Sommerküche, einer Toilette und einer Pergola ausgestattet sind.
Die Anlage verfügt über einen gemeinschaftlichen Gartenbereich mit Swimmingpool und jede Wohnung hat große Terrassen, auf denen Sie das ganze Jahr über die Sonne genießen können.
<br/>Ein weiteres wichtiges Merkmal dieses Projekts ist der Fahrradabstellraum im Gemeinschaftsbereich, der Platz für 2 Fahrräder pro Wohnung bietet. Die Küste von Pilar de la Horadada erstreckt sich über mehr als 4 Kilometer und hat lange Strände mit feinem weißen Sand, die in scharfem Kontrast zu den kleinen, privaten und geschützten Buchten stehen.
<br/>Pilar de la Horadada liegt in der Provinz Alicante und bietet zwei verschiedene Strandumgebungen: eine unglaubliche natürliche Umgebung sowie touristische Gebiete, in denen Sie Freizeit- und Restaurantbereiche sowie Einkaufszentren finden.
<br/>Pilar de la Horadada hat alles, was Sie brauchen, um die Sonne und das Meer zu genießen.
Das Klima ist typisch mediterran, mit Durchschnittstemperaturen von 18ºC, sanften Brisen und einer Sonnenscheindauer von mehr als 3.200 Stunden im Jahr.       </p>

<p><br/><br/>INKLUSIVE: -Aerothermische Anlage für Warmwasser. -alle Küchengeräte von TEKA oder ähnlich: Kühlschrank, Geschirrspüler, Dunstabzugshaube, Induktionskochfeld, Backofen, Mikrowelle und Waschmaschine.</p>

<ul class="wp-block-list">
<li>LED-Halogenleuchten im Haus, in der Küche, im Wohnzimmer, in den Schlafzimmern und in den Badezimmern.</li>



<li>Badezimmer mit Fußbodenheizung</li>



<li>KLIMAANLAGE: Vorinstallation einer kanalisierten Belüftung mit Auslass, weiße Farbe.
<br/><br/>Inklusive Klimaanlage, Modell Haier oder ähnlich. EXTRAS: Im Solarium Kunstrasen, Pergola, Sommerküche, Toilette, Vorinstallation von Dusche und Beleuchtung. </li>
</ul>

<p><br/>INTERESSANTE PLÄTZE: Flughafen Murcia &#8211; 30 Minuten.<br/>Flughafen Alicante &#8211; 45 Minuten<br/>DIENSTLEISTUNGEN:<br/>Zentrum von Pilar de la Horadada &#8211; 6 min (zu Fuß)<br/>Gesundheitszentrum Pilar de la Horadada &#8211; 4 min (mit dem Auto)<br/><br/><br/><br/><br/>Krankenhaus Torrevieja &#8211; 25 Min. (mit dem Auto) EINKAUFSZENTREN: Dos Mares &#8211; 10 Minuten Bulevar Zenia &#8211; 10 Minuten Espacio Mediterráneo &#8211; 20 Min.<br/><br/>GOLFPLÄTZE: Golf Lo Romero &#8211; 8 min.<br/>Colinas Golf &amp; Country &#8211; 20 Minuten.<br/>Golf Las Ramblas &#8211; 20 min.<br/>Roda Golf &#8211; 17 min.<br/>STRÄNDE:<br/>Las Villas Strand- 13 Minuten (mit dem Fahrrad)</p>

<p></p>

<p>Wir präsentieren Ihnen diese exklusive Wohnanlage mit erheblichen Verbesserungen in Bezug auf Design und Komfort der Wohnungen. 31 hochwertige, moderne Wohnungen mit 2 Schlafzimmern im Erdgeschoss und 3 Schlafzimmern im Obergeschoss mit einem Solarium von über 90 m2, das viel Privatsphäre auf der Dachterrasse bietet. Alle Wohnungen verfügen über einen eigenen, umzäunten Parkplatz, eine Garage [&hellip;]</p>

OKEY VIVIENDAS EN PILAR DE LA HORADADA - FASE XI CALLE MATAMORES FASE I NUR HAUS 5 UND 6 IM ERDGESCHOSS SCHLÜSSELFERTIG
