{"id":2482,"date":"2024-07-24T11:19:26","date_gmt":"2024-07-24T11:19:26","guid":{"rendered":"https:\/\/myhomeproperty.es\/property\/doppelhaushaelften-mit-privatem-pool-und-solarium-in-san-pedro-del-pinatar\/"},"modified":"2024-09-27T14:30:13","modified_gmt":"2024-09-27T14:30:13","slug":"doppelhaushaelften-mit-privatem-pool-und-solarium-in-san-pedro-del-pinatar","status":"publish","type":"property","link":"https:\/\/myhomeproperty.es\/de\/property\/doppelhaushaelften-mit-privatem-pool-und-solarium-in-san-pedro-del-pinatar\/","title":{"rendered":"Doppelhaush\u00e4lften mit privatem Pool und Solarium in San Pedro del Pinatar"},"content":{"rendered":"\n<p>Wir pr\u00e4sentieren Ihnen diese neu gebaute Wohnanlage in San Pedro del Pinatar (Murcia) mit ausgezeichneter Lage, in einer ruhigen Gegend, aber gleichzeitig in der N\u00e4he aller Dienstleistungen, mit einfachem Zugang zur Autobahn und nur 2 km vom Mar Menor entfernt.<\/p>\n\n<p>Die Immobilien sind \u00fcber zwei Etagen und ein Solarium verteilt. Das Erdgeschoss verf\u00fcgt \u00fcber ein gro\u00dfes Schlafzimmer mit Einbauschrank, ein Wohnzimmer mit offener K\u00fcche, ein komplettes Badezimmer, einen hinteren Patio, der als Waschk\u00fcche genutzt werden kann und die vordere Terrasse mit dem privaten Pool und Platz zum Parken Ihres Fahrzeugs.<\/p>\n\n<p>Im Obergeschoss befinden sich die beiden anderen Schlafzimmer, eines davon mit einem Ankleidezimmer, ein komplettes Badezimmer und eine gro\u00dfe Terrasse. Von hier aus haben Sie Zugang zum Solarium, das aufgrund seiner Gr\u00f6\u00dfe verschiedene M\u00f6glichkeiten bietet.<\/p>\n\n<p>Das Leben im Freien hat Priorit\u00e4t&#8230; Dieses Projekt wurde aufgrund der gro\u00dfen Nachfrage nach einem idealen Haus mit Au\u00dfenbereichen, in denen Sie das Sonnenlicht genie\u00dfen k\u00f6nnen, und einem absolut avantgardistischen Design zu sehr wettbewerbsf\u00e4higen Preisen geboren.<\/p>\n\n<p><br\/><br\/><br\/><br\/><br\/>3 Schlafzimmer. 2 komplette B\u00e4der. K\u00fcche mit Elektroger\u00e4ten. Privater Swimmingpool. Terrasse. Solarium inklusive.<\/p>\n","protected":false},"excerpt":{"rendered":"<p>Wir pr\u00e4sentieren Ihnen diese neu gebaute Wohnanlage in San Pedro del Pinatar (Murcia) mit ausgezeichneter Lage, in einer ruhigen Gegend, aber gleichzeitig in der N\u00e4he aller Dienstleistungen, mit einfachem Zugang zur Autobahn und nur 2 km vom Mar Menor entfernt. Die Immobilien sind \u00fcber zwei Etagen und ein Solarium verteilt. Das Erdgeschoss verf\u00fcgt \u00fcber ein [&hellip;]<\/p>\n","protected":false},"author":1,"featured_media":1211,"parent":0,"menu_order":0,"template":"","property_type":[],"property_status":[46,139],"property_feature":[45],"property_label":[],"property_country":[],"property_state":[37],"property_city":[41],"property_area":[],"class_list":["post-2482","property","type-property","status-publish","has-post-thumbnail","hentry","property_status-in-betrieb","property_status-verkauft","property_feature-piscina-de","property_state-region-de-murcia-de","property_city-san-pedro-del-pinatar-de"],"property_meta":{"fave_featured":["0"],"houzez_featured_listing_date":[""],"fave_property_images":["1141","1205","1201","1213","1217","1221","1193","1225","1197","1145","1229","1181","1149","1153","1185","1161","1165","1169","1173","1177","1189","1233","1237"],"fave_single_top_area":["global"],"_top_nav_excluded":[""],"_cms_nav_minihome":[""],"houzez_geolocation_lat":["37.8353328"],"houzez_geolocation_long":["-0.7916121"],"_thumbnail_id":["1211"],"_last_translation_edit_mode":["translation-editor"],"houzez_total_property_views":["137"],"houzez_views_by_date":["a:61:{s:10:\"06-29-2025\";i:1;s:10:\"07-03-2025\";i:1;s:10:\"07-04-2025\";i:1;s:10:\"07-12-2025\";i:1;s:10:\"07-13-2025\";i:2;s:10:\"07-14-2025\";i:1;s:10:\"07-19-2025\";i:1;s:10:\"07-22-2025\";i:1;s:10:\"07-28-2025\";i:1;s:10:\"08-03-2025\";i:1;s:10:\"08-08-2025\";i:2;s:10:\"08-11-2025\";i:1;s:10:\"08-23-2025\";i:1;s:10:\"08-30-2025\";i:3;s:10:\"09-06-2025\";i:1;s:10:\"09-08-2025\";i:1;s:10:\"09-10-2025\";i:2;s:10:\"09-11-2025\";i:1;s:10:\"09-17-2025\";i:1;s:10:\"09-18-2025\";i:1;s:10:\"09-22-2025\";i:1;s:10:\"09-27-2025\";i:1;s:10:\"10-03-2025\";i:1;s:10:\"10-08-2025\";i:3;s:10:\"10-15-2025\";i:1;s:10:\"10-22-2025\";i:1;s:10:\"11-02-2025\";i:2;s:10:\"11-03-2025\";i:1;s:10:\"11-16-2025\";i:1;s:10:\"11-19-2025\";i:1;s:10:\"12-01-2025\";i:1;s:10:\"12-08-2025\";i:1;s:10:\"12-27-2025\";i:1;s:10:\"01-01-2026\";i:1;s:10:\"01-02-2026\";i:1;s:10:\"01-08-2026\";i:1;s:10:\"01-12-2026\";i:2;s:10:\"01-25-2026\";i:1;s:10:\"01-30-2026\";i:2;s:10:\"02-05-2026\";i:1;s:10:\"02-10-2026\";i:1;s:10:\"02-12-2026\";i:1;s:10:\"02-18-2026\";i:1;s:10:\"02-23-2026\";i:1;s:10:\"02-24-2026\";i:1;s:10:\"02-27-2026\";i:1;s:10:\"03-08-2026\";i:1;s:10:\"03-11-2026\";i:2;s:10:\"03-12-2026\";i:1;s:10:\"03-21-2026\";i:1;s:10:\"03-26-2026\";i:1;s:10:\"03-30-2026\";i:1;s:10:\"03-31-2026\";i:1;s:10:\"04-07-2026\";i:1;s:10:\"04-12-2026\";i:1;s:10:\"04-17-2026\";i:1;s:10:\"04-18-2026\";i:1;s:10:\"04-20-2026\";i:1;s:10:\"04-22-2026\";i:1;s:10:\"04-24-2026\";i:1;s:10:\"04-28-2026\";i:3;}"],"houzez_recently_viewed":["2026-04-28 22:25:50"],"fave_property_price":["317900"],"fave_property_size":["105"],"fave_property_land":["110"],"fave_property_bedrooms":["3"],"fave_property_bathrooms":["2"],"fave_property_id":["3004MHJ"],"fave_property_map":["1"],"fave_property_map_address":["San Pedro del Pinatar, Campo de Cartagena y Mar Menor, Region Murcia, 30740, Spanien"],"fave_property_location":["37.8353328,-0.7916121,15"],"fave_property_map_street_view":["verbergen"],"fave_property_zip":["30740"],"fave_video_url":["https:\/\/youtu.be\/LzNdvMM9_qc"],"fave_agent_display_option":["none"],"fave_prop_homeslider":["ja"],"fave_private_note":["RESIDENCIAL JACARANDA RODRIGO HOMES - PACO ALBALADEJO - PHASE I - ZONA TAIBILLA -  "],"floor_plans":["a:2:{i:0;a:2:{s:15:\"fave_plan_title\";s:16:\"Allgemeiner Plan\";s:15:\"fave_plan_image\";s:76:\"https:\/\/myhomeproperty.es\/wp-content\/uploads\/2024\/07\/Plot-Planta-general.jpg\";}i:1;a:2:{s:15:\"fave_plan_title\";s:10:\"Geh\u00e4use  \";s:15:\"fave_plan_image\";s:79:\"https:\/\/myhomeproperty.es\/wp-content\/uploads\/2024\/07\/Viviendas-N.2-N.3-N.16.jpg\";}}"],"houzez_manual_expire":["0"],"_houzez_expiration_date_status":["saved"],"_elementor_page_assets":["a:0:{}"]},"_links":{"self":[{"href":"https:\/\/myhomeproperty.es\/de\/wp-json\/wp\/v2\/properties\/2482","targetHints":{"allow":["GET"]}}],"collection":[{"href":"https:\/\/myhomeproperty.es\/de\/wp-json\/wp\/v2\/properties"}],"about":[{"href":"https:\/\/myhomeproperty.es\/de\/wp-json\/wp\/v2\/types\/property"}],"author":[{"embeddable":true,"href":"https:\/\/myhomeproperty.es\/de\/wp-json\/wp\/v2\/users\/1"}],"version-history":[{"count":1,"href":"https:\/\/myhomeproperty.es\/de\/wp-json\/wp\/v2\/properties\/2482\/revisions"}],"predecessor-version":[{"id":2483,"href":"https:\/\/myhomeproperty.es\/de\/wp-json\/wp\/v2\/properties\/2482\/revisions\/2483"}],"wp:featuredmedia":[{"embeddable":true,"href":"https:\/\/myhomeproperty.es\/de\/wp-json\/wp\/v2\/media\/1211"}],"wp:attachment":[{"href":"https:\/\/myhomeproperty.es\/de\/wp-json\/wp\/v2\/media?parent=2482"}],"wp:term":[{"taxonomy":"property_type","embeddable":true,"href":"https:\/\/myhomeproperty.es\/de\/wp-json\/wp\/v2\/property_type?post=2482"},{"taxonomy":"property_status","embeddable":true,"href":"https:\/\/myhomeproperty.es\/de\/wp-json\/wp\/v2\/property_status?post=2482"},{"taxonomy":"property_feature","embeddable":true,"href":"https:\/\/myhomeproperty.es\/de\/wp-json\/wp\/v2\/property_feature?post=2482"},{"taxonomy":"property_label","embeddable":true,"href":"https:\/\/myhomeproperty.es\/de\/wp-json\/wp\/v2\/property_label?post=2482"},{"taxonomy":"property_country","embeddable":true,"href":"https:\/\/myhomeproperty.es\/de\/wp-json\/wp\/v2\/property_country?post=2482"},{"taxonomy":"property_state","embeddable":true,"href":"https:\/\/myhomeproperty.es\/de\/wp-json\/wp\/v2\/property_state?post=2482"},{"taxonomy":"property_city","embeddable":true,"href":"https:\/\/myhomeproperty.es\/de\/wp-json\/wp\/v2\/property_city?post=2482"},{"taxonomy":"property_area","embeddable":true,"href":"https:\/\/myhomeproperty.es\/de\/wp-json\/wp\/v2\/property_area?post=2482"}],"curies":[{"name":"wp","href":"https:\/\/api.w.org\/{rel}","templated":true}]}}

Doppelhaushälften mit privatem Pool und Solarium in San Pedro del Pinatar

<p>Wir präsentieren Ihnen diese neu gebaute Wohnanlage in San Pedro del Pinatar (Murcia) mit ausgezeichneter Lage, in einer ruhigen Gegend, aber gleichzeitig in der Nähe aller Dienstleistungen, mit einfachem Zugang zur Autobahn und nur 2 km vom Mar Menor entfernt.</p>

<p>Die Immobilien sind über zwei Etagen und ein Solarium verteilt. Das Erdgeschoss verfügt über ein großes Schlafzimmer mit Einbauschrank, ein Wohnzimmer mit offener Küche, ein komplettes Badezimmer, einen hinteren Patio, der als Waschküche genutzt werden kann und die vordere Terrasse mit dem privaten Pool und Platz zum Parken Ihres Fahrzeugs.</p>

<p>Im Obergeschoss befinden sich die beiden anderen Schlafzimmer, eines davon mit einem Ankleidezimmer, ein komplettes Badezimmer und eine große Terrasse. Von hier aus haben Sie Zugang zum Solarium, das aufgrund seiner Größe verschiedene Möglichkeiten bietet.</p>

<p>Das Leben im Freien hat Priorität&#8230; Dieses Projekt wurde aufgrund der großen Nachfrage nach einem idealen Haus mit Außenbereichen, in denen Sie das Sonnenlicht genießen können, und einem absolut avantgardistischen Design zu sehr wettbewerbsfähigen Preisen geboren.</p>

<p><br/><br/><br/><br/><br/>3 Schlafzimmer. 2 komplette Bäder. Küche mit Elektrogeräten. Privater Swimmingpool. Terrasse. Solarium inklusive.</p>

<p>Wir präsentieren Ihnen diese neu gebaute Wohnanlage in San Pedro del Pinatar (Murcia) mit ausgezeichneter Lage, in einer ruhigen Gegend, aber gleichzeitig in der Nähe aller Dienstleistungen, mit einfachem Zugang zur Autobahn und nur 2 km vom Mar Menor entfernt. Die Immobilien sind über zwei Etagen und ein Solarium verteilt. Das Erdgeschoss verfügt über ein [&hellip;]</p>

a:2:{i:0;a:2:{s:15:"fave_plan_title";s:16:"Allgemeiner Plan";s:15:"fave_plan_image";s:76:"https://myhomeproperty.es/wp-content/uploads/2024/07/Plot-Planta-general.jpg";}i:1;a:2:{s:15:"fave_plan_title";s:10:"Gehäuse  ";s:15:"fave_plan_image";s:79:"https://myhomeproperty.es/wp-content/uploads/2024/07/Viviendas-N.2-N.3-N.16.jpg";}}
