{"id":26639,"date":"2025-01-27T18:30:02","date_gmt":"2025-01-27T18:30:02","guid":{"rendered":"https:\/\/myhomeproperty.es\/property\/doppelhaushaelfte-in-san-pedro-del-pinatar\/"},"modified":"2025-01-31T09:49:36","modified_gmt":"2025-01-31T09:49:36","slug":"doppelhaushaelfte-in-san-pedro-del-pinatar","status":"publish","type":"property","link":"https:\/\/myhomeproperty.es\/de\/property\/doppelhaushaelfte-in-san-pedro-del-pinatar\/","title":{"rendered":"Doppelhaush\u00e4lfte in San Pedro del Pinatar"},"content":{"rendered":"\n<p>Diese atemberaubende Villa in San Pedro del Pinatar bietet einen modernen und komfortablen Lebensstil. Auf einem 160 m\u00b2 gro\u00dfen Grundst\u00fcck gelegen, verf\u00fcgt das Anwesen \u00fcber einen privaten Pool von 2,5 x 3,75 m\u00b2 und eine breite Palette von Annehmlichkeiten. <\/p>\n\n<p>Vertrieb:<\/p>\n\n<ul class=\"wp-block-list\">\n<li>3 Schlafzimmer: Ger\u00e4umig und gut konzipiert f\u00fcr Komfort und Privatsph\u00e4re.<\/li>\n\n\n\n<li>3 B\u00e4der: Modern und funktionell, ideal f\u00fcr den t\u00e4glichen Gebrauch.<\/li>\n\n\n\n<li>Bebaute Fl\u00e4che: 206 m\u00b2, bietet reichlich Platz f\u00fcr das Familienleben.<\/li>\n\n\n\n<li>Hausfl\u00e4che: 111 m\u00b2, mit einem gro\u00dfen Wohnzimmer von 32 m\u00b2, ideal f\u00fcr Treffen und Momente der Entspannung.<\/li>\n\n\n\n<li>Terrasse: 11 m\u00b2, ideal um die frische Luft zu genie\u00dfen.<\/li>\n\n\n\n<li>Souterrain: 55 m\u00b2, bietet zus\u00e4tzlichen Platz f\u00fcr Lagerung oder Freizeitaktivit\u00e4ten.<\/li>\n\n\n\n<li>Dachterrasse: 40 m\u00b2, ein perfekter Platz zum Sonnenbaden und um die Aussicht zu genie\u00dfen.<\/li>\n<\/ul>\n\n<p>Annehmlichkeiten:<\/p>\n\n<ul class=\"wp-block-list\">\n<li>Privater Swimmingpool: Ideal, um sich abzuk\u00fchlen und das gute Wetter zu genie\u00dfen.<\/li>\n\n\n\n<li>Garten: Ein Platz im Freien zum Entspannen und Genie\u00dfen der Natur.<\/li>\n\n\n\n<li>Vorinstallation der Klimaanlage.<\/li>\n\n\n\n<li>Haushaltsger\u00e4te inklusive<\/li>\n<\/ul>\n\n<p>Restaurants, Dienstleistungen und Gesch\u00e4fte sind zu Fu\u00df erreichbar, was die Lage noch komfortabler und zug\u00e4nglicher macht.<\/p>\n\n<p>Diese im Bau befindliche Villa in San Pedro del Pinatar ist eine einzigartige Gelegenheit, in einer modernen und gut gelegenen Immobilie zu leben, die alle notwendigen Annehmlichkeiten f\u00fcr einen komfortablen Lebensstil bietet. Verpassen Sie nicht die Gelegenheit, diese Villa zu Ihrem neuen Zuhause zu machen! <\/p>\n","protected":false},"excerpt":{"rendered":"<p>Diese atemberaubende Villa in San Pedro del Pinatar bietet einen modernen und komfortablen Lebensstil. Auf einem 160 m\u00b2 gro\u00dfen Grundst\u00fcck gelegen, verf\u00fcgt das Anwesen \u00fcber einen privaten Pool von 2,5 x 3,75 m\u00b2 und eine breite Palette von Annehmlichkeiten. Vertrieb: Annehmlichkeiten: Restaurants, Dienstleistungen und Gesch\u00e4fte sind zu Fu\u00df erreichbar, was die Lage noch komfortabler und [&hellip;]<\/p>\n","protected":false},"author":3,"featured_media":26429,"parent":0,"menu_order":0,"template":"","property_type":[208],"property_status":[46],"property_feature":[217,45,244],"property_label":[],"property_country":[],"property_state":[],"property_city":[41],"property_area":[],"class_list":["post-26639","property","type-property","status-publish","has-post-thumbnail","hentry","property_type-villa-de","property_status-in-betrieb","property_feature-garten","property_feature-piscina-de","property_feature-terrasse-de","property_city-san-pedro-del-pinatar-de"],"property_meta":{"fave_featured":["0"],"houzez_featured_listing_date":[""],"fave_property_images":["26436","26426","26486","26431","26606","26611","26441","26616","26601","26411","26416","26421","26491","26581","26586","26621","26561","26556","26466","26566","26571","26551","26501","26506","26496","26511","26446","26476","26451","26471","26541","26546","26526","26456","26461","26531","26536","26521","26516","26576","26591","26631"],"fave_single_top_area":["global"],"_top_nav_excluded":[""],"_cms_nav_minihome":[""],"houzez_geolocation_lat":["37.8329309"],"houzez_geolocation_long":["-0.7868781"],"_thumbnail_id":["26429"],"_last_translation_edit_mode":["translation-editor"],"houzez_total_property_views":["98"],"houzez_views_by_date":["a:61:{s:10:\"05-26-2025\";i:2;s:10:\"05-31-2025\";i:2;s:10:\"06-06-2025\";i:1;s:10:\"06-11-2025\";i:1;s:10:\"06-12-2025\";i:1;s:10:\"07-01-2025\";i:3;s:10:\"07-10-2025\";i:1;s:10:\"07-14-2025\";i:2;s:10:\"07-17-2025\";i:1;s:10:\"07-18-2025\";i:1;s:10:\"07-25-2025\";i:1;s:10:\"07-31-2025\";i:1;s:10:\"08-16-2025\";i:1;s:10:\"08-23-2025\";i:1;s:10:\"08-25-2025\";i:1;s:10:\"08-30-2025\";i:2;s:10:\"08-31-2025\";i:1;s:10:\"09-06-2025\";i:1;s:10:\"09-11-2025\";i:1;s:10:\"09-12-2025\";i:1;s:10:\"09-16-2025\";i:1;s:10:\"09-21-2025\";i:1;s:10:\"09-26-2025\";i:1;s:10:\"10-02-2025\";i:1;s:10:\"10-03-2025\";i:1;s:10:\"10-07-2025\";i:1;s:10:\"10-13-2025\";i:1;s:10:\"10-19-2025\";i:1;s:10:\"10-23-2025\";i:1;s:10:\"11-12-2025\";i:1;s:10:\"11-19-2025\";i:1;s:10:\"12-07-2025\";i:1;s:10:\"12-20-2025\";i:1;s:10:\"12-31-2025\";i:1;s:10:\"01-06-2026\";i:1;s:10:\"01-07-2026\";i:1;s:10:\"01-12-2026\";i:2;s:10:\"01-22-2026\";i:1;s:10:\"01-27-2026\";i:1;s:10:\"02-01-2026\";i:1;s:10:\"02-11-2026\";i:1;s:10:\"02-20-2026\";i:1;s:10:\"02-21-2026\";i:1;s:10:\"02-23-2026\";i:1;s:10:\"02-24-2026\";i:1;s:10:\"03-05-2026\";i:1;s:10:\"03-11-2026\";i:2;s:10:\"03-15-2026\";i:1;s:10:\"03-17-2026\";i:1;s:10:\"03-22-2026\";i:1;s:10:\"03-27-2026\";i:1;s:10:\"03-28-2026\";i:1;s:10:\"04-02-2026\";i:1;s:10:\"04-05-2026\";i:1;s:10:\"04-07-2026\";i:1;s:10:\"04-09-2026\";i:1;s:10:\"04-14-2026\";i:1;s:10:\"04-18-2026\";i:1;s:10:\"04-23-2026\";i:2;s:10:\"04-25-2026\";i:1;s:10:\"04-28-2026\";i:2;}"],"houzez_recently_viewed":["2026-04-28 20:55:01"],"fave_property_price":["389900"],"fave_property_size":["160"],"fave_property_land":["111"],"fave_property_bedrooms":["3"],"fave_property_bathrooms":["3"],"fave_property_id":["3038MHLB"],"fave_property_map":["1"],"fave_property_map_address":["Avenida de las Salinas, San Pedro del Pinatar, Campo de Cartagena y Mar Menor, Regi\u00f3n de Murcia, 30740, Spanien"],"fave_property_location":["37.8329309,-0.7868781,15"],"fave_property_map_street_view":["anzeigen"],"fave_property_zip":["30730"],"fave_video_url":["https:\/\/youtu.be\/u1Onem06TKI"],"fave_agent_display_option":["autor_info"],"fave_prop_homeslider":["ja"],"fave_private_note":["LAS DUNAS -Luc\u00eda Strand"],"houzez_manual_expire":["0"],"_houzez_expiration_date_status":["saved"],"_elementor_page_assets":["a:0:{}"]},"_links":{"self":[{"href":"https:\/\/myhomeproperty.es\/de\/wp-json\/wp\/v2\/properties\/26639","targetHints":{"allow":["GET"]}}],"collection":[{"href":"https:\/\/myhomeproperty.es\/de\/wp-json\/wp\/v2\/properties"}],"about":[{"href":"https:\/\/myhomeproperty.es\/de\/wp-json\/wp\/v2\/types\/property"}],"author":[{"embeddable":true,"href":"https:\/\/myhomeproperty.es\/de\/wp-json\/wp\/v2\/users\/3"}],"version-history":[{"count":1,"href":"https:\/\/myhomeproperty.es\/de\/wp-json\/wp\/v2\/properties\/26639\/revisions"}],"predecessor-version":[{"id":26640,"href":"https:\/\/myhomeproperty.es\/de\/wp-json\/wp\/v2\/properties\/26639\/revisions\/26640"}],"wp:featuredmedia":[{"embeddable":true,"href":"https:\/\/myhomeproperty.es\/de\/wp-json\/wp\/v2\/media\/26429"}],"wp:attachment":[{"href":"https:\/\/myhomeproperty.es\/de\/wp-json\/wp\/v2\/media?parent=26639"}],"wp:term":[{"taxonomy":"property_type","embeddable":true,"href":"https:\/\/myhomeproperty.es\/de\/wp-json\/wp\/v2\/property_type?post=26639"},{"taxonomy":"property_status","embeddable":true,"href":"https:\/\/myhomeproperty.es\/de\/wp-json\/wp\/v2\/property_status?post=26639"},{"taxonomy":"property_feature","embeddable":true,"href":"https:\/\/myhomeproperty.es\/de\/wp-json\/wp\/v2\/property_feature?post=26639"},{"taxonomy":"property_label","embeddable":true,"href":"https:\/\/myhomeproperty.es\/de\/wp-json\/wp\/v2\/property_label?post=26639"},{"taxonomy":"property_country","embeddable":true,"href":"https:\/\/myhomeproperty.es\/de\/wp-json\/wp\/v2\/property_country?post=26639"},{"taxonomy":"property_state","embeddable":true,"href":"https:\/\/myhomeproperty.es\/de\/wp-json\/wp\/v2\/property_state?post=26639"},{"taxonomy":"property_city","embeddable":true,"href":"https:\/\/myhomeproperty.es\/de\/wp-json\/wp\/v2\/property_city?post=26639"},{"taxonomy":"property_area","embeddable":true,"href":"https:\/\/myhomeproperty.es\/de\/wp-json\/wp\/v2\/property_area?post=26639"}],"curies":[{"name":"wp","href":"https:\/\/api.w.org\/{rel}","templated":true}]}}

Doppelhaushälfte in San Pedro del Pinatar

<p>Diese atemberaubende Villa in San Pedro del Pinatar bietet einen modernen und komfortablen Lebensstil. Auf einem 160 m² großen Grundstück gelegen, verfügt das Anwesen über einen privaten Pool von 2,5 x 3,75 m² und eine breite Palette von Annehmlichkeiten. </p>

<p>Vertrieb:</p>

<ul class="wp-block-list">
<li>3 Schlafzimmer: Geräumig und gut konzipiert für Komfort und Privatsphäre.</li>



<li>3 Bäder: Modern und funktionell, ideal für den täglichen Gebrauch.</li>



<li>Bebaute Fläche: 206 m², bietet reichlich Platz für das Familienleben.</li>



<li>Hausfläche: 111 m², mit einem großen Wohnzimmer von 32 m², ideal für Treffen und Momente der Entspannung.</li>



<li>Terrasse: 11 m², ideal um die frische Luft zu genießen.</li>



<li>Souterrain: 55 m², bietet zusätzlichen Platz für Lagerung oder Freizeitaktivitäten.</li>



<li>Dachterrasse: 40 m², ein perfekter Platz zum Sonnenbaden und um die Aussicht zu genießen.</li>
</ul>

<p>Annehmlichkeiten:</p>

<ul class="wp-block-list">
<li>Privater Swimmingpool: Ideal, um sich abzukühlen und das gute Wetter zu genießen.</li>



<li>Garten: Ein Platz im Freien zum Entspannen und Genießen der Natur.</li>



<li>Vorinstallation der Klimaanlage.</li>



<li>Haushaltsgeräte inklusive</li>
</ul>

<p>Restaurants, Dienstleistungen und Geschäfte sind zu Fuß erreichbar, was die Lage noch komfortabler und zugänglicher macht.</p>

<p>Diese im Bau befindliche Villa in San Pedro del Pinatar ist eine einzigartige Gelegenheit, in einer modernen und gut gelegenen Immobilie zu leben, die alle notwendigen Annehmlichkeiten für einen komfortablen Lebensstil bietet. Verpassen Sie nicht die Gelegenheit, diese Villa zu Ihrem neuen Zuhause zu machen! </p>

<p>Diese atemberaubende Villa in San Pedro del Pinatar bietet einen modernen und komfortablen Lebensstil. Auf einem 160 m² großen Grundstück gelegen, verfügt das Anwesen über einen privaten Pool von 2,5 x 3,75 m² und eine breite Palette von Annehmlichkeiten. Vertrieb: Annehmlichkeiten: Restaurants, Dienstleistungen und Geschäfte sind zu Fuß erreichbar, was die Lage noch komfortabler und [&hellip;]</p>

Avenida de las Salinas, San Pedro del Pinatar, Campo de Cartagena y Mar Menor, Región de Murcia, 30740, Spanien

LAS DUNAS -Lucía Strand
