{"id":27116,"date":"2025-02-05T16:12:03","date_gmt":"2025-02-05T16:12:03","guid":{"rendered":"https:\/\/myhomeproperty.es\/property\/geraeumige-und-helle-wohnung-mit-4-schlafzimmern-in-san-javier\/"},"modified":"2025-02-13T08:25:26","modified_gmt":"2025-02-13T08:25:26","slug":"geraeumige-und-helle-wohnung-mit-4-schlafzimmern-in-san-javier","status":"publish","type":"property","link":"https:\/\/myhomeproperty.es\/de\/property\/geraeumige-und-helle-wohnung-mit-4-schlafzimmern-in-san-javier\/","title":{"rendered":"Ger\u00e4umige und helle Wohnung mit 4 Schlafzimmern in San Javier"},"content":{"rendered":"\n<p>Diese charmante Eckwohnung in San Javier bietet Komfort, Ger\u00e4umigkeit und Helligkeit in einer zentralen Gegend von San Javier. Sie befindet sich im 2. Stock OHNE LIFT. Hier sind ihre Merkmale:  <\/p>\n\n<ul class=\"wp-block-list\">\n<li>4 Schlafzimmer: Ger\u00e4umig und hell, ideal f\u00fcr Ruhe und Komfort.<\/li>\n\n\n\n<li>2 Vollb\u00e4der: funktional f\u00fcr den t\u00e4glichen Gebrauch.<\/li>\n\n\n\n<li>Separate K\u00fcche: Vollst\u00e4ndig ausgestattet.<\/li>\n\n\n\n<li>Esszimmer: Ger\u00e4umig und gem\u00fctlich, an einer Ecke gelegen, bietet es viel Licht und Bel\u00fcftung. Perfekt f\u00fcr Momente mit Familie und Freunden. <\/li>\n\n\n\n<li>Hauswirtschaftsraum: Praktisch und funktionell.<\/li>\n<\/ul>\n\n<p><br\/>Lage: Ruhige, aber zentrale Lage: in der N\u00e4he von allen Dienstleistungen und Annehmlichkeiten, die San Javier zu bieten hat. Sehr gute Anbindung an die AP 7, die Autobahn Santomera, das Krankenhaus Los Arcos, etc. <\/p>\n\n<p>Diese Wohnung ist perfekt f\u00fcr diejenigen, die eine ger\u00e4umige und gut gelegene Immobilie suchen. Verpassen Sie nicht die Gelegenheit, sie zu besichtigen! <\/p>\n","protected":false},"excerpt":{"rendered":"<p>Diese charmante Eckwohnung in San Javier bietet Komfort, Ger\u00e4umigkeit und Helligkeit in einer zentralen Gegend von San Javier. Sie befindet sich im 2. Stock OHNE LIFT. Hier sind ihre Merkmale: Lage: Ruhige, aber zentrale Lage: in der N\u00e4he von allen Dienstleistungen und Annehmlichkeiten, die San Javier zu bieten hat. Sehr gute Anbindung an die AP [&hellip;]<\/p>\n","protected":false},"author":3,"featured_media":27080,"parent":0,"menu_order":0,"template":"","property_type":[180],"property_status":[46],"property_feature":[244],"property_label":[],"property_country":[33],"property_state":[37],"property_city":[36],"property_area":[],"class_list":["post-27116","property","type-property","status-publish","has-post-thumbnail","hentry","property_type-floor","property_status-in-betrieb","property_feature-terrasse-de","property_country-spain-de","property_state-region-de-murcia-de","property_city-san-javier-de"],"property_meta":{"fave_featured":["0"],"houzez_featured_listing_date":[""],"fave_property_images":["27077","26952","26957","26962","27087","27072","27022","27037","27032","26907","27027","26912","27042","26917","26927","26922","26977","26987","26982","27102","26992","27057","26937","26932","27052","26887","27097","26997","27002","27017","27082","26972"],"fave_single_top_area":["global"],"_top_nav_excluded":[""],"_cms_nav_minihome":[""],"fave_property_price":["95000"],"fave_property_size":["90"],"fave_property_land":["116"],"fave_property_bedrooms":["4"],"fave_property_bathrooms":["2"],"fave_property_id":["3040MH"],"fave_property_map":["1"],"fave_property_map_address":["Avenida del Pinatar, San Javier, Campo de Cartagena y Mar Menor, Regi\u00f3n de Murcia, 30720, Spanien"],"fave_property_location":["37.806325533231,-0.83547695509469,15"],"houzez_geolocation_lat":["37.806325533231"],"houzez_geolocation_long":["-0.83547695509469"],"fave_property_map_street_view":["verbergen"],"fave_property_zip":["30730"],"fave_video_url":["https:\/\/www.youtube.com\/watch?v=MMiOocyW_o4"],"fave_agent_display_option":["none"],"fave_prop_homeslider":["keine"],"_thumbnail_id":["27080"],"_last_translation_edit_mode":["translation-editor"],"houzez_total_property_views":["90"],"houzez_views_by_date":["a:61:{s:10:\"05-23-2025\";i:1;s:10:\"05-26-2025\";i:1;s:10:\"05-31-2025\";i:1;s:10:\"06-05-2025\";i:1;s:10:\"06-12-2025\";i:1;s:10:\"07-01-2025\";i:1;s:10:\"07-11-2025\";i:1;s:10:\"07-14-2025\";i:2;s:10:\"07-17-2025\";i:1;s:10:\"07-26-2025\";i:1;s:10:\"07-31-2025\";i:1;s:10:\"08-13-2025\";i:1;s:10:\"08-21-2025\";i:1;s:10:\"08-26-2025\";i:1;s:10:\"08-30-2025\";i:2;s:10:\"09-01-2025\";i:2;s:10:\"09-04-2025\";i:1;s:10:\"09-09-2025\";i:1;s:10:\"09-11-2025\";i:1;s:10:\"09-14-2025\";i:1;s:10:\"09-19-2025\";i:1;s:10:\"09-20-2025\";i:2;s:10:\"09-24-2025\";i:1;s:10:\"09-30-2025\";i:1;s:10:\"10-03-2025\";i:1;s:10:\"10-05-2025\";i:1;s:10:\"10-07-2025\";i:2;s:10:\"10-12-2025\";i:1;s:10:\"10-18-2025\";i:1;s:10:\"11-16-2025\";i:2;s:10:\"11-19-2025\";i:1;s:10:\"12-06-2025\";i:1;s:10:\"12-10-2025\";i:1;s:10:\"12-13-2025\";i:1;s:10:\"01-02-2026\";i:1;s:10:\"01-12-2026\";i:2;s:10:\"01-31-2026\";i:1;s:10:\"02-05-2026\";i:1;s:10:\"02-17-2026\";i:1;s:10:\"02-18-2026\";i:1;s:10:\"02-23-2026\";i:1;s:10:\"02-24-2026\";i:1;s:10:\"03-02-2026\";i:1;s:10:\"03-08-2026\";i:1;s:10:\"03-11-2026\";i:2;s:10:\"03-13-2026\";i:1;s:10:\"03-15-2026\";i:1;s:10:\"03-16-2026\";i:1;s:10:\"03-20-2026\";i:1;s:10:\"03-26-2026\";i:1;s:10:\"03-31-2026\";i:1;s:10:\"04-06-2026\";i:2;s:10:\"04-07-2026\";i:1;s:10:\"04-08-2026\";i:1;s:10:\"04-12-2026\";i:1;s:10:\"04-15-2026\";i:2;s:10:\"04-17-2026\";i:1;s:10:\"04-21-2026\";i:1;s:10:\"04-22-2026\";i:1;s:10:\"04-27-2026\";i:1;s:10:\"04-28-2026\";i:2;}"],"houzez_recently_viewed":["2026-04-28 20:55:03"],"_elementor_page_assets":["a:0:{}"]},"_links":{"self":[{"href":"https:\/\/myhomeproperty.es\/de\/wp-json\/wp\/v2\/properties\/27116","targetHints":{"allow":["GET"]}}],"collection":[{"href":"https:\/\/myhomeproperty.es\/de\/wp-json\/wp\/v2\/properties"}],"about":[{"href":"https:\/\/myhomeproperty.es\/de\/wp-json\/wp\/v2\/types\/property"}],"author":[{"embeddable":true,"href":"https:\/\/myhomeproperty.es\/de\/wp-json\/wp\/v2\/users\/3"}],"version-history":[{"count":1,"href":"https:\/\/myhomeproperty.es\/de\/wp-json\/wp\/v2\/properties\/27116\/revisions"}],"predecessor-version":[{"id":27117,"href":"https:\/\/myhomeproperty.es\/de\/wp-json\/wp\/v2\/properties\/27116\/revisions\/27117"}],"wp:featuredmedia":[{"embeddable":true,"href":"https:\/\/myhomeproperty.es\/de\/wp-json\/wp\/v2\/media\/27080"}],"wp:attachment":[{"href":"https:\/\/myhomeproperty.es\/de\/wp-json\/wp\/v2\/media?parent=27116"}],"wp:term":[{"taxonomy":"property_type","embeddable":true,"href":"https:\/\/myhomeproperty.es\/de\/wp-json\/wp\/v2\/property_type?post=27116"},{"taxonomy":"property_status","embeddable":true,"href":"https:\/\/myhomeproperty.es\/de\/wp-json\/wp\/v2\/property_status?post=27116"},{"taxonomy":"property_feature","embeddable":true,"href":"https:\/\/myhomeproperty.es\/de\/wp-json\/wp\/v2\/property_feature?post=27116"},{"taxonomy":"property_label","embeddable":true,"href":"https:\/\/myhomeproperty.es\/de\/wp-json\/wp\/v2\/property_label?post=27116"},{"taxonomy":"property_country","embeddable":true,"href":"https:\/\/myhomeproperty.es\/de\/wp-json\/wp\/v2\/property_country?post=27116"},{"taxonomy":"property_state","embeddable":true,"href":"https:\/\/myhomeproperty.es\/de\/wp-json\/wp\/v2\/property_state?post=27116"},{"taxonomy":"property_city","embeddable":true,"href":"https:\/\/myhomeproperty.es\/de\/wp-json\/wp\/v2\/property_city?post=27116"},{"taxonomy":"property_area","embeddable":true,"href":"https:\/\/myhomeproperty.es\/de\/wp-json\/wp\/v2\/property_area?post=27116"}],"curies":[{"name":"wp","href":"https:\/\/api.w.org\/{rel}","templated":true}]}}

Geräumige und helle Wohnung mit 4 Schlafzimmern in San Javier

<p>Diese charmante Eckwohnung in San Javier bietet Komfort, Geräumigkeit und Helligkeit in einer zentralen Gegend von San Javier. Sie befindet sich im 2. Stock OHNE LIFT. Hier sind ihre Merkmale:  </p>

<ul class="wp-block-list">
<li>4 Schlafzimmer: Geräumig und hell, ideal für Ruhe und Komfort.</li>



<li>2 Vollbäder: funktional für den täglichen Gebrauch.</li>



<li>Separate Küche: Vollständig ausgestattet.</li>



<li>Esszimmer: Geräumig und gemütlich, an einer Ecke gelegen, bietet es viel Licht und Belüftung. Perfekt für Momente mit Familie und Freunden. </li>



<li>Hauswirtschaftsraum: Praktisch und funktionell.</li>
</ul>

<p><br/>Lage: Ruhige, aber zentrale Lage: in der Nähe von allen Dienstleistungen und Annehmlichkeiten, die San Javier zu bieten hat. Sehr gute Anbindung an die AP 7, die Autobahn Santomera, das Krankenhaus Los Arcos, etc. </p>

<p>Diese Wohnung ist perfekt für diejenigen, die eine geräumige und gut gelegene Immobilie suchen. Verpassen Sie nicht die Gelegenheit, sie zu besichtigen! </p>

<p>Diese charmante Eckwohnung in San Javier bietet Komfort, Geräumigkeit und Helligkeit in einer zentralen Gegend von San Javier. Sie befindet sich im 2. Stock OHNE LIFT. Hier sind ihre Merkmale: Lage: Ruhige, aber zentrale Lage: in der Nähe von allen Dienstleistungen und Annehmlichkeiten, die San Javier zu bieten hat. Sehr gute Anbindung an die AP [&hellip;]</p>

Avenida del Pinatar, San Javier, Campo de Cartagena y Mar Menor, Región de Murcia, 30720, Spanien
