{"id":28135,"date":"2025-02-13T10:06:39","date_gmt":"2025-02-13T10:06:39","guid":{"rendered":"https:\/\/myhomeproperty.es\/property\/luxurioese-villen-in-san-pedro-del-pinatar-2\/"},"modified":"2026-02-09T10:09:09","modified_gmt":"2026-02-09T10:09:09","slug":"luxurioese-villen-in-san-pedro-del-pinatar-2","status":"publish","type":"property","link":"https:\/\/myhomeproperty.es\/de\/property\/luxurioese-villen-in-san-pedro-del-pinatar-2\/","title":{"rendered":"Luxuri\u00f6se Villen in San Pedro del Pinatar"},"content":{"rendered":"\n<p>Diese zweite Phase zeichnet sich durch ihr elegantes, minimalistisches Design und die au\u00dfergew\u00f6hnliche Qualit\u00e4t der Oberfl\u00e4chen aus, die sorgf\u00e4ltig konzipiert wurden, um Ihnen ein modernes, funktionelles und stilvolles Zuhause zu bieten. Diese exklusive Anlage mit 12 freistehenden Villen befindet sich im charmanten San Pedro del Pinatar. Jede Immobilie verf\u00fcgt \u00fcber:  <\/p>\n\n<ul class=\"wp-block-list\">\n<li>Ger\u00e4umiges Wohn-\/Esszimmer mit integrierter, voll ausgestatteter K\u00fcche<\/li>\n\n\n\n<li>3 ger\u00e4umige Zimmer: Ger\u00e4umig und komfortabel f\u00fcr maximales Wohlbefinden.<\/li>\n\n\n\n<li>3 komplette B\u00e4der: Modern und funktionell.<\/li>\n\n\n\n<li>Privater Swimmingpool: Ideal, um den Sommer zu genie\u00dfen und im Komfort Ihres eigenen Hauses zu entspannen.<\/li>\n\n\n\n<li>Terrassen und privater Garten<\/li>\n<\/ul>\n\n<p>Perfekt, um Komfort, Eleganz und Bequemlichkeit zu genie\u00dfen. Das Haus befindet sich in perfekter zentraler Lage, in der N\u00e4he aller Dienstleistungen, Restaurants und Gesch\u00e4fte und mit guter Anbindung an die Autobahn. <\/p>\n\n<p>San Pedro del Pinatar ist eine K\u00fcstenstadt mit einer einladenden und attraktiven Atmosph\u00e4re, ideal, um ein ruhiges und angenehmes Leben zu genie\u00dfen. Es bietet eine wunderbare Umgebung, umgeben von nat\u00fcrlicher Sch\u00f6nheit f\u00fcr Freizeit- und Outdoor-Aktivit\u00e4ten mit atemberaubender Landschaft.<\/p>\n\n<p>Diese Luxusvillen sind ideal f\u00fcr alle, die ein anspruchsvolles und gut gelegenes Zuhause in einer charmanten Umgebung suchen. Verpassen Sie nicht die Gelegenheit, Ihr neues Zuhause in San Pedro del Pinatar zu entdecken! <\/p>\n\n<p><\/p>\n","protected":false},"excerpt":{"rendered":"<p>Diese zweite Phase zeichnet sich durch ihr elegantes, minimalistisches Design und die au\u00dfergew\u00f6hnliche Qualit\u00e4t der Oberfl\u00e4chen aus, die sorgf\u00e4ltig konzipiert wurden, um Ihnen ein modernes, funktionelles und stilvolles Zuhause zu bieten. Diese exklusive Anlage mit 12 freistehenden Villen befindet sich im charmanten San Pedro del Pinatar. Jede Immobilie verf\u00fcgt \u00fcber: Perfekt, um Komfort, Eleganz und [&hellip;]<\/p>\n","protected":false},"author":3,"featured_media":27803,"parent":0,"menu_order":0,"template":"","property_type":[208],"property_status":[46],"property_feature":[217,45,244],"property_label":[],"property_country":[33],"property_state":[37],"property_city":[41],"property_area":[],"class_list":["post-28135","property","type-property","status-publish","has-post-thumbnail","hentry","property_type-villa-de","property_status-in-betrieb","property_feature-garten","property_feature-piscina-de","property_feature-terrasse-de","property_country-spain-de","property_state-region-de-murcia-de","property_city-san-pedro-del-pinatar-de"],"property_meta":{"fave_featured":["0"],"houzez_featured_listing_date":[""],"fave_property_images":["27785","27790","27795","27800","27805","27810","27835","27825","27840","27815","27845","27850","27855","27860","27830","28005","28015","28010","27865","27870","27990","27885","27890","27895","27905","28060","28030","27915","27925","28115","28055","28120","27935","27950","27955","27960","27965","28040","28050","27975","27985","28000","28035","28020","28045","28025","27528","27533","27538","27543"],"fave_single_top_area":["global"],"_top_nav_excluded":[""],"_cms_nav_minihome":[""],"houzez_geolocation_lat":["37.835683044683"],"houzez_geolocation_long":["-0.79706664179865"],"_thumbnail_id":["27803"],"_last_translation_edit_mode":["translation-editor"],"houzez_total_property_views":["102"],"houzez_views_by_date":["a:61:{s:10:\"07-31-2025\";i:1;s:10:\"08-07-2025\";i:1;s:10:\"08-15-2025\";i:1;s:10:\"08-24-2025\";i:1;s:10:\"08-30-2025\";i:2;s:10:\"08-31-2025\";i:1;s:10:\"09-06-2025\";i:1;s:10:\"09-10-2025\";i:1;s:10:\"09-12-2025\";i:1;s:10:\"09-17-2025\";i:1;s:10:\"09-21-2025\";i:1;s:10:\"09-22-2025\";i:1;s:10:\"09-27-2025\";i:1;s:10:\"10-01-2025\";i:2;s:10:\"10-03-2025\";i:1;s:10:\"10-08-2025\";i:1;s:10:\"10-09-2025\";i:1;s:10:\"10-13-2025\";i:1;s:10:\"10-19-2025\";i:1;s:10:\"10-20-2025\";i:1;s:10:\"11-15-2025\";i:1;s:10:\"11-16-2025\";i:1;s:10:\"11-18-2025\";i:1;s:10:\"11-27-2025\";i:1;s:10:\"11-28-2025\";i:1;s:10:\"12-06-2025\";i:1;s:10:\"12-12-2025\";i:2;s:10:\"12-19-2025\";i:1;s:10:\"12-25-2025\";i:1;s:10:\"01-01-2026\";i:1;s:10:\"01-08-2026\";i:1;s:10:\"01-11-2026\";i:1;s:10:\"01-12-2026\";i:1;s:10:\"01-20-2026\";i:1;s:10:\"01-26-2026\";i:1;s:10:\"01-31-2026\";i:1;s:10:\"02-06-2026\";i:1;s:10:\"02-12-2026\";i:1;s:10:\"02-19-2026\";i:1;s:10:\"02-24-2026\";i:1;s:10:\"03-03-2026\";i:1;s:10:\"03-09-2026\";i:1;s:10:\"03-11-2026\";i:2;s:10:\"03-15-2026\";i:2;s:10:\"03-16-2026\";i:1;s:10:\"03-19-2026\";i:1;s:10:\"03-21-2026\";i:1;s:10:\"03-22-2026\";i:1;s:10:\"03-27-2026\";i:1;s:10:\"03-28-2026\";i:1;s:10:\"03-31-2026\";i:2;s:10:\"04-01-2026\";i:1;s:10:\"04-04-2026\";i:1;s:10:\"04-08-2026\";i:3;s:10:\"04-13-2026\";i:1;s:10:\"04-16-2026\";i:1;s:10:\"04-18-2026\";i:1;s:10:\"04-20-2026\";i:1;s:10:\"04-23-2026\";i:1;s:10:\"04-25-2026\";i:1;s:10:\"04-28-2026\";i:3;}"],"houzez_recently_viewed":["2026-04-28 19:54:28"],"_elementor_page_assets":["a:0:{}"],"fave_property_price":["439000"],"fave_property_size":["112"],"fave_property_land":["163"],"fave_property_bedrooms":["3"],"fave_property_bathrooms":["3"],"fave_property_id":["3043MHR"],"fave_property_map":["1"],"fave_property_map_address":["Avenida del Taibilla, Los Antolinos, San Pedro del Pinatar, Campo de Cartagena y Mar Menor, Regi\u00f3n de Murcia, 30740, Spanien"],"fave_property_location":["37.835683044683,-0.79706664179865,15"],"fave_property_map_street_view":["verbergen"],"fave_agent_display_option":["none"],"fave_prop_homeslider":["keine"],"fave_private_note":["RODRIGO HOMES LOS ALTOS DE SAN PEDRO II - Wohnbereich  "],"floor_plans":["a:1:{i:0;a:1:{s:15:\"fave_plan_image\";s:62:\"https:\/\/myhomeproperty.es\/wp-content\/uploads\/2025\/02\/VILLA.png\";}}"],"houzez_manual_expire":["0"],"_houzez_expiration_date_status":["saved"]},"_links":{"self":[{"href":"https:\/\/myhomeproperty.es\/de\/wp-json\/wp\/v2\/properties\/28135","targetHints":{"allow":["GET"]}}],"collection":[{"href":"https:\/\/myhomeproperty.es\/de\/wp-json\/wp\/v2\/properties"}],"about":[{"href":"https:\/\/myhomeproperty.es\/de\/wp-json\/wp\/v2\/types\/property"}],"author":[{"embeddable":true,"href":"https:\/\/myhomeproperty.es\/de\/wp-json\/wp\/v2\/users\/3"}],"version-history":[{"count":2,"href":"https:\/\/myhomeproperty.es\/de\/wp-json\/wp\/v2\/properties\/28135\/revisions"}],"predecessor-version":[{"id":28578,"href":"https:\/\/myhomeproperty.es\/de\/wp-json\/wp\/v2\/properties\/28135\/revisions\/28578"}],"wp:featuredmedia":[{"embeddable":true,"href":"https:\/\/myhomeproperty.es\/de\/wp-json\/wp\/v2\/media\/27803"}],"wp:attachment":[{"href":"https:\/\/myhomeproperty.es\/de\/wp-json\/wp\/v2\/media?parent=28135"}],"wp:term":[{"taxonomy":"property_type","embeddable":true,"href":"https:\/\/myhomeproperty.es\/de\/wp-json\/wp\/v2\/property_type?post=28135"},{"taxonomy":"property_status","embeddable":true,"href":"https:\/\/myhomeproperty.es\/de\/wp-json\/wp\/v2\/property_status?post=28135"},{"taxonomy":"property_feature","embeddable":true,"href":"https:\/\/myhomeproperty.es\/de\/wp-json\/wp\/v2\/property_feature?post=28135"},{"taxonomy":"property_label","embeddable":true,"href":"https:\/\/myhomeproperty.es\/de\/wp-json\/wp\/v2\/property_label?post=28135"},{"taxonomy":"property_country","embeddable":true,"href":"https:\/\/myhomeproperty.es\/de\/wp-json\/wp\/v2\/property_country?post=28135"},{"taxonomy":"property_state","embeddable":true,"href":"https:\/\/myhomeproperty.es\/de\/wp-json\/wp\/v2\/property_state?post=28135"},{"taxonomy":"property_city","embeddable":true,"href":"https:\/\/myhomeproperty.es\/de\/wp-json\/wp\/v2\/property_city?post=28135"},{"taxonomy":"property_area","embeddable":true,"href":"https:\/\/myhomeproperty.es\/de\/wp-json\/wp\/v2\/property_area?post=28135"}],"curies":[{"name":"wp","href":"https:\/\/api.w.org\/{rel}","templated":true}]}}

Luxuriöse Villen in San Pedro del Pinatar

<p>Diese zweite Phase zeichnet sich durch ihr elegantes, minimalistisches Design und die außergewöhnliche Qualität der Oberflächen aus, die sorgfältig konzipiert wurden, um Ihnen ein modernes, funktionelles und stilvolles Zuhause zu bieten. Diese exklusive Anlage mit 12 freistehenden Villen befindet sich im charmanten San Pedro del Pinatar. Jede Immobilie verfügt über:  </p>

<ul class="wp-block-list">
<li>Geräumiges Wohn-/Esszimmer mit integrierter, voll ausgestatteter Küche</li>



<li>3 geräumige Zimmer: Geräumig und komfortabel für maximales Wohlbefinden.</li>



<li>3 komplette Bäder: Modern und funktionell.</li>



<li>Privater Swimmingpool: Ideal, um den Sommer zu genießen und im Komfort Ihres eigenen Hauses zu entspannen.</li>



<li>Terrassen und privater Garten</li>
</ul>

<p>Perfekt, um Komfort, Eleganz und Bequemlichkeit zu genießen. Das Haus befindet sich in perfekter zentraler Lage, in der Nähe aller Dienstleistungen, Restaurants und Geschäfte und mit guter Anbindung an die Autobahn. </p>

<p>San Pedro del Pinatar ist eine Küstenstadt mit einer einladenden und attraktiven Atmosphäre, ideal, um ein ruhiges und angenehmes Leben zu genießen. Es bietet eine wunderbare Umgebung, umgeben von natürlicher Schönheit für Freizeit- und Outdoor-Aktivitäten mit atemberaubender Landschaft.</p>

<p>Diese Luxusvillen sind ideal für alle, die ein anspruchsvolles und gut gelegenes Zuhause in einer charmanten Umgebung suchen. Verpassen Sie nicht die Gelegenheit, Ihr neues Zuhause in San Pedro del Pinatar zu entdecken! </p>

<p></p>

<p>Diese zweite Phase zeichnet sich durch ihr elegantes, minimalistisches Design und die außergewöhnliche Qualität der Oberflächen aus, die sorgfältig konzipiert wurden, um Ihnen ein modernes, funktionelles und stilvolles Zuhause zu bieten. Diese exklusive Anlage mit 12 freistehenden Villen befindet sich im charmanten San Pedro del Pinatar. Jede Immobilie verfügt über: Perfekt, um Komfort, Eleganz und [&hellip;]</p>

Avenida del Taibilla, Los Antolinos, San Pedro del Pinatar, Campo de Cartagena y Mar Menor, Región de Murcia, 30740, Spanien
