{"id":28248,"date":"2025-02-13T11:58:58","date_gmt":"2025-02-13T11:58:58","guid":{"rendered":"https:\/\/myhomeproperty.es\/property\/eckhaus-in-san-pedro-del-pinatar-2\/"},"modified":"2025-07-07T16:19:18","modified_gmt":"2025-07-07T16:19:18","slug":"eckhaus-in-san-pedro-del-pinatar-2","status":"publish","type":"property","link":"https:\/\/myhomeproperty.es\/de\/property\/eckhaus-in-san-pedro-del-pinatar-2\/","title":{"rendered":"Eckhaus in San Pedro del Pinatar"},"content":{"rendered":"\n<p>Wir pr\u00e4sentieren dieses gro\u00dfe Eckgrundst\u00fcck in San Pedro del Pinatar. Es verf\u00fcgt \u00fcber 6 Schlafzimmer, 2 voll ausgestattete K\u00fcchen und 4 komplette B\u00e4der.  Es ist \u00fcber 3 Etagen verteilt. Es verf\u00fcgt \u00fcber einen Gartenbereich im Erdgeschoss und 3 weitere Terrassen, so dass Sie viel Platz haben, um die Natur zu genie\u00dfen.<\/p>\n\n<p>Der Haupteingang f\u00fchrt zu einer Eingangshalle mit Zugang zu den Zimmern im Erdgeschoss und auf der anderen Seite gibt es einen Zugang zu den oberen Etagen, so dass es auf Wunsch zwei v\u00f6llig unabh\u00e4ngige Wohnungen sein k\u00f6nnten.<\/p>\n\n<p>Das Erdgeschoss verf\u00fcgt \u00fcber ein gro\u00dfes Wohnzimmer, eine K\u00fcche, zwei Schlafzimmer, ein gro\u00dfes Badezimmer mit Badewanne und Dusche, einen Abstellraum und eine geschlossene Garage. Es hat gro\u00dfe Einbauschr\u00e4nke als Stauraum. <\/p>\n\n<p>Das Obergeschoss ist aufgeteilt in ein Wohn-Esszimmer, eine unabh\u00e4ngige K\u00fcche, 3 Schlafzimmer, das Hauptschlafzimmer mit eigenem Bad, ein weiteres Bad und zwei Terrassen. Au\u00dferdem befinden sich im Dachgeschoss das sechste Schlafzimmer, ein komplettes Badezimmer und eine Terrasse, obwohl es aufgrund des Platzes, den es bietet, noch viele weitere M\u00f6glichkeiten gibt. <\/p>\n\n<p>Die Wohnung ist mit Einbauschr\u00e4nken ausgestattet und alle Schlafzimmer sind nach au\u00dfen gerichtet, so dass es eine sehr helle Wohnung ist. Sie ist m\u00f6bliert und in einem guten Erhaltungszustand. In einer ruhigen, aber zentralen Gegend. In der N\u00e4he von Schulen, Gesch\u00e4ften und allen Dienstleistungen.   <\/p>\n\n<p>Ist es das, wonach Sie suchen? Kommen Sie und sehen Sie es sich an! <\/p>\n\n<p>Entfernungen<\/p>\n\n<ul class=\"wp-block-list\">\n<li>Strand: 1,5 km<\/li>\n\n\n\n<li>Einkaufszentrum Dos Mares: 5 km<\/li>\n\n\n\n<li>Einkaufszentrum La Zenia Boulevard: 15 Minuten<\/li>\n\n\n\n<li>Flughafen Corvera: 35 Minuten<\/li>\n\n\n\n<li>Flughafen Alicante: 70 Minuten<\/li>\n\n\n\n<li>Bahnhof Balsicas: 20 Minuten<\/li>\n<\/ul>\n","protected":false},"excerpt":{"rendered":"<p>Wir pr\u00e4sentieren dieses gro\u00dfe Eckgrundst\u00fcck in San Pedro del Pinatar. Es verf\u00fcgt \u00fcber 6 Schlafzimmer, 2 voll ausgestattete K\u00fcchen und 4 komplette B\u00e4der. Es ist \u00fcber 3 Etagen verteilt. Es verf\u00fcgt \u00fcber einen Gartenbereich im Erdgeschoss und 3 weitere Terrassen, so dass Sie viel Platz haben, um die Natur zu genie\u00dfen. Der Haupteingang f\u00fchrt zu [&hellip;]<\/p>\n","protected":false},"author":3,"featured_media":8540,"parent":0,"menu_order":0,"template":"","property_type":[122],"property_status":[46],"property_feature":[],"property_label":[],"property_country":[33],"property_state":[37],"property_city":[41],"property_area":[],"class_list":["post-28248","property","type-property","status-publish","has-post-thumbnail","hentry","property_type-haus","property_status-in-betrieb","property_country-spain-de","property_state-region-de-murcia-de","property_city-san-pedro-del-pinatar-de"],"property_meta":{"fave_featured":["0"],"houzez_featured_listing_date":[""],"fave_property_images":["4662","4302","4314","4326","4332","4338","4374","4392","4386","4380","4356","4362","4368","4404","4410","4350","4422","4416","4434","4464","4476","4482","4440","4446","4458","4452","4548","4560","4554","4524","4530","4506","4512","4518","4500","4494","4536","4542","4572","4602","4584","4590","4596","4680","4614","4620","4674","4656","4626","4638"],"fave_single_top_area":["global"],"_top_nav_excluded":[""],"_cms_nav_minihome":[""],"fave_property_price":["249900"],"fave_property_size":["250"],"fave_property_land":["150"],"fave_property_bedrooms":["6"],"fave_property_bathrooms":["4"],"fave_property_garage_size":["40"],"fave_property_id":["3018MH"],"fave_property_map_address":["San Pedro del Pinatar, Campo de Cartagena y Mar Menor, Region Murcia, Spanien"],"fave_property_location":["37.8354366,-0.7914619,15"],"houzez_geolocation_lat":["37.8354366"],"houzez_geolocation_long":["-0.7914619"],"fave_property_map_street_view":["verbergen"],"fave_property_zip":["30740"],"fave_video_url":["https:\/\/youtu.be\/cIZs-FmVT0I?si=Y8qWSPMhGNVbYlpy"],"fave_agent_display_option":["autor_info"],"fave_prop_homeslider":["ja"],"_thumbnail_id":["8540"],"_last_translation_edit_mode":["translation-editor"],"houzez_total_property_views":["87"],"houzez_views_by_date":["a:61:{s:10:\"05-29-2025\";i:1;s:10:\"05-30-2025\";i:1;s:10:\"06-04-2025\";i:1;s:10:\"06-11-2025\";i:2;s:10:\"06-28-2025\";i:1;s:10:\"06-29-2025\";i:1;s:10:\"07-01-2025\";i:1;s:10:\"07-10-2025\";i:1;s:10:\"07-14-2025\";i:2;s:10:\"07-17-2025\";i:1;s:10:\"07-21-2025\";i:1;s:10:\"07-25-2025\";i:1;s:10:\"07-31-2025\";i:1;s:10:\"08-12-2025\";i:1;s:10:\"08-13-2025\";i:1;s:10:\"08-20-2025\";i:1;s:10:\"08-26-2025\";i:1;s:10:\"08-30-2025\";i:2;s:10:\"09-04-2025\";i:1;s:10:\"09-09-2025\";i:1;s:10:\"09-12-2025\";i:1;s:10:\"09-14-2025\";i:1;s:10:\"09-19-2025\";i:1;s:10:\"09-25-2025\";i:1;s:10:\"09-30-2025\";i:1;s:10:\"10-05-2025\";i:1;s:10:\"10-11-2025\";i:2;s:10:\"10-17-2025\";i:1;s:10:\"11-19-2025\";i:1;s:10:\"12-07-2025\";i:1;s:10:\"12-09-2025\";i:1;s:10:\"12-11-2025\";i:1;s:10:\"12-13-2025\";i:1;s:10:\"12-19-2025\";i:1;s:10:\"12-24-2025\";i:1;s:10:\"01-04-2026\";i:1;s:10:\"01-10-2026\";i:1;s:10:\"01-12-2026\";i:2;s:10:\"01-26-2026\";i:1;s:10:\"01-31-2026\";i:1;s:10:\"02-06-2026\";i:1;s:10:\"02-19-2026\";i:1;s:10:\"03-03-2026\";i:1;s:10:\"03-11-2026\";i:2;s:10:\"03-16-2026\";i:1;s:10:\"03-17-2026\";i:1;s:10:\"03-19-2026\";i:1;s:10:\"03-21-2026\";i:1;s:10:\"03-22-2026\";i:1;s:10:\"03-27-2026\";i:1;s:10:\"03-30-2026\";i:1;s:10:\"04-02-2026\";i:1;s:10:\"04-06-2026\";i:1;s:10:\"04-08-2026\";i:1;s:10:\"04-13-2026\";i:2;s:10:\"04-15-2026\";i:1;s:10:\"04-18-2026\";i:1;s:10:\"04-19-2026\";i:1;s:10:\"04-23-2026\";i:1;s:10:\"04-25-2026\";i:1;s:10:\"04-28-2026\";i:2;}"],"houzez_recently_viewed":["2026-04-28 23:01:20"],"_elementor_page_assets":["a:0:{}"]},"_links":{"self":[{"href":"https:\/\/myhomeproperty.es\/de\/wp-json\/wp\/v2\/properties\/28248","targetHints":{"allow":["GET"]}}],"collection":[{"href":"https:\/\/myhomeproperty.es\/de\/wp-json\/wp\/v2\/properties"}],"about":[{"href":"https:\/\/myhomeproperty.es\/de\/wp-json\/wp\/v2\/types\/property"}],"author":[{"embeddable":true,"href":"https:\/\/myhomeproperty.es\/de\/wp-json\/wp\/v2\/users\/3"}],"version-history":[{"count":1,"href":"https:\/\/myhomeproperty.es\/de\/wp-json\/wp\/v2\/properties\/28248\/revisions"}],"predecessor-version":[{"id":28249,"href":"https:\/\/myhomeproperty.es\/de\/wp-json\/wp\/v2\/properties\/28248\/revisions\/28249"}],"wp:featuredmedia":[{"embeddable":true,"href":"https:\/\/myhomeproperty.es\/de\/wp-json\/wp\/v2\/media\/8540"}],"wp:attachment":[{"href":"https:\/\/myhomeproperty.es\/de\/wp-json\/wp\/v2\/media?parent=28248"}],"wp:term":[{"taxonomy":"property_type","embeddable":true,"href":"https:\/\/myhomeproperty.es\/de\/wp-json\/wp\/v2\/property_type?post=28248"},{"taxonomy":"property_status","embeddable":true,"href":"https:\/\/myhomeproperty.es\/de\/wp-json\/wp\/v2\/property_status?post=28248"},{"taxonomy":"property_feature","embeddable":true,"href":"https:\/\/myhomeproperty.es\/de\/wp-json\/wp\/v2\/property_feature?post=28248"},{"taxonomy":"property_label","embeddable":true,"href":"https:\/\/myhomeproperty.es\/de\/wp-json\/wp\/v2\/property_label?post=28248"},{"taxonomy":"property_country","embeddable":true,"href":"https:\/\/myhomeproperty.es\/de\/wp-json\/wp\/v2\/property_country?post=28248"},{"taxonomy":"property_state","embeddable":true,"href":"https:\/\/myhomeproperty.es\/de\/wp-json\/wp\/v2\/property_state?post=28248"},{"taxonomy":"property_city","embeddable":true,"href":"https:\/\/myhomeproperty.es\/de\/wp-json\/wp\/v2\/property_city?post=28248"},{"taxonomy":"property_area","embeddable":true,"href":"https:\/\/myhomeproperty.es\/de\/wp-json\/wp\/v2\/property_area?post=28248"}],"curies":[{"name":"wp","href":"https:\/\/api.w.org\/{rel}","templated":true}]}}

<p>Wir präsentieren dieses große Eckgrundstück in San Pedro del Pinatar. Es verfügt über 6 Schlafzimmer, 2 voll ausgestattete Küchen und 4 komplette Bäder.  Es ist über 3 Etagen verteilt. Es verfügt über einen Gartenbereich im Erdgeschoss und 3 weitere Terrassen, so dass Sie viel Platz haben, um die Natur zu genießen.</p>

<p>Der Haupteingang führt zu einer Eingangshalle mit Zugang zu den Zimmern im Erdgeschoss und auf der anderen Seite gibt es einen Zugang zu den oberen Etagen, so dass es auf Wunsch zwei völlig unabhängige Wohnungen sein könnten.</p>

<p>Das Erdgeschoss verfügt über ein großes Wohnzimmer, eine Küche, zwei Schlafzimmer, ein großes Badezimmer mit Badewanne und Dusche, einen Abstellraum und eine geschlossene Garage. Es hat große Einbauschränke als Stauraum. </p>

<p>Das Obergeschoss ist aufgeteilt in ein Wohn-Esszimmer, eine unabhängige Küche, 3 Schlafzimmer, das Hauptschlafzimmer mit eigenem Bad, ein weiteres Bad und zwei Terrassen. Außerdem befinden sich im Dachgeschoss das sechste Schlafzimmer, ein komplettes Badezimmer und eine Terrasse, obwohl es aufgrund des Platzes, den es bietet, noch viele weitere Möglichkeiten gibt. </p>

<p>Die Wohnung ist mit Einbauschränken ausgestattet und alle Schlafzimmer sind nach außen gerichtet, so dass es eine sehr helle Wohnung ist. Sie ist möbliert und in einem guten Erhaltungszustand. In einer ruhigen, aber zentralen Gegend. In der Nähe von Schulen, Geschäften und allen Dienstleistungen.   </p>

<p>Ist es das, wonach Sie suchen? Kommen Sie und sehen Sie es sich an! </p>

<p>Entfernungen</p>

<ul class="wp-block-list">
<li>Strand: 1,5 km</li>



<li>Einkaufszentrum Dos Mares: 5 km</li>



<li>Einkaufszentrum La Zenia Boulevard: 15 Minuten</li>



<li>Flughafen Corvera: 35 Minuten</li>



<li>Flughafen Alicante: 70 Minuten</li>



<li>Bahnhof Balsicas: 20 Minuten</li>
</ul>

<p>Wir präsentieren dieses große Eckgrundstück in San Pedro del Pinatar. Es verfügt über 6 Schlafzimmer, 2 voll ausgestattete Küchen und 4 komplette Bäder. Es ist über 3 Etagen verteilt. Es verfügt über einen Gartenbereich im Erdgeschoss und 3 weitere Terrassen, so dass Sie viel Platz haben, um die Natur zu genießen. Der Haupteingang führt zu [&hellip;]</p>
