{"id":29086,"date":"2025-03-10T17:10:03","date_gmt":"2025-03-10T17:10:03","guid":{"rendered":"https:\/\/myhomeproperty.es\/property\/villa-mit-3-schlafzimmern-an-san-pedro-del-pinatar-2\/"},"modified":"2025-07-08T15:26:10","modified_gmt":"2025-07-08T15:26:10","slug":"villa-mit-3-schlafzimmern-an-san-pedro-del-pinatar-2","status":"publish","type":"property","link":"https:\/\/myhomeproperty.es\/de\/property\/villa-mit-3-schlafzimmern-an-san-pedro-del-pinatar-2\/","title":{"rendered":"Villa mit 3 Schlafzimmern an San Pedro del Pinatar"},"content":{"rendered":"\n<p>Diese sch\u00f6ne Villa mit 3 Schlafzimmern und 2 B\u00e4dern befindet sich in der charmanten Stadt San Pedro del Pinatar, nur wenige Schritte vom Mar Menor entfernt. Ideal, um die Ruhe, die Natur und die einzigartigen Landschaften der Region zu genie\u00dfen. <\/p>\n\n<p>Vertrieb:<\/p>\n\n<ul class=\"wp-block-list\">\n<li>Erdgeschoss:<\/li>\n\n\n\n<li>Esszimmer: Ger\u00e4umig und hell, perfekt f\u00fcr Familientreffen oder Momente der Entspannung.<\/li>\n\n\n\n<li>K\u00fcche im Loft-Stil: Modern, offen und funktionell.<\/li>\n\n\n\n<li>1 Schlafzimmer: Ger\u00e4umig und komfortabel.<\/li>\n\n\n\n<li>1 komplettes Badezimmer: Modern und praktisch.<\/li>\n\n\n\n<li>Waschk\u00fcche: Zus\u00e4tzlicher Platz f\u00fcr die Hausarbeit.<\/li>\n\n\n\n<li>Terrasse: Ger\u00e4umig, mit Platz zum Parken eines Fahrzeugs.<\/li>\n\n\n\n<li>Privates Schwimmbad<\/li>\n\n\n\n<li>2 zus\u00e4tzliche Schlafzimmer im Obergeschoss, eines davon mit Ankleidezimmer, sorgen f\u00fcr zus\u00e4tzlichen Komfort und Organisation.<\/li>\n\n\n\n<li>1 komplettes Badezimmer: Gut ausgestattet f\u00fcr Funktionalit\u00e4t.<\/li>\n\n\n\n<li>Terrasse: Der Au\u00dfenbereich ist ideal, um die Umgebung zu genie\u00dfen.<\/li>\n\n\n\n<li>Solarium: Perfekt, um das ganze Jahr \u00fcber in der Sonne zu entspannen und das mediterrane Klima zu genie\u00dfen.<\/li>\n<\/ul>\n\n<p>Lage:<br\/>Die Villa befindet sich in einer wunderbaren Lage, die eine unglaubliche Kulisse garantiert, um die Ruhe, die N\u00e4he zum Meer und spektakul\u00e4re Naturlandschaften zu genie\u00dfen.<\/p>\n\n<p>Diese Immobilie verbindet modernes Design mit Komfort und einer privilegierten Lage, was sie zum idealen Ort f\u00fcr einen entspannten und eleganten Lebensstil macht. Verpassen Sie nicht die Gelegenheit, diese Villa zu besichtigen und sie zu Ihrer zu machen! <\/p>\n","protected":false},"excerpt":{"rendered":"<p>Diese sch\u00f6ne Villa mit 3 Schlafzimmern und 2 B\u00e4dern befindet sich in der charmanten Stadt San Pedro del Pinatar, nur wenige Schritte vom Mar Menor entfernt. Ideal, um die Ruhe, die Natur und die einzigartigen Landschaften der Region zu genie\u00dfen. Vertrieb: Lage:Die Villa befindet sich in einer wunderbaren Lage, die eine unglaubliche Kulisse garantiert, um [&hellip;]<\/p>\n","protected":false},"author":3,"featured_media":28734,"parent":0,"menu_order":0,"template":"","property_type":[208],"property_status":[46],"property_feature":[45,244],"property_label":[],"property_country":[],"property_state":[37],"property_city":[41],"property_area":[],"class_list":["post-29086","property","type-property","status-publish","has-post-thumbnail","hentry","property_type-villa-de","property_status-in-betrieb","property_feature-piscina-de","property_feature-terrasse-de","property_state-region-de-murcia-de","property_city-san-pedro-del-pinatar-de"],"property_meta":{"fave_featured":["0"],"houzez_featured_listing_date":[""],"fave_property_images":["28821","29051","29041","29046","28816","28871","28836","28916","28841","28831","28851","28876","29016","29011","28863","29006","28986","28886","29001","28996","29026","29021","28976","28971","28981","28861","28856","28951","28956","29036","29031","28966","28961","28911","28906","28901","28896","28806","28801","27528","27533","27538","29078"],"fave_single_top_area":["global"],"_top_nav_excluded":[""],"_cms_nav_minihome":[""],"houzez_geolocation_lat":["37.831272"],"houzez_geolocation_long":["-0.7909452"],"_thumbnail_id":["28734"],"_last_translation_edit_mode":["translation-editor"],"houzez_total_property_views":["87"],"houzez_views_by_date":["a:61:{s:10:\"05-31-2025\";i:1;s:10:\"06-01-2025\";i:1;s:10:\"06-05-2025\";i:3;s:10:\"06-11-2025\";i:2;s:10:\"06-14-2025\";i:1;s:10:\"06-23-2025\";i:1;s:10:\"06-26-2025\";i:2;s:10:\"07-06-2025\";i:1;s:10:\"07-08-2025\";i:1;s:10:\"07-13-2025\";i:1;s:10:\"07-15-2025\";i:1;s:10:\"07-23-2025\";i:1;s:10:\"07-24-2025\";i:1;s:10:\"07-29-2025\";i:1;s:10:\"08-02-2025\";i:1;s:10:\"08-16-2025\";i:1;s:10:\"08-21-2025\";i:1;s:10:\"08-26-2025\";i:1;s:10:\"08-30-2025\";i:3;s:10:\"09-04-2025\";i:2;s:10:\"09-09-2025\";i:1;s:10:\"09-13-2025\";i:1;s:10:\"09-14-2025\";i:1;s:10:\"09-19-2025\";i:1;s:10:\"09-24-2025\";i:1;s:10:\"09-29-2025\";i:1;s:10:\"10-03-2025\";i:1;s:10:\"10-04-2025\";i:1;s:10:\"10-09-2025\";i:1;s:10:\"10-15-2025\";i:1;s:10:\"10-20-2025\";i:1;s:10:\"11-18-2025\";i:1;s:10:\"11-26-2025\";i:2;s:10:\"12-06-2025\";i:1;s:10:\"12-13-2025\";i:1;s:10:\"12-17-2025\";i:1;s:10:\"12-18-2025\";i:1;s:10:\"12-19-2025\";i:3;s:10:\"01-01-2026\";i:1;s:10:\"01-03-2026\";i:1;s:10:\"01-07-2026\";i:1;s:10:\"01-11-2026\";i:1;s:10:\"01-12-2026\";i:1;s:10:\"01-13-2026\";i:2;s:10:\"01-30-2026\";i:1;s:10:\"02-23-2026\";i:1;s:10:\"03-11-2026\";i:2;s:10:\"03-14-2026\";i:2;s:10:\"03-20-2026\";i:1;s:10:\"03-25-2026\";i:1;s:10:\"03-30-2026\";i:1;s:10:\"03-31-2026\";i:1;s:10:\"04-05-2026\";i:1;s:10:\"04-07-2026\";i:1;s:10:\"04-11-2026\";i:1;s:10:\"04-13-2026\";i:1;s:10:\"04-16-2026\";i:1;s:10:\"04-21-2026\";i:1;s:10:\"04-26-2026\";i:1;s:10:\"04-27-2026\";i:1;s:10:\"04-28-2026\";i:1;}"],"houzez_recently_viewed":["2026-04-28 18:58:35"],"houzez_manual_expire":["0"],"_houzez_expiration_date_status":["saved"],"fave_property_price":["375000"],"fave_property_size":["112"],"fave_property_land":["105"],"fave_property_bedrooms":["3"],"fave_property_bathrooms":["2"],"fave_property_id":["3046MHR"],"fave_property_map":["1"],"fave_property_map_address":["San Pedro del Pinatar, Campo de Cartagena y Mar Menor, Region Murcia, 30740, Spanien"],"fave_property_location":["37.831272,-0.7909452,15"],"fave_property_map_street_view":["verbergen"],"fave_agent_display_option":["agent_info"],"fave_prop_homeslider":["keine"],"fave_private_note":["RODRIGO HOMES (Wachofengebiet) - nur noch Villa 7\n"],"_elementor_page_assets":["a:0:{}"]},"_links":{"self":[{"href":"https:\/\/myhomeproperty.es\/de\/wp-json\/wp\/v2\/properties\/29086","targetHints":{"allow":["GET"]}}],"collection":[{"href":"https:\/\/myhomeproperty.es\/de\/wp-json\/wp\/v2\/properties"}],"about":[{"href":"https:\/\/myhomeproperty.es\/de\/wp-json\/wp\/v2\/types\/property"}],"author":[{"embeddable":true,"href":"https:\/\/myhomeproperty.es\/de\/wp-json\/wp\/v2\/users\/3"}],"version-history":[{"count":1,"href":"https:\/\/myhomeproperty.es\/de\/wp-json\/wp\/v2\/properties\/29086\/revisions"}],"predecessor-version":[{"id":29087,"href":"https:\/\/myhomeproperty.es\/de\/wp-json\/wp\/v2\/properties\/29086\/revisions\/29087"}],"wp:featuredmedia":[{"embeddable":true,"href":"https:\/\/myhomeproperty.es\/de\/wp-json\/wp\/v2\/media\/28734"}],"wp:attachment":[{"href":"https:\/\/myhomeproperty.es\/de\/wp-json\/wp\/v2\/media?parent=29086"}],"wp:term":[{"taxonomy":"property_type","embeddable":true,"href":"https:\/\/myhomeproperty.es\/de\/wp-json\/wp\/v2\/property_type?post=29086"},{"taxonomy":"property_status","embeddable":true,"href":"https:\/\/myhomeproperty.es\/de\/wp-json\/wp\/v2\/property_status?post=29086"},{"taxonomy":"property_feature","embeddable":true,"href":"https:\/\/myhomeproperty.es\/de\/wp-json\/wp\/v2\/property_feature?post=29086"},{"taxonomy":"property_label","embeddable":true,"href":"https:\/\/myhomeproperty.es\/de\/wp-json\/wp\/v2\/property_label?post=29086"},{"taxonomy":"property_country","embeddable":true,"href":"https:\/\/myhomeproperty.es\/de\/wp-json\/wp\/v2\/property_country?post=29086"},{"taxonomy":"property_state","embeddable":true,"href":"https:\/\/myhomeproperty.es\/de\/wp-json\/wp\/v2\/property_state?post=29086"},{"taxonomy":"property_city","embeddable":true,"href":"https:\/\/myhomeproperty.es\/de\/wp-json\/wp\/v2\/property_city?post=29086"},{"taxonomy":"property_area","embeddable":true,"href":"https:\/\/myhomeproperty.es\/de\/wp-json\/wp\/v2\/property_area?post=29086"}],"curies":[{"name":"wp","href":"https:\/\/api.w.org\/{rel}","templated":true}]}}

<p>Diese schöne Villa mit 3 Schlafzimmern und 2 Bädern befindet sich in der charmanten Stadt San Pedro del Pinatar, nur wenige Schritte vom Mar Menor entfernt. Ideal, um die Ruhe, die Natur und die einzigartigen Landschaften der Region zu genießen. </p>

<p>Vertrieb:</p>

<ul class="wp-block-list">
<li>Erdgeschoss:</li>



<li>Esszimmer: Geräumig und hell, perfekt für Familientreffen oder Momente der Entspannung.</li>



<li>Küche im Loft-Stil: Modern, offen und funktionell.</li>



<li>1 Schlafzimmer: Geräumig und komfortabel.</li>



<li>1 komplettes Badezimmer: Modern und praktisch.</li>



<li>Waschküche: Zusätzlicher Platz für die Hausarbeit.</li>



<li>Terrasse: Geräumig, mit Platz zum Parken eines Fahrzeugs.</li>



<li>Privates Schwimmbad</li>



<li>2 zusätzliche Schlafzimmer im Obergeschoss, eines davon mit Ankleidezimmer, sorgen für zusätzlichen Komfort und Organisation.</li>



<li>1 komplettes Badezimmer: Gut ausgestattet für Funktionalität.</li>



<li>Terrasse: Der Außenbereich ist ideal, um die Umgebung zu genießen.</li>



<li>Solarium: Perfekt, um das ganze Jahr über in der Sonne zu entspannen und das mediterrane Klima zu genießen.</li>
</ul>

<p>Lage:<br/>Die Villa befindet sich in einer wunderbaren Lage, die eine unglaubliche Kulisse garantiert, um die Ruhe, die Nähe zum Meer und spektakuläre Naturlandschaften zu genießen.</p>

<p>Diese Immobilie verbindet modernes Design mit Komfort und einer privilegierten Lage, was sie zum idealen Ort für einen entspannten und eleganten Lebensstil macht. Verpassen Sie nicht die Gelegenheit, diese Villa zu besichtigen und sie zu Ihrer zu machen! </p>

<p>Diese schöne Villa mit 3 Schlafzimmern und 2 Bädern befindet sich in der charmanten Stadt San Pedro del Pinatar, nur wenige Schritte vom Mar Menor entfernt. Ideal, um die Ruhe, die Natur und die einzigartigen Landschaften der Region zu genießen. Vertrieb: Lage:Die Villa befindet sich in einer wunderbaren Lage, die eine unglaubliche Kulisse garantiert, um [&hellip;]</p>
