{"id":32372,"date":"2025-07-14T15:53:21","date_gmt":"2025-07-14T15:53:21","guid":{"rendered":"https:\/\/myhomeproperty.es\/property\/stadthaus-neubau-in-san-pedro-del-pinatar\/"},"modified":"2025-07-14T15:53:29","modified_gmt":"2025-07-14T15:53:29","slug":"stadthaus-neubau-in-san-pedro-del-pinatar","status":"publish","type":"property","link":"https:\/\/myhomeproperty.es\/de\/property\/stadthaus-neubau-in-san-pedro-del-pinatar\/","title":{"rendered":"Stadthaus Neubau in San Pedro del Pinatar"},"content":{"rendered":"\n<p>Wir pr\u00e4sentieren eine Doppelhaush\u00e4lfte mit privatem Swimmingpool, Terrasse, Solarium, Innenhof und Parkplatz.<\/p>\n\n<p>Die Wohnungen mit 3 Schlafzimmern und 2 B\u00e4dern sind in einem modernen Stil mit einem offenen Konzept gestaltet und verf\u00fcgen \u00fcber eine voll ausgestattete K\u00fcche und ein Wohn-\/Esszimmer.<\/p>\n\n<p>Es befindet sich in San Pedro del Pinatar, Murcia, umgeben von allen Dienstleistungen und Sporteinrichtungen, in der N\u00e4he von mehreren Golfpl\u00e4tzen und 5 Minuten vom Mittelmeer und den Str\u00e4nden des Mar Menor entfernt.<\/p>\n\n<p>Die Unterkunft entspricht den h\u00f6chsten Standards und umfasst:<\/p>\n\n<ul class=\"wp-block-list\">\n<li>Privater Swimmingpool mit Au\u00dfendusche.<\/li>\n\n\n\n<li>Voll ausgestattete K\u00fcche mit Backofen und Mikrowelle in der S\u00e4ule, integriertem Geschirrsp\u00fcler, K\u00fchlschrank, Cerankochfeld und Dunstabzug.<\/li>\n\n\n\n<li>LED-Beleuchtung: im Inneren des Hauses (Esszimmer, K\u00fcche, Flure und B\u00e4der) sowie in den Au\u00dfenbereichen.<\/li>\n\n\n\n<li>TV-Anschl\u00fcsse in allen Schlafzimmern, im Garten und auf der Sonnenterrasse.<\/li>\n\n\n\n<li>Einbauschr\u00e4nke mit Schubladen.<\/li>\n\n\n\n<li>Vollst\u00e4ndig ausgestattete Badezimmer mit Waschbecken, Toilette, Spiegel mit Licht, Dusche und Paravents. Vorinstallation der Klimaanlage.<\/li>\n\n\n\n<li>Aluminium-Innenhof mit Schiebet\u00fcren.<\/li>\n\n\n\n<li>Sommerk\u00fcche und Solarium mit Vorinstallation f\u00fcr die Waschmaschine.<\/li>\n<\/ul>\n","protected":false},"excerpt":{"rendered":"<p>Wir pr\u00e4sentieren eine Doppelhaush\u00e4lfte mit privatem Swimmingpool, Terrasse, Solarium, Innenhof und Parkplatz. Die Wohnungen mit 3 Schlafzimmern und 2 B\u00e4dern sind in einem modernen Stil mit einem offenen Konzept gestaltet und verf\u00fcgen \u00fcber eine voll ausgestattete K\u00fcche und ein Wohn-\/Esszimmer. Es befindet sich in San Pedro del Pinatar, Murcia, umgeben von allen Dienstleistungen und Sporteinrichtungen, [&hellip;]<\/p>\n","protected":false},"author":3,"featured_media":32314,"parent":0,"menu_order":0,"template":"","property_type":[133],"property_status":[46],"property_feature":[45,299,244],"property_label":[],"property_country":[33],"property_state":[37],"property_city":[41],"property_area":[],"class_list":["post-32372","property","type-property","status-publish","has-post-thumbnail","hentry","property_type-doppelhaushalfte","property_status-in-betrieb","property_feature-piscina-de","property_feature-solarium-de","property_feature-terrasse-de","property_country-spain-de","property_state-region-de-murcia-de","property_city-san-pedro-del-pinatar-de"],"property_meta":{"fave_featured":["1"],"houzez_featured_listing_date":["2025-07-14 15:53:28"],"fave_property_images":["32311","32301","32306","32256","32261","32266","32271","32316","32276","32281","32286","32296","32251","32361","32366"],"fave_single_top_area":["global"],"_top_nav_excluded":[""],"_cms_nav_minihome":[""],"fave_property_price":["295000"],"fave_property_size":["100"],"fave_property_land":["90"],"fave_property_bedrooms":["3"],"fave_property_bathrooms":["2"],"fave_property_id":["3061MHP"],"fave_property_map":["1"],"fave_property_map_address":["San Pedro del Pinatar, Campo de Cartagena y Mar Menor, Region Murcia, 30740, Spanien"],"fave_property_location":["37.831272,-0.7909452,15"],"houzez_geolocation_lat":["37.831272"],"houzez_geolocation_long":["-0.7909452"],"fave_property_map_street_view":["verbergen"],"fave_agent_display_option":["autor_info"],"fave_prop_homeslider":["keine"],"fave_private_note":["RESIDENCIAL DE ATENAS SAN PEDRO (Paco Albaladejo) - St\u00e4dtischer Schwimmbadbereich  "],"_thumbnail_id":["32314"],"_last_translation_edit_mode":["translation-editor"],"houzez_total_property_views":["92"],"houzez_views_by_date":["a:61:{s:10:\"08-27-2025\";i:1;s:10:\"08-29-2025\";i:1;s:10:\"08-30-2025\";i:1;s:10:\"09-03-2025\";i:1;s:10:\"09-04-2025\";i:1;s:10:\"09-06-2025\";i:1;s:10:\"09-09-2025\";i:1;s:10:\"09-12-2025\";i:1;s:10:\"09-13-2025\";i:1;s:10:\"09-14-2025\";i:1;s:10:\"09-17-2025\";i:1;s:10:\"09-18-2025\";i:1;s:10:\"09-22-2025\";i:1;s:10:\"09-24-2025\";i:2;s:10:\"09-26-2025\";i:1;s:10:\"09-27-2025\";i:1;s:10:\"09-28-2025\";i:1;s:10:\"10-02-2025\";i:1;s:10:\"10-07-2025\";i:1;s:10:\"10-11-2025\";i:1;s:10:\"10-12-2025\";i:1;s:10:\"10-17-2025\";i:1;s:10:\"10-21-2025\";i:1;s:10:\"10-22-2025\";i:1;s:10:\"11-03-2025\";i:1;s:10:\"11-17-2025\";i:1;s:10:\"11-18-2025\";i:1;s:10:\"11-23-2025\";i:1;s:10:\"11-28-2025\";i:1;s:10:\"12-03-2025\";i:1;s:10:\"12-10-2025\";i:1;s:10:\"12-11-2025\";i:1;s:10:\"12-15-2025\";i:1;s:10:\"12-20-2025\";i:1;s:10:\"12-25-2025\";i:1;s:10:\"01-04-2026\";i:1;s:10:\"01-07-2026\";i:1;s:10:\"01-11-2026\";i:1;s:10:\"01-12-2026\";i:1;s:10:\"01-20-2026\";i:1;s:10:\"01-25-2026\";i:1;s:10:\"01-29-2026\";i:1;s:10:\"02-03-2026\";i:1;s:10:\"02-06-2026\";i:1;s:10:\"02-11-2026\";i:1;s:10:\"02-21-2026\";i:1;s:10:\"03-05-2026\";i:1;s:10:\"03-11-2026\";i:2;s:10:\"03-16-2026\";i:3;s:10:\"03-17-2026\";i:1;s:10:\"03-22-2026\";i:1;s:10:\"03-26-2026\";i:1;s:10:\"03-28-2026\";i:1;s:10:\"03-29-2026\";i:1;s:10:\"04-02-2026\";i:1;s:10:\"04-03-2026\";i:1;s:10:\"04-08-2026\";i:1;s:10:\"04-12-2026\";i:1;s:10:\"04-18-2026\";i:3;s:10:\"04-27-2026\";i:3;s:10:\"04-28-2026\";i:3;}"],"houzez_recently_viewed":["2026-04-28 20:55:03"],"_elementor_page_assets":["a:0:{}"]},"_links":{"self":[{"href":"https:\/\/myhomeproperty.es\/de\/wp-json\/wp\/v2\/properties\/32372","targetHints":{"allow":["GET"]}}],"collection":[{"href":"https:\/\/myhomeproperty.es\/de\/wp-json\/wp\/v2\/properties"}],"about":[{"href":"https:\/\/myhomeproperty.es\/de\/wp-json\/wp\/v2\/types\/property"}],"author":[{"embeddable":true,"href":"https:\/\/myhomeproperty.es\/de\/wp-json\/wp\/v2\/users\/3"}],"version-history":[{"count":1,"href":"https:\/\/myhomeproperty.es\/de\/wp-json\/wp\/v2\/properties\/32372\/revisions"}],"predecessor-version":[{"id":32373,"href":"https:\/\/myhomeproperty.es\/de\/wp-json\/wp\/v2\/properties\/32372\/revisions\/32373"}],"wp:featuredmedia":[{"embeddable":true,"href":"https:\/\/myhomeproperty.es\/de\/wp-json\/wp\/v2\/media\/32314"}],"wp:attachment":[{"href":"https:\/\/myhomeproperty.es\/de\/wp-json\/wp\/v2\/media?parent=32372"}],"wp:term":[{"taxonomy":"property_type","embeddable":true,"href":"https:\/\/myhomeproperty.es\/de\/wp-json\/wp\/v2\/property_type?post=32372"},{"taxonomy":"property_status","embeddable":true,"href":"https:\/\/myhomeproperty.es\/de\/wp-json\/wp\/v2\/property_status?post=32372"},{"taxonomy":"property_feature","embeddable":true,"href":"https:\/\/myhomeproperty.es\/de\/wp-json\/wp\/v2\/property_feature?post=32372"},{"taxonomy":"property_label","embeddable":true,"href":"https:\/\/myhomeproperty.es\/de\/wp-json\/wp\/v2\/property_label?post=32372"},{"taxonomy":"property_country","embeddable":true,"href":"https:\/\/myhomeproperty.es\/de\/wp-json\/wp\/v2\/property_country?post=32372"},{"taxonomy":"property_state","embeddable":true,"href":"https:\/\/myhomeproperty.es\/de\/wp-json\/wp\/v2\/property_state?post=32372"},{"taxonomy":"property_city","embeddable":true,"href":"https:\/\/myhomeproperty.es\/de\/wp-json\/wp\/v2\/property_city?post=32372"},{"taxonomy":"property_area","embeddable":true,"href":"https:\/\/myhomeproperty.es\/de\/wp-json\/wp\/v2\/property_area?post=32372"}],"curies":[{"name":"wp","href":"https:\/\/api.w.org\/{rel}","templated":true}]}}

<p>Wir präsentieren eine Doppelhaushälfte mit privatem Swimmingpool, Terrasse, Solarium, Innenhof und Parkplatz.</p>

<p>Die Wohnungen mit 3 Schlafzimmern und 2 Bädern sind in einem modernen Stil mit einem offenen Konzept gestaltet und verfügen über eine voll ausgestattete Küche und ein Wohn-/Esszimmer.</p>

<p>Es befindet sich in San Pedro del Pinatar, Murcia, umgeben von allen Dienstleistungen und Sporteinrichtungen, in der Nähe von mehreren Golfplätzen und 5 Minuten vom Mittelmeer und den Stränden des Mar Menor entfernt.</p>

<p>Die Unterkunft entspricht den höchsten Standards und umfasst:</p>

<ul class="wp-block-list">
<li>Privater Swimmingpool mit Außendusche.</li>



<li>Voll ausgestattete Küche mit Backofen und Mikrowelle in der Säule, integriertem Geschirrspüler, Kühlschrank, Cerankochfeld und Dunstabzug.</li>



<li>LED-Beleuchtung: im Inneren des Hauses (Esszimmer, Küche, Flure und Bäder) sowie in den Außenbereichen.</li>



<li>TV-Anschlüsse in allen Schlafzimmern, im Garten und auf der Sonnenterrasse.</li>



<li>Einbauschränke mit Schubladen.</li>



<li>Vollständig ausgestattete Badezimmer mit Waschbecken, Toilette, Spiegel mit Licht, Dusche und Paravents. Vorinstallation der Klimaanlage.</li>



<li>Aluminium-Innenhof mit Schiebetüren.</li>



<li>Sommerküche und Solarium mit Vorinstallation für die Waschmaschine.</li>
</ul>

<p>Wir präsentieren eine Doppelhaushälfte mit privatem Swimmingpool, Terrasse, Solarium, Innenhof und Parkplatz. Die Wohnungen mit 3 Schlafzimmern und 2 Bädern sind in einem modernen Stil mit einem offenen Konzept gestaltet und verfügen über eine voll ausgestattete Küche und ein Wohn-/Esszimmer. Es befindet sich in San Pedro del Pinatar, Murcia, umgeben von allen Dienstleistungen und Sporteinrichtungen, [&hellip;]</p>

RESIDENCIAL DE ATENAS SAN PEDRO (Paco Albaladejo) - Städtischer Schwimmbadbereich
