{"id":32985,"date":"2025-07-16T16:46:27","date_gmt":"2025-07-16T16:46:27","guid":{"rendered":"https:\/\/myhomeproperty.es\/property\/2-schlafzimmer-wohnung-in-algorfa\/"},"modified":"2025-07-16T16:52:09","modified_gmt":"2025-07-16T16:52:09","slug":"2-schlafzimmer-wohnung-in-algorfa","status":"publish","type":"property","link":"https:\/\/myhomeproperty.es\/de\/property\/2-schlafzimmer-wohnung-in-algorfa\/","title":{"rendered":"2 schlafzimmer wohnung in Algorfa"},"content":{"rendered":"\n<p>Ganz in der N\u00e4he von Sport- und Freizeitanlagen, Bars, Restaurants und den Gesch\u00e4ften des Dorfes finden wir diese sch\u00f6ne und helle Wohnung im ersten Stock mit S\u00fcd-S\u00fcdwest-Ausrichtung und Blick auf den Gemeinschaftspool und die gro\u00dfen st\u00e4dtischen Sportanlagen.<br\/><\/p>\n\n<p>Die Urbanisation verf\u00fcgt \u00fcber Gr\u00fcnfl\u00e4chen und einen Gemeinschaftspool auf der Vorderseite und Garagen im Untergeschoss. Die Immobilie selbst wird \u00fcber eine gemeinsame Treppe betreten, die direkt auf die private Terrasse und die Gemeinschaftsbereiche f\u00fchrt, die praktisch den ganzen Tag \u00fcber von der Sonne beschienen werden, was sie im Winter sehr angenehm macht, da sie direkte Sonneneinstrahlung hat, und im Sommer die Brise empf\u00e4ngt, da keine Geb\u00e4ude davor stehen und sie sehr offen ist. Von dieser gro\u00dfen Terrasse aus haben Sie einen ungehinderten Blick. <br\/><\/p>\n\n<p>Wie bereits erw\u00e4hnt, betritt man die Immobilie \u00fcber die Gemeinschaftstreppe und gelangt \u00fcber einen kleinen Flur in das offene Wohn-\/Esszimmer mit verschiedenen R\u00e4umen und die offene K\u00fcche, die vom Boden bis zur Decke gefliest und leicht zu reinigen ist. Sie verf\u00fcgt \u00fcber alle K\u00fccheneinheiten und Ger\u00e4te sowie einen verglasten Innenhof-Waschraum, um Staub und Schmutz aus dem Waschbereich fernzuhalten.<br\/><\/p>\n\n<p>Die Immobilie verf\u00fcgt \u00fcber zwei gro\u00dfe Schlafzimmer mit Einbauschr\u00e4nken und Fenstern nach au\u00dfen und ein komplettes Badezimmer mit Dusche.<br\/><\/p>\n\n<p>Es befindet sich in einem sehr guten Zustand, ist komplett m\u00f6bliert und bezugsfertig und verf\u00fcgt \u00fcber einen Stellplatz in der Gemeinschaftsgarage mit automatischem Tor unter dem Geb\u00e4ude f\u00fcr Ihr Fahrzeug und einen separaten Abstellraum mit eigener T\u00fcr, in dem Sie Koffer, Fahrr\u00e4der und alles, was Sie nie wissen, wo Sie es lassen, im Haus unterbringen k\u00f6nnen.<br\/><\/p>\n\n<p>Ob f\u00fcr ganzj\u00e4hriges Wohnen, gelegentlichen Urlaub oder Mieteinnahmen, ein Besuch lohnt sich, um das Potenzial zu erkennen.<\/p>\n","protected":false},"excerpt":{"rendered":"<p>Ganz in der N\u00e4he von Sport- und Freizeitanlagen, Bars, Restaurants und den Gesch\u00e4ften des Dorfes finden wir diese sch\u00f6ne und helle Wohnung im ersten Stock mit S\u00fcd-S\u00fcdwest-Ausrichtung und Blick auf den Gemeinschaftspool und die gro\u00dfen st\u00e4dtischen Sportanlagen. Die Urbanisation verf\u00fcgt \u00fcber Gr\u00fcnfl\u00e4chen und einen Gemeinschaftspool auf der Vorderseite und Garagen im Untergeschoss. Die Immobilie selbst [&hellip;]<\/p>\n","protected":false},"author":3,"featured_media":32921,"parent":0,"menu_order":0,"template":"","property_type":[181],"property_status":[46],"property_feature":[45,244],"property_label":[],"property_country":[],"property_state":[51],"property_city":[324],"property_area":[],"class_list":["post-32985","property","type-property","status-publish","has-post-thumbnail","hentry","property_type-apartment","property_status-in-betrieb","property_feature-piscina-de","property_feature-terrasse-de","property_state-alicante-de","property_city-algorfa-de"],"property_meta":{"fave_featured":["0"],"houzez_featured_listing_date":[""],"fave_property_images":["32918","32888","32743","32753","32803","32758","32768","32813","32818","32823","32748","32763","32808","32773","32778","32783","32788","32793","32798","32848","32828","32833","32838","32843","32868","32883","32873","32878","32853","32858","32863","32913","32923","32938","32948","32963","32968","32953","32738"],"fave_single_top_area":["global"],"_top_nav_excluded":[""],"_cms_nav_minihome":[""],"houzez_geolocation_lat":["38.0862119"],"houzez_geolocation_long":["-0.796152"],"_thumbnail_id":["32921"],"_last_translation_edit_mode":["translation-editor"],"fave_property_price":["119900"],"fave_property_size":["70"],"fave_property_bedrooms":["2"],"fave_property_bathrooms":["1"],"fave_property_id":["3064MHJ"],"fave_property_map":["1"],"fave_property_map_address":["Algorfa, el Baix Segura \/ La Vega Baja, Alacant \/ Alicante, Comunitat Valenciana, Spanien"],"fave_property_location":["38.0862119,-0.796152,15"],"fave_property_map_street_view":["verbergen"],"fave_agent_display_option":["autor_info"],"fave_prop_homeslider":["keine"],"houzez_manual_expire":["0"],"_houzez_expiration_date_status":["saved"],"houzez_total_property_views":["78"],"houzez_views_by_date":["a:61:{s:10:\"07-30-2025\";i:1;s:10:\"07-31-2025\";i:1;s:10:\"08-16-2025\";i:1;s:10:\"08-25-2025\";i:1;s:10:\"08-29-2025\";i:1;s:10:\"08-30-2025\";i:1;s:10:\"08-31-2025\";i:1;s:10:\"09-06-2025\";i:1;s:10:\"09-11-2025\";i:1;s:10:\"09-16-2025\";i:3;s:10:\"09-17-2025\";i:2;s:10:\"09-20-2025\";i:2;s:10:\"09-25-2025\";i:1;s:10:\"09-28-2025\";i:1;s:10:\"09-30-2025\";i:1;s:10:\"10-05-2025\";i:1;s:10:\"10-09-2025\";i:1;s:10:\"10-15-2025\";i:1;s:10:\"10-20-2025\";i:1;s:10:\"10-24-2025\";i:1;s:10:\"10-30-2025\";i:1;s:10:\"11-14-2025\";i:1;s:10:\"11-17-2025\";i:1;s:10:\"11-24-2025\";i:1;s:10:\"11-28-2025\";i:2;s:10:\"12-02-2025\";i:1;s:10:\"12-04-2025\";i:1;s:10:\"12-10-2025\";i:1;s:10:\"12-20-2025\";i:1;s:10:\"12-25-2025\";i:1;s:10:\"12-30-2025\";i:1;s:10:\"01-04-2026\";i:1;s:10:\"01-11-2026\";i:2;s:10:\"01-14-2026\";i:1;s:10:\"01-19-2026\";i:1;s:10:\"01-24-2026\";i:1;s:10:\"02-02-2026\";i:1;s:10:\"02-03-2026\";i:1;s:10:\"02-11-2026\";i:1;s:10:\"02-20-2026\";i:1;s:10:\"02-24-2026\";i:1;s:10:\"03-03-2026\";i:1;s:10:\"03-11-2026\";i:2;s:10:\"03-12-2026\";i:1;s:10:\"03-16-2026\";i:1;s:10:\"03-21-2026\";i:2;s:10:\"03-22-2026\";i:1;s:10:\"03-26-2026\";i:1;s:10:\"03-27-2026\";i:1;s:10:\"03-29-2026\";i:1;s:10:\"03-30-2026\";i:1;s:10:\"04-01-2026\";i:1;s:10:\"04-04-2026\";i:1;s:10:\"04-05-2026\";i:1;s:10:\"04-07-2026\";i:1;s:10:\"04-11-2026\";i:1;s:10:\"04-15-2026\";i:1;s:10:\"04-16-2026\";i:1;s:10:\"04-21-2026\";i:1;s:10:\"04-25-2026\";i:1;s:10:\"04-28-2026\";i:2;}"],"houzez_recently_viewed":["2026-04-28 19:53:43"],"_elementor_page_assets":["a:0:{}"]},"_links":{"self":[{"href":"https:\/\/myhomeproperty.es\/de\/wp-json\/wp\/v2\/properties\/32985","targetHints":{"allow":["GET"]}}],"collection":[{"href":"https:\/\/myhomeproperty.es\/de\/wp-json\/wp\/v2\/properties"}],"about":[{"href":"https:\/\/myhomeproperty.es\/de\/wp-json\/wp\/v2\/types\/property"}],"author":[{"embeddable":true,"href":"https:\/\/myhomeproperty.es\/de\/wp-json\/wp\/v2\/users\/3"}],"version-history":[{"count":2,"href":"https:\/\/myhomeproperty.es\/de\/wp-json\/wp\/v2\/properties\/32985\/revisions"}],"predecessor-version":[{"id":32989,"href":"https:\/\/myhomeproperty.es\/de\/wp-json\/wp\/v2\/properties\/32985\/revisions\/32989"}],"wp:featuredmedia":[{"embeddable":true,"href":"https:\/\/myhomeproperty.es\/de\/wp-json\/wp\/v2\/media\/32921"}],"wp:attachment":[{"href":"https:\/\/myhomeproperty.es\/de\/wp-json\/wp\/v2\/media?parent=32985"}],"wp:term":[{"taxonomy":"property_type","embeddable":true,"href":"https:\/\/myhomeproperty.es\/de\/wp-json\/wp\/v2\/property_type?post=32985"},{"taxonomy":"property_status","embeddable":true,"href":"https:\/\/myhomeproperty.es\/de\/wp-json\/wp\/v2\/property_status?post=32985"},{"taxonomy":"property_feature","embeddable":true,"href":"https:\/\/myhomeproperty.es\/de\/wp-json\/wp\/v2\/property_feature?post=32985"},{"taxonomy":"property_label","embeddable":true,"href":"https:\/\/myhomeproperty.es\/de\/wp-json\/wp\/v2\/property_label?post=32985"},{"taxonomy":"property_country","embeddable":true,"href":"https:\/\/myhomeproperty.es\/de\/wp-json\/wp\/v2\/property_country?post=32985"},{"taxonomy":"property_state","embeddable":true,"href":"https:\/\/myhomeproperty.es\/de\/wp-json\/wp\/v2\/property_state?post=32985"},{"taxonomy":"property_city","embeddable":true,"href":"https:\/\/myhomeproperty.es\/de\/wp-json\/wp\/v2\/property_city?post=32985"},{"taxonomy":"property_area","embeddable":true,"href":"https:\/\/myhomeproperty.es\/de\/wp-json\/wp\/v2\/property_area?post=32985"}],"curies":[{"name":"wp","href":"https:\/\/api.w.org\/{rel}","templated":true}]}}

<p>Ganz in der Nähe von Sport- und Freizeitanlagen, Bars, Restaurants und den Geschäften des Dorfes finden wir diese schöne und helle Wohnung im ersten Stock mit Süd-Südwest-Ausrichtung und Blick auf den Gemeinschaftspool und die großen städtischen Sportanlagen.<br/></p>

<p>Die Urbanisation verfügt über Grünflächen und einen Gemeinschaftspool auf der Vorderseite und Garagen im Untergeschoss. Die Immobilie selbst wird über eine gemeinsame Treppe betreten, die direkt auf die private Terrasse und die Gemeinschaftsbereiche führt, die praktisch den ganzen Tag über von der Sonne beschienen werden, was sie im Winter sehr angenehm macht, da sie direkte Sonneneinstrahlung hat, und im Sommer die Brise empfängt, da keine Gebäude davor stehen und sie sehr offen ist. Von dieser großen Terrasse aus haben Sie einen ungehinderten Blick. <br/></p>

<p>Wie bereits erwähnt, betritt man die Immobilie über die Gemeinschaftstreppe und gelangt über einen kleinen Flur in das offene Wohn-/Esszimmer mit verschiedenen Räumen und die offene Küche, die vom Boden bis zur Decke gefliest und leicht zu reinigen ist. Sie verfügt über alle Kücheneinheiten und Geräte sowie einen verglasten Innenhof-Waschraum, um Staub und Schmutz aus dem Waschbereich fernzuhalten.<br/></p>

<p>Die Immobilie verfügt über zwei große Schlafzimmer mit Einbauschränken und Fenstern nach außen und ein komplettes Badezimmer mit Dusche.<br/></p>

<p>Es befindet sich in einem sehr guten Zustand, ist komplett möbliert und bezugsfertig und verfügt über einen Stellplatz in der Gemeinschaftsgarage mit automatischem Tor unter dem Gebäude für Ihr Fahrzeug und einen separaten Abstellraum mit eigener Tür, in dem Sie Koffer, Fahrräder und alles, was Sie nie wissen, wo Sie es lassen, im Haus unterbringen können.<br/></p>

<p>Ob für ganzjähriges Wohnen, gelegentlichen Urlaub oder Mieteinnahmen, ein Besuch lohnt sich, um das Potenzial zu erkennen.</p>

<p>Ganz in der Nähe von Sport- und Freizeitanlagen, Bars, Restaurants und den Geschäften des Dorfes finden wir diese schöne und helle Wohnung im ersten Stock mit Süd-Südwest-Ausrichtung und Blick auf den Gemeinschaftspool und die großen städtischen Sportanlagen. Die Urbanisation verfügt über Grünflächen und einen Gemeinschaftspool auf der Vorderseite und Garagen im Untergeschoss. Die Immobilie selbst [&hellip;]</p>
