{"id":34906,"date":"2025-11-24T18:39:15","date_gmt":"2025-11-24T18:39:15","guid":{"rendered":"https:\/\/myhomeproperty.es\/property\/wohnungen-mit-1-2-oder-3-schlafzimmern-in-avileses\/"},"modified":"2026-01-05T12:20:55","modified_gmt":"2026-01-05T12:20:55","slug":"wohnungen-mit-1-2-oder-3-schlafzimmern-in-avileses","status":"publish","type":"property","link":"https:\/\/myhomeproperty.es\/de\/property\/wohnungen-mit-1-2-oder-3-schlafzimmern-in-avileses\/","title":{"rendered":"Wohnungen mit 1, 2 oder 3 Schlafzimmern in Avileses"},"content":{"rendered":"\n<p>Wir pr\u00e4sentieren Ihnen diese exklusive Wohnanlage im Dorf Avileses, ideal f\u00fcr alle, die Lebensqualit\u00e4t in einer nat\u00fcrlichen Umgebung mit guter Verkehrsanbindung suchen. Es handelt sich um brandneue Wohnungen mit hochwertiger Ausstattung und einem ausgezeichneten Preis-Leistungs-Verh\u00e4ltnis. <\/p>\n\n<p>Wir haben Wohnungen mit 1 oder 2 Schlafzimmern mit 1 Bad oder 3 Schlafzimmern mit 2 B\u00e4dern. Parkpl\u00e4tze sind vorhanden.   <\/p>\n\n<p>\ud83d\udccd Privilegierter Standort<\/p>\n\n<ul class=\"wp-block-list\">\n<li>Nur 8 km von mehreren Golfpl\u00e4tzen entfernt<\/li>\n\n\n\n<li>12 km von San Javier<\/li>\n\n\n\n<li>10 km von Hospital General Universitario Los Arcos del Mar Menor entfernt<\/li>\n\n\n\n<li>13 km von den Str\u00e4nden des Mar Menor entfernt<\/li>\n<\/ul>\n\n<p>\ud83d\udcb6 Preise ab 73.000\u20ac.<\/p>\n\n<p>BLACKFRIDAY ANGEBOT: Beim Kauf des Hauses verschenken wir einen SMART TV 55&#8243;.<\/p>\n\n<p>Die Bilder entsprechen der Musterwohnung mit 2 Schlafzimmern und 1 Badezimmer, mit Parkplatz, die m\u00f6bliert und mit Elektroger\u00e4ten geliefert wird. POLOTO WOHNUNG PREIS: 112.000\u20ac.  <\/p>\n\n<p><\/p>\n","protected":false},"excerpt":{"rendered":"<p>Wir pr\u00e4sentieren Ihnen diese exklusive Wohnanlage im Dorf Avileses, ideal f\u00fcr alle, die Lebensqualit\u00e4t in einer nat\u00fcrlichen Umgebung mit guter Verkehrsanbindung suchen. Es handelt sich um brandneue Wohnungen mit hochwertiger Ausstattung und einem ausgezeichneten Preis-Leistungs-Verh\u00e4ltnis. Wir haben Wohnungen mit 1 oder 2 Schlafzimmern mit 1 Bad oder 3 Schlafzimmern mit 2 B\u00e4dern. Parkpl\u00e4tze sind vorhanden. [&hellip;]<\/p>\n","protected":false},"author":3,"featured_media":34896,"parent":0,"menu_order":0,"template":"","property_type":[181],"property_status":[46],"property_feature":[],"property_label":[],"property_country":[33],"property_state":[37],"property_city":[341,298],"property_area":[317],"class_list":["post-34906","property","type-property","status-publish","has-post-thumbnail","hentry","property_type-apartment","property_status-in-betrieb","property_country-spain-de","property_state-region-de-murcia-de","property_city-avileses-de","property_city-murcia-de","property_area-avileses-de"],"property_meta":{"fave_featured":["0"],"houzez_featured_listing_date":[""],"fave_property_images":["34898","34893","34873","34888","34828","34833","34838","34813","34788","34848","34818","34783","34843","34868","34863","34808","34803","34858","34853","34793","34823","34798"],"fave_single_top_area":["global"],"_top_nav_excluded":[""],"_cms_nav_minihome":[""],"houzez_geolocation_lat":["37.8488494"],"houzez_geolocation_long":["-0.9421205"],"_thumbnail_id":["34896"],"_last_translation_edit_mode":["translation-editor"],"houzez_total_property_views":["52"],"houzez_views_by_date":["a:44:{s:10:\"11-25-2025\";i:3;s:10:\"11-26-2025\";i:3;s:10:\"11-28-2025\";i:1;s:10:\"11-30-2025\";i:1;s:10:\"12-01-2025\";i:1;s:10:\"12-10-2025\";i:1;s:10:\"12-12-2025\";i:1;s:10:\"12-15-2025\";i:1;s:10:\"12-30-2025\";i:1;s:10:\"01-03-2026\";i:1;s:10:\"01-08-2026\";i:1;s:10:\"01-10-2026\";i:1;s:10:\"01-11-2026\";i:2;s:10:\"01-13-2026\";i:1;s:10:\"01-22-2026\";i:1;s:10:\"01-27-2026\";i:1;s:10:\"01-31-2026\";i:1;s:10:\"02-03-2026\";i:1;s:10:\"02-05-2026\";i:1;s:10:\"02-07-2026\";i:1;s:10:\"02-12-2026\";i:1;s:10:\"02-15-2026\";i:1;s:10:\"02-21-2026\";i:1;s:10:\"02-26-2026\";i:1;s:10:\"02-27-2026\";i:1;s:10:\"03-06-2026\";i:1;s:10:\"03-07-2026\";i:1;s:10:\"03-11-2026\";i:1;s:10:\"03-16-2026\";i:1;s:10:\"03-19-2026\";i:1;s:10:\"03-21-2026\";i:1;s:10:\"03-26-2026\";i:1;s:10:\"03-30-2026\";i:1;s:10:\"03-31-2026\";i:1;s:10:\"04-01-2026\";i:1;s:10:\"04-05-2026\";i:1;s:10:\"04-08-2026\";i:1;s:10:\"04-09-2026\";i:1;s:10:\"04-10-2026\";i:1;s:10:\"04-15-2026\";i:1;s:10:\"04-19-2026\";i:3;s:10:\"04-24-2026\";i:1;s:10:\"04-26-2026\";i:1;s:10:\"04-28-2026\";i:2;}"],"houzez_recently_viewed":["2026-04-28 18:51:32"],"_elementor_page_assets":["a:0:{}"],"fave_property_price":["78000"],"fave_property_id":["3070MHH"],"fave_property_map":["1"],"fave_property_map_address":["Avileses, Jer\u00f3nimos y Avileses, Jer\u00f3nimos y Avileses y Balsicas de Arriba, Murcia, Campo de Cartagena y Mar Menor, Regi\u00f3n de Murcia, 30590, Spanien"],"fave_property_location":["37.8488494,-0.9421205,15"],"fave_property_map_street_view":["verbergen"],"fave_agent_display_option":["autor_info"],"fave_prop_homeslider":["keine"],"houzez_manual_expire":["0"],"_houzez_expiration_date_status":["saved"]},"_links":{"self":[{"href":"https:\/\/myhomeproperty.es\/de\/wp-json\/wp\/v2\/properties\/34906","targetHints":{"allow":["GET"]}}],"collection":[{"href":"https:\/\/myhomeproperty.es\/de\/wp-json\/wp\/v2\/properties"}],"about":[{"href":"https:\/\/myhomeproperty.es\/de\/wp-json\/wp\/v2\/types\/property"}],"author":[{"embeddable":true,"href":"https:\/\/myhomeproperty.es\/de\/wp-json\/wp\/v2\/users\/3"}],"version-history":[{"count":2,"href":"https:\/\/myhomeproperty.es\/de\/wp-json\/wp\/v2\/properties\/34906\/revisions"}],"predecessor-version":[{"id":34916,"href":"https:\/\/myhomeproperty.es\/de\/wp-json\/wp\/v2\/properties\/34906\/revisions\/34916"}],"wp:featuredmedia":[{"embeddable":true,"href":"https:\/\/myhomeproperty.es\/de\/wp-json\/wp\/v2\/media\/34896"}],"wp:attachment":[{"href":"https:\/\/myhomeproperty.es\/de\/wp-json\/wp\/v2\/media?parent=34906"}],"wp:term":[{"taxonomy":"property_type","embeddable":true,"href":"https:\/\/myhomeproperty.es\/de\/wp-json\/wp\/v2\/property_type?post=34906"},{"taxonomy":"property_status","embeddable":true,"href":"https:\/\/myhomeproperty.es\/de\/wp-json\/wp\/v2\/property_status?post=34906"},{"taxonomy":"property_feature","embeddable":true,"href":"https:\/\/myhomeproperty.es\/de\/wp-json\/wp\/v2\/property_feature?post=34906"},{"taxonomy":"property_label","embeddable":true,"href":"https:\/\/myhomeproperty.es\/de\/wp-json\/wp\/v2\/property_label?post=34906"},{"taxonomy":"property_country","embeddable":true,"href":"https:\/\/myhomeproperty.es\/de\/wp-json\/wp\/v2\/property_country?post=34906"},{"taxonomy":"property_state","embeddable":true,"href":"https:\/\/myhomeproperty.es\/de\/wp-json\/wp\/v2\/property_state?post=34906"},{"taxonomy":"property_city","embeddable":true,"href":"https:\/\/myhomeproperty.es\/de\/wp-json\/wp\/v2\/property_city?post=34906"},{"taxonomy":"property_area","embeddable":true,"href":"https:\/\/myhomeproperty.es\/de\/wp-json\/wp\/v2\/property_area?post=34906"}],"curies":[{"name":"wp","href":"https:\/\/api.w.org\/{rel}","templated":true}]}}

<p>Wir präsentieren Ihnen diese exklusive Wohnanlage im Dorf Avileses, ideal für alle, die Lebensqualität in einer natürlichen Umgebung mit guter Verkehrsanbindung suchen. Es handelt sich um brandneue Wohnungen mit hochwertiger Ausstattung und einem ausgezeichneten Preis-Leistungs-Verhältnis. </p>

<p>Wir haben Wohnungen mit 1 oder 2 Schlafzimmern mit 1 Bad oder 3 Schlafzimmern mit 2 Bädern. Parkplätze sind vorhanden.   </p>

<p>📍 Privilegierter Standort</p>

<ul class="wp-block-list">
<li>Nur 8 km von mehreren Golfplätzen entfernt</li>



<li>12 km von San Javier</li>



<li>10 km von Hospital General Universitario Los Arcos del Mar Menor entfernt</li>



<li>13 km von den Stränden des Mar Menor entfernt</li>
</ul>

<p>💶 Preise ab 73.000€.</p>

<p>BLACKFRIDAY ANGEBOT: Beim Kauf des Hauses verschenken wir einen SMART TV 55&#8243;.</p>

<p>Die Bilder entsprechen der Musterwohnung mit 2 Schlafzimmern und 1 Badezimmer, mit Parkplatz, die möbliert und mit Elektrogeräten geliefert wird. POLOTO WOHNUNG PREIS: 112.000€.  </p>

<p></p>

<p>Wir präsentieren Ihnen diese exklusive Wohnanlage im Dorf Avileses, ideal für alle, die Lebensqualität in einer natürlichen Umgebung mit guter Verkehrsanbindung suchen. Es handelt sich um brandneue Wohnungen mit hochwertiger Ausstattung und einem ausgezeichneten Preis-Leistungs-Verhältnis. Wir haben Wohnungen mit 1 oder 2 Schlafzimmern mit 1 Bad oder 3 Schlafzimmern mit 2 Bädern. Parkplätze sind vorhanden. [&hellip;]</p>

Avileses, Jerónimos y Avileses, Jerónimos y Avileses y Balsicas de Arriba, Murcia, Campo de Cartagena y Mar Menor, Región de Murcia, 30590, Spanien
