{"id":3582,"date":"2024-08-01T08:08:49","date_gmt":"2024-08-01T08:08:49","guid":{"rendered":"https:\/\/myhomeproperty.es\/property\/bungalow-im-erdgeschoss-in-pilar-de-la-horada\/"},"modified":"2024-10-18T08:13:50","modified_gmt":"2024-10-18T08:13:50","slug":"bungalow-im-erdgeschoss-in-pilar-de-la-horada","status":"publish","type":"property","link":"https:\/\/myhomeproperty.es\/de\/property\/bungalow-im-erdgeschoss-in-pilar-de-la-horada\/","title":{"rendered":"Luxus-Wohnung in Pilar de la Horadada"},"content":{"rendered":"\n<p>Wir pr\u00e4sentieren Ihnen diese luxuri\u00f6se Anlage mit 12 Bungalows und Gemeinschaftspool, in der Sie das ganze Jahr \u00fcber die Sonne genie\u00dfen k\u00f6nnen.<\/p>\n\n<p>Die Wohnanlage bietet die M\u00f6glichkeit von Wohnungen mit 1 Schlafzimmer \/ 1 Badezimmer, 2 Schlafzimmer \/ 2 Badezimmer sowie 3 Schlafzimmer \/ 2 Badezimmer. Sch\u00f6ne Wohnungen mit Parkplatz, Garten und direktem Zugang zum gemeinschaftlichen Swimmingpool. Terrassenbereich im Erdgeschoss und eine herrliche Sonnenterrasse im Obergeschoss.  <\/p>\n\n<p>Diese fantastische Wohnung ist in einem zeitgen\u00f6ssischen Stil gehalten und verf\u00fcgt \u00fcber ein offenes Konzept, bestehend aus einer voll ausgestatteten K\u00fcche und einem Wohn-Esszimmer.<\/p>\n\n<p>Die Anlage befindet sich in Pilar de la Horadada, Alicante, umgeben von allen Dienstleistungen, Sportanlagen und in der N\u00e4he des Strandes und mehrerer Golfpl\u00e4tze.<\/p>\n\n<p>Die Wohnungen werden den h\u00f6chsten Standards entsprechen und sind ausgestattet mit: Gemeinsamer Swimmingpool, k\u00fcnstlicher Wasserfall und Solardusche.<br\/>Vollst\u00e4ndig eingerichtete und ausgestattete K\u00fcche.<br\/>Motorisierte Jalousien.<br\/>Beleuchtung: sowohl innerhalb des Hauses als auch im Au\u00dfenbereich.<br\/>Kleiderschr\u00e4nke mit Fl\u00fcgelt\u00fcren, Schubladenschrank, Einlegeb\u00f6den und Kleiderstange.<br\/>Voll ausgestattete B\u00e4der mit Waschbecken, Toilette, Spiegel und Dusche.<br\/>Fu\u00dfbodenheizung in den B\u00e4dern.<br\/>Vorinstallation einer kanalisierten Klimaanlage.<br\/>Solarium in den oberen Etagen.<br\/>Terrassenbereich im Erdgeschoss.<br\/>Stellplatz.<br\/>Sommerk\u00fcche mit Granitarbeitsplatte, Sp\u00fcle und Untertisch mit wei\u00dfen Aluminiumt\u00fcren im Solarium.<\/p>\n\n<p>Wir informieren Sie gerne \u00fcber alle Einzelheiten und vereinbaren einen Besuchstermin.<\/p>\n\n<p>Sehenswertes:  <\/p>\n\n<ul class=\"wp-block-list\">\n<li>Stadtzentrum: Minuten zu Fu\u00df<\/li>\n\n\n\n<li>Str\u00e4nde 3,5 km<\/li>\n\n\n\n<li>Dos Mares Einkaufszentrum 10 Minuten<\/li>\n\n\n\n<li>Einkaufszentrum La Zenia Boulevard: 15 Minuten<\/li>\n\n\n\n<li>Flughafen Corvera (Murcia) 35 Minuten<\/li>\n\n\n\n<li>Flughafen Alicante 50 Minuten<\/li>\n<\/ul>\n","protected":false},"excerpt":{"rendered":"<p>Wir pr\u00e4sentieren Ihnen diese luxuri\u00f6se Anlage mit 12 Bungalows und Gemeinschaftspool, in der Sie das ganze Jahr \u00fcber die Sonne genie\u00dfen k\u00f6nnen. Die Wohnanlage bietet die M\u00f6glichkeit von Wohnungen mit 1 Schlafzimmer \/ 1 Badezimmer, 2 Schlafzimmer \/ 2 Badezimmer sowie 3 Schlafzimmer \/ 2 Badezimmer. Sch\u00f6ne Wohnungen mit Parkplatz, Garten und direktem Zugang zum [&hellip;]<\/p>\n","protected":false},"author":3,"featured_media":3520,"parent":0,"menu_order":0,"template":"","property_type":[116],"property_status":[46],"property_feature":[45],"property_label":[],"property_country":[33],"property_state":[51],"property_city":[59],"property_area":[],"class_list":["post-3582","property","type-property","status-publish","has-post-thumbnail","hentry","property_type-bungalow-de","property_status-in-betrieb","property_feature-piscina-de","property_country-spain-de","property_state-alicante-de","property_city-pilar-de-la-horadada-de"],"property_meta":{"fave_featured":["0"],"houzez_featured_listing_date":[""],"fave_single_top_area":["global"],"_top_nav_excluded":[""],"_cms_nav_minihome":[""],"houzez_geolocation_lat":["37.8675489"],"houzez_geolocation_long":["-0.7925673"],"_last_translation_edit_mode":["translation-editor"],"_thumbnail_id":["3520"],"houzez_total_property_views":["116"],"houzez_views_by_date":["a:61:{s:10:\"07-02-2025\";i:1;s:10:\"07-06-2025\";i:1;s:10:\"07-11-2025\";i:1;s:10:\"07-14-2025\";i:2;s:10:\"07-18-2025\";i:1;s:10:\"07-25-2025\";i:1;s:10:\"07-27-2025\";i:1;s:10:\"08-01-2025\";i:1;s:10:\"08-06-2025\";i:1;s:10:\"08-14-2025\";i:1;s:10:\"08-22-2025\";i:1;s:10:\"08-23-2025\";i:2;s:10:\"08-28-2025\";i:1;s:10:\"08-30-2025\";i:2;s:10:\"08-31-2025\";i:1;s:10:\"09-05-2025\";i:1;s:10:\"09-11-2025\";i:1;s:10:\"09-16-2025\";i:1;s:10:\"09-21-2025\";i:1;s:10:\"09-27-2025\";i:1;s:10:\"09-29-2025\";i:1;s:10:\"10-02-2025\";i:1;s:10:\"10-08-2025\";i:1;s:10:\"10-15-2025\";i:1;s:10:\"10-21-2025\";i:1;s:10:\"10-27-2025\";i:1;s:10:\"11-16-2025\";i:2;s:10:\"11-19-2025\";i:1;s:10:\"11-24-2025\";i:1;s:10:\"11-25-2025\";i:1;s:10:\"11-26-2025\";i:1;s:10:\"12-07-2025\";i:1;s:10:\"12-08-2025\";i:1;s:10:\"12-14-2025\";i:1;s:10:\"12-24-2025\";i:1;s:10:\"12-25-2025\";i:1;s:10:\"01-03-2026\";i:1;s:10:\"01-08-2026\";i:1;s:10:\"01-12-2026\";i:4;s:10:\"01-22-2026\";i:1;s:10:\"02-05-2026\";i:1;s:10:\"02-15-2026\";i:1;s:10:\"02-18-2026\";i:1;s:10:\"02-24-2026\";i:1;s:10:\"03-06-2026\";i:1;s:10:\"03-08-2026\";i:1;s:10:\"03-11-2026\";i:2;s:10:\"03-14-2026\";i:1;s:10:\"03-17-2026\";i:1;s:10:\"03-20-2026\";i:2;s:10:\"03-22-2026\";i:1;s:10:\"03-26-2026\";i:1;s:10:\"03-29-2026\";i:1;s:10:\"03-31-2026\";i:1;s:10:\"04-06-2026\";i:1;s:10:\"04-11-2026\";i:1;s:10:\"04-12-2026\";i:1;s:10:\"04-17-2026\";i:1;s:10:\"04-19-2026\";i:1;s:10:\"04-27-2026\";i:1;s:10:\"04-28-2026\";i:2;}"],"houzez_recently_viewed":["2026-04-28 23:06:24"],"fave_property_price":["180900"],"fave_property_price_prefix":["Von"],"fave_property_size":["75"],"fave_property_land":["85"],"fave_property_bedrooms":["1"],"fave_property_bathrooms":["1"],"fave_property_id":["3015MHM"],"fave_property_map":["1"],"fave_property_map_address":["Pilar de la Horadada, el Baix Segura \/ La Vega Baja del Segura, Alacant \/ Alicante, Comunitat Valenciana, Spanien"],"fave_property_location":["37.8675489,-0.7925673,15"],"fave_property_map_street_view":["verbergen"],"fave_property_zip":["03190"],"fave_agent_display_option":["author_info"],"fave_prop_homeslider":["keine"],"fave_private_note":["MARVIC II - CALLE MATAMOROS es sind nur zwei Wohnungen verf\u00fcgbar 2 Erdgeschoss und 5 Erdgeschoss mit Solarium PACO ALBALADEJO  "],"floor_plans":["a:2:{i:0;a:2:{s:15:\"fave_plan_title\";s:11:\"ERDGESCHOSS\";s:15:\"fave_plan_image\";s:62:\"https:\/\/myhomeproperty.es\/wp-content\/uploads\/2024\/08\/N.2-2.jpg\";}i:1;a:2:{s:15:\"fave_plan_title\";s:16:\"ALLGEMEINER PLAN\";s:15:\"fave_plan_image\";s:63:\"https:\/\/myhomeproperty.es\/wp-content\/uploads\/2024\/08\/Plot-1.jpg\";}}"],"_wpml_word_count":["{\"total\":298,\"to_translate\":{\"en\":298,\"fr\":298,\"es\":298,\"sv\":298}}"],"_elementor_page_assets":["a:0:{}"]},"_links":{"self":[{"href":"https:\/\/myhomeproperty.es\/de\/wp-json\/wp\/v2\/properties\/3582","targetHints":{"allow":["GET"]}}],"collection":[{"href":"https:\/\/myhomeproperty.es\/de\/wp-json\/wp\/v2\/properties"}],"about":[{"href":"https:\/\/myhomeproperty.es\/de\/wp-json\/wp\/v2\/types\/property"}],"author":[{"embeddable":true,"href":"https:\/\/myhomeproperty.es\/de\/wp-json\/wp\/v2\/users\/3"}],"version-history":[{"count":3,"href":"https:\/\/myhomeproperty.es\/de\/wp-json\/wp\/v2\/properties\/3582\/revisions"}],"predecessor-version":[{"id":7842,"href":"https:\/\/myhomeproperty.es\/de\/wp-json\/wp\/v2\/properties\/3582\/revisions\/7842"}],"wp:featuredmedia":[{"embeddable":true,"href":"https:\/\/myhomeproperty.es\/de\/wp-json\/wp\/v2\/media\/3520"}],"wp:attachment":[{"href":"https:\/\/myhomeproperty.es\/de\/wp-json\/wp\/v2\/media?parent=3582"}],"wp:term":[{"taxonomy":"property_type","embeddable":true,"href":"https:\/\/myhomeproperty.es\/de\/wp-json\/wp\/v2\/property_type?post=3582"},{"taxonomy":"property_status","embeddable":true,"href":"https:\/\/myhomeproperty.es\/de\/wp-json\/wp\/v2\/property_status?post=3582"},{"taxonomy":"property_feature","embeddable":true,"href":"https:\/\/myhomeproperty.es\/de\/wp-json\/wp\/v2\/property_feature?post=3582"},{"taxonomy":"property_label","embeddable":true,"href":"https:\/\/myhomeproperty.es\/de\/wp-json\/wp\/v2\/property_label?post=3582"},{"taxonomy":"property_country","embeddable":true,"href":"https:\/\/myhomeproperty.es\/de\/wp-json\/wp\/v2\/property_country?post=3582"},{"taxonomy":"property_state","embeddable":true,"href":"https:\/\/myhomeproperty.es\/de\/wp-json\/wp\/v2\/property_state?post=3582"},{"taxonomy":"property_city","embeddable":true,"href":"https:\/\/myhomeproperty.es\/de\/wp-json\/wp\/v2\/property_city?post=3582"},{"taxonomy":"property_area","embeddable":true,"href":"https:\/\/myhomeproperty.es\/de\/wp-json\/wp\/v2\/property_area?post=3582"}],"curies":[{"name":"wp","href":"https:\/\/api.w.org\/{rel}","templated":true}]}}

<p>Wir präsentieren Ihnen diese luxuriöse Anlage mit 12 Bungalows und Gemeinschaftspool, in der Sie das ganze Jahr über die Sonne genießen können.</p>

<p>Die Wohnanlage bietet die Möglichkeit von Wohnungen mit 1 Schlafzimmer / 1 Badezimmer, 2 Schlafzimmer / 2 Badezimmer sowie 3 Schlafzimmer / 2 Badezimmer. Schöne Wohnungen mit Parkplatz, Garten und direktem Zugang zum gemeinschaftlichen Swimmingpool. Terrassenbereich im Erdgeschoss und eine herrliche Sonnenterrasse im Obergeschoss.  </p>

<p>Diese fantastische Wohnung ist in einem zeitgenössischen Stil gehalten und verfügt über ein offenes Konzept, bestehend aus einer voll ausgestatteten Küche und einem Wohn-Esszimmer.</p>

<p>Die Anlage befindet sich in Pilar de la Horadada, Alicante, umgeben von allen Dienstleistungen, Sportanlagen und in der Nähe des Strandes und mehrerer Golfplätze.</p>

<p>Die Wohnungen werden den höchsten Standards entsprechen und sind ausgestattet mit: Gemeinsamer Swimmingpool, künstlicher Wasserfall und Solardusche.<br/>Vollständig eingerichtete und ausgestattete Küche.<br/>Motorisierte Jalousien.<br/>Beleuchtung: sowohl innerhalb des Hauses als auch im Außenbereich.<br/>Kleiderschränke mit Flügeltüren, Schubladenschrank, Einlegeböden und Kleiderstange.<br/>Voll ausgestattete Bäder mit Waschbecken, Toilette, Spiegel und Dusche.<br/>Fußbodenheizung in den Bädern.<br/>Vorinstallation einer kanalisierten Klimaanlage.<br/>Solarium in den oberen Etagen.<br/>Terrassenbereich im Erdgeschoss.<br/>Stellplatz.<br/>Sommerküche mit Granitarbeitsplatte, Spüle und Untertisch mit weißen Aluminiumtüren im Solarium.</p>

<p>Wir informieren Sie gerne über alle Einzelheiten und vereinbaren einen Besuchstermin.</p>

<p>Sehenswertes:  </p>

<ul class="wp-block-list">
<li>Stadtzentrum: Minuten zu Fuß</li>



<li>Strände 3,5 km</li>



<li>Dos Mares Einkaufszentrum 10 Minuten</li>



<li>Einkaufszentrum La Zenia Boulevard: 15 Minuten</li>



<li>Flughafen Corvera (Murcia) 35 Minuten</li>



<li>Flughafen Alicante 50 Minuten</li>
</ul>

<p>Wir präsentieren Ihnen diese luxuriöse Anlage mit 12 Bungalows und Gemeinschaftspool, in der Sie das ganze Jahr über die Sonne genießen können. Die Wohnanlage bietet die Möglichkeit von Wohnungen mit 1 Schlafzimmer / 1 Badezimmer, 2 Schlafzimmer / 2 Badezimmer sowie 3 Schlafzimmer / 2 Badezimmer. Schöne Wohnungen mit Parkplatz, Garten und direktem Zugang zum [&hellip;]</p>

MARVIC II - CALLE MATAMOROS es sind nur zwei Wohnungen verfügbar 2 Erdgeschoss und 5 Erdgeschoss mit Solarium PACO ALBALADEJO
