{"id":35962,"date":"2026-02-16T18:03:12","date_gmt":"2026-02-16T18:03:12","guid":{"rendered":"https:\/\/myhomeproperty.es\/property\/brandneue-wohnung-in-der-gegend-von-rambla\/"},"modified":"2026-02-19T20:49:37","modified_gmt":"2026-02-19T20:49:37","slug":"brandneue-wohnung-in-der-gegend-von-rambla","status":"publish","type":"property","link":"https:\/\/myhomeproperty.es\/de\/property\/brandneue-wohnung-in-der-gegend-von-rambla\/","title":{"rendered":"Brandneue Wohnung in der Gegend von Rambla"},"content":{"rendered":"\n<p>Brandneue Immobilie in einer der besten Gegenden der Gemeinde.<\/p>\n\n<p>Es befindet sich in einer der beliebtesten Gegenden dieser charmanten K\u00fcstenstadt, mit allen Dienstleistungen, Gesch\u00e4ften und Zugang zu einer Stufe. Eine einmalige Gelegenheit, eine brandneue Immobilie zu erwerben, da sie noch nie bewohnt wurde. Die M\u00f6bel, die derzeit vorhanden sind, geh\u00f6ren zu einer \u00dcbertragung von Hausrat und sind nicht Teil des Verkaufs.  <\/p>\n\n<p>Das Anwesen bietet fast 100 m\u00b2 Wohnfl\u00e4che, die sich auf sehr komfortable und funktionale Weise auf 3 ger\u00e4umige Schlafzimmer, 2 B\u00e4der, eine separate K\u00fcche, ein helles Wohn-Esszimmer, einen Flur und eine Waschk\u00fcche verteilen.<\/p>\n\n<p>Eine Wohnung, wie man sie nicht mehr findet: gro\u00dfz\u00fcgige R\u00e4ume, gute Bauweise und ein Grundriss, der f\u00fcr komfortables Wohnen ausgelegt ist.<\/p>\n\n<p>Auch ein leicht zug\u00e4nglicher Parkplatz ist im Preis inbegriffen.<\/p>\n\n<p>Eine Immobilie, die bereit ist, Ihr neues Zuhause oder eine hervorragende Investition zu werden.<\/p>\n","protected":false},"excerpt":{"rendered":"<p>Brandneue Immobilie in einer der besten Gegenden der Gemeinde. Es befindet sich in einer der beliebtesten Gegenden dieser charmanten K\u00fcstenstadt, mit allen Dienstleistungen, Gesch\u00e4ften und Zugang zu einer Stufe. Eine einmalige Gelegenheit, eine brandneue Immobilie zu erwerben, da sie noch nie bewohnt wurde. Die M\u00f6bel, die derzeit vorhanden sind, geh\u00f6ren zu einer \u00dcbertragung von Hausrat [&hellip;]<\/p>\n","protected":false},"author":3,"featured_media":35959,"parent":0,"menu_order":0,"template":"","property_type":[180],"property_status":[46],"property_feature":[244],"property_label":[],"property_country":[],"property_state":[51],"property_city":[59],"property_area":[],"class_list":["post-35962","property","type-property","status-publish","has-post-thumbnail","hentry","property_type-floor","property_status-in-betrieb","property_feature-terrasse-de","property_state-alicante-de","property_city-pilar-de-la-horadada-de"],"property_meta":{"fave_featured":["0"],"houzez_featured_listing_date":[""],"fave_property_images":["35956","35896","35876","35886","35926","35911","35901","35936","35891","35931","35916","35921","35946","35951"],"fave_single_top_area":["global"],"_top_nav_excluded":[""],"_cms_nav_minihome":[""],"houzez_geolocation_lat":["37.8675489"],"houzez_geolocation_long":["-0.7925673"],"_thumbnail_id":["35959"],"_last_translation_edit_mode":["translation-editor"],"houzez_total_property_views":["34"],"houzez_views_by_date":["a:24:{s:10:\"02-17-2026\";i:4;s:10:\"02-19-2026\";i:1;s:10:\"02-20-2026\";i:1;s:10:\"02-21-2026\";i:2;s:10:\"02-23-2026\";i:2;s:10:\"02-24-2026\";i:1;s:10:\"03-07-2026\";i:1;s:10:\"03-09-2026\";i:1;s:10:\"03-11-2026\";i:2;s:10:\"03-14-2026\";i:1;s:10:\"03-19-2026\";i:1;s:10:\"03-20-2026\";i:1;s:10:\"03-23-2026\";i:1;s:10:\"03-25-2026\";i:1;s:10:\"03-30-2026\";i:2;s:10:\"04-01-2026\";i:1;s:10:\"04-05-2026\";i:1;s:10:\"04-06-2026\";i:1;s:10:\"04-08-2026\";i:1;s:10:\"04-10-2026\";i:1;s:10:\"04-15-2026\";i:2;s:10:\"04-20-2026\";i:1;s:10:\"04-25-2026\";i:2;s:10:\"04-28-2026\";i:2;}"],"houzez_recently_viewed":["2026-04-28 16:47:02"],"_elementor_page_assets":["a:0:{}"],"fave_property_price":["150000"],"fave_property_size":["100"],"fave_property_bedrooms":["3"],"fave_property_bathrooms":["2"],"fave_property_id":["3074MH"],"fave_property_map":["1"],"fave_property_map_address":["Pilar de la Horadada, el Baix Segura \/ La Vega Baja, Alacant \/ Alicante, Comunitat Valenciana, Spanien"],"fave_property_location":["37.8675489,-0.7925673,15"],"fave_property_map_street_view":["verbergen"],"fave_video_url":["https:\/\/youtu.be\/BPR-lnzSckI"],"fave_agent_display_option":["autor_info"],"fave_prop_homeslider":["keine"],"houzez_manual_expire":["0"],"_houzez_expiration_date_status":["saved"]},"_links":{"self":[{"href":"https:\/\/myhomeproperty.es\/de\/wp-json\/wp\/v2\/properties\/35962","targetHints":{"allow":["GET"]}}],"collection":[{"href":"https:\/\/myhomeproperty.es\/de\/wp-json\/wp\/v2\/properties"}],"about":[{"href":"https:\/\/myhomeproperty.es\/de\/wp-json\/wp\/v2\/types\/property"}],"author":[{"embeddable":true,"href":"https:\/\/myhomeproperty.es\/de\/wp-json\/wp\/v2\/users\/3"}],"version-history":[{"count":1,"href":"https:\/\/myhomeproperty.es\/de\/wp-json\/wp\/v2\/properties\/35962\/revisions"}],"predecessor-version":[{"id":35963,"href":"https:\/\/myhomeproperty.es\/de\/wp-json\/wp\/v2\/properties\/35962\/revisions\/35963"}],"wp:featuredmedia":[{"embeddable":true,"href":"https:\/\/myhomeproperty.es\/de\/wp-json\/wp\/v2\/media\/35959"}],"wp:attachment":[{"href":"https:\/\/myhomeproperty.es\/de\/wp-json\/wp\/v2\/media?parent=35962"}],"wp:term":[{"taxonomy":"property_type","embeddable":true,"href":"https:\/\/myhomeproperty.es\/de\/wp-json\/wp\/v2\/property_type?post=35962"},{"taxonomy":"property_status","embeddable":true,"href":"https:\/\/myhomeproperty.es\/de\/wp-json\/wp\/v2\/property_status?post=35962"},{"taxonomy":"property_feature","embeddable":true,"href":"https:\/\/myhomeproperty.es\/de\/wp-json\/wp\/v2\/property_feature?post=35962"},{"taxonomy":"property_label","embeddable":true,"href":"https:\/\/myhomeproperty.es\/de\/wp-json\/wp\/v2\/property_label?post=35962"},{"taxonomy":"property_country","embeddable":true,"href":"https:\/\/myhomeproperty.es\/de\/wp-json\/wp\/v2\/property_country?post=35962"},{"taxonomy":"property_state","embeddable":true,"href":"https:\/\/myhomeproperty.es\/de\/wp-json\/wp\/v2\/property_state?post=35962"},{"taxonomy":"property_city","embeddable":true,"href":"https:\/\/myhomeproperty.es\/de\/wp-json\/wp\/v2\/property_city?post=35962"},{"taxonomy":"property_area","embeddable":true,"href":"https:\/\/myhomeproperty.es\/de\/wp-json\/wp\/v2\/property_area?post=35962"}],"curies":[{"name":"wp","href":"https:\/\/api.w.org\/{rel}","templated":true}]}}

<p>Brandneue Immobilie in einer der besten Gegenden der Gemeinde.</p>

<p>Es befindet sich in einer der beliebtesten Gegenden dieser charmanten Küstenstadt, mit allen Dienstleistungen, Geschäften und Zugang zu einer Stufe. Eine einmalige Gelegenheit, eine brandneue Immobilie zu erwerben, da sie noch nie bewohnt wurde. Die Möbel, die derzeit vorhanden sind, gehören zu einer Übertragung von Hausrat und sind nicht Teil des Verkaufs.  </p>

<p>Das Anwesen bietet fast 100 m² Wohnfläche, die sich auf sehr komfortable und funktionale Weise auf 3 geräumige Schlafzimmer, 2 Bäder, eine separate Küche, ein helles Wohn-Esszimmer, einen Flur und eine Waschküche verteilen.</p>

<p>Eine Wohnung, wie man sie nicht mehr findet: großzügige Räume, gute Bauweise und ein Grundriss, der für komfortables Wohnen ausgelegt ist.</p>

<p>Auch ein leicht zugänglicher Parkplatz ist im Preis inbegriffen.</p>

<p>Eine Immobilie, die bereit ist, Ihr neues Zuhause oder eine hervorragende Investition zu werden.</p>

<p>Brandneue Immobilie in einer der besten Gegenden der Gemeinde. Es befindet sich in einer der beliebtesten Gegenden dieser charmanten Küstenstadt, mit allen Dienstleistungen, Geschäften und Zugang zu einer Stufe. Eine einmalige Gelegenheit, eine brandneue Immobilie zu erwerben, da sie noch nie bewohnt wurde. Die Möbel, die derzeit vorhanden sind, gehören zu einer Übertragung von Hausrat [&hellip;]</p>
