{"id":4860,"date":"2024-09-11T16:20:36","date_gmt":"2024-09-11T16:20:36","guid":{"rendered":"https:\/\/myhomeproperty.es\/property\/terrassenhaus-im-erdgeschoss-in-san-javier\/"},"modified":"2024-10-16T14:53:50","modified_gmt":"2024-10-16T14:53:50","slug":"terrassenhaus-im-erdgeschoss-in-san-javier","status":"publish","type":"property","link":"https:\/\/myhomeproperty.es\/de\/property\/terrassenhaus-im-erdgeschoss-in-san-javier\/","title":{"rendered":"Terrassenhaus im Erdgeschoss in San Javier"},"content":{"rendered":"\n<p>Wir pr\u00e4sentieren diese charmante Erdgeschosswohnung in einer zentralen Gegend von San Javier.  <\/p>\n\n<p>Das Anwesen selbst verf\u00fcgt \u00fcber ein Wohn-\/Esszimmer, 2 Schlafzimmer, 1 komplett renoviertes Badezimmer, eine gro\u00dfe Terrasse auf der Vorderseite und einen Hinterhof.\nAu\u00dferdem gibt es ein drittes Schlafzimmer mit eigenem Bad, das halb renoviert ist und \u00fcber eine Au\u00dfentreppe im Hinterhof erreichbar ist.\nEs hat auch eine gro\u00dfe Sonnenterrasse.    <\/p>\n\n<p>Die Immobilie ist in perfektem Zustand, da sie teilweise renoviert wurde, mit neuen Sanit\u00e4rinstallationen und einer kompletten Renovierung der B\u00e4der.\nEs ist eine Immobilie, die viele M\u00f6glichkeiten bietet, da sie \u00fcber Au\u00dfenfl\u00e4chen verf\u00fcgt, die verschiedene Nutzungsm\u00f6glichkeiten bieten.\nEs befindet sich in einer ruhigen und zentralen Gegend, in der N\u00e4he von Schulen, Hochschulen, Superm\u00e4rkten und allen Dienstleistungen.\nIdeal als Wohnsitz, aber auch als Ferienhaus, da die Str\u00e4nde des Mar Menor zu Fu\u00df erreichbar sind.   <\/p>\n\n<p><\/p>\n\n<div class=\"wp-block-buttons is-content-justification-left is-layout-flex wp-container-core-buttons-is-layout-16165478 wp-block-buttons-is-layout-flex\">\n<div class=\"wp-block-button is-style-fill\"><a class=\"wp-block-button__link wp-element-button\">Sehenswertes:<\/a><\/div>\n<\/div>\n\n<ul class=\"wp-block-list\">\n<li>Strand: 3km<\/li>\n\n\n\n<li>Einkaufszentrum Dos Mares: 5 Minuten<\/li>\n\n\n\n<li>Einkaufszentrum La Zenia Boulevard: 20 Minuten<\/li>\n\n\n\n<li>Bahnhof: 15 Minuten<\/li>\n\n\n\n<li>Flughafen Murcia (Corvera): 30<\/li>\n\n\n\n<li>Flughafen Alicante: 1h<\/li>\n<\/ul>\n\n<p><\/p>\n","protected":false},"excerpt":{"rendered":"<p>Wir pr\u00e4sentieren diese charmante Erdgeschosswohnung in einer zentralen Gegend von San Javier. Das Anwesen selbst verf\u00fcgt \u00fcber ein Wohn-\/Esszimmer, 2 Schlafzimmer, 1 komplett renoviertes Badezimmer, eine gro\u00dfe Terrasse auf der Vorderseite und einen Hinterhof. Au\u00dferdem gibt es ein drittes Schlafzimmer mit eigenem Bad, das halb renoviert ist und \u00fcber eine Au\u00dfentreppe im Hinterhof erreichbar ist. [&hellip;]<\/p>\n","protected":false},"author":3,"featured_media":4702,"parent":0,"menu_order":0,"template":"","property_type":[122],"property_status":[46],"property_feature":[],"property_label":[],"property_country":[33],"property_state":[37],"property_city":[36],"property_area":[],"class_list":["post-4860","property","type-property","status-publish","has-post-thumbnail","hentry","property_type-haus","property_status-in-betrieb","property_country-spain-de","property_state-region-de-murcia-de","property_city-san-javier-de"],"property_meta":{"fave_featured":["0"],"houzez_featured_listing_date":[""],"fave_property_images":["4699","4705","4711","4717","4723","4729","4783","4795","4741","4735","4747","4753","4759","4765","4825","4831","4837","4849","4771","4777","4843","4801","4807","4813","4819"],"fave_single_top_area":["global"],"_top_nav_excluded":[""],"_cms_nav_minihome":[""],"houzez_geolocation_lat":["37.8059567"],"houzez_geolocation_long":["-0.8345537"],"_thumbnail_id":["4702"],"_last_translation_edit_mode":["translation-editor"],"houzez_manual_expire":["0"],"_houzez_expiration_date_status":["saved"],"fave_property_price":["139000"],"fave_property_size":["65"],"fave_property_land":["110"],"fave_property_bedrooms":["3"],"fave_property_bathrooms":["2"],"fave_property_id":["3019MH"],"fave_property_map_address":["San Javier, Campo de Cartagena und Mar Menor, Region Murcia, Spanien"],"fave_property_location":["37.8059567,-0.8345537,12"],"fave_property_map_street_view":["verbergen"],"fave_property_zip":["30730"],"fave_agent_display_option":["autor_info"],"fave_prop_homeslider":["keine"],"fave_private_note":["Paula 691 31 34 32 - Julio 633 47 35 13 Coronel Fern\u00e1ndez Tudela 57 Piden 130.000\u20ac N\u00famro de Finca 27836  "],"houzez_total_property_views":["123"],"houzez_views_by_date":["a:61:{s:10:\"06-13-2025\";i:1;s:10:\"06-14-2025\";i:1;s:10:\"07-04-2025\";i:2;s:10:\"07-13-2025\";i:1;s:10:\"07-14-2025\";i:2;s:10:\"07-22-2025\";i:1;s:10:\"07-24-2025\";i:1;s:10:\"07-29-2025\";i:1;s:10:\"08-04-2025\";i:1;s:10:\"08-22-2025\";i:1;s:10:\"08-23-2025\";i:1;s:10:\"08-27-2025\";i:1;s:10:\"08-30-2025\";i:3;s:10:\"09-06-2025\";i:1;s:10:\"09-11-2025\";i:2;s:10:\"09-17-2025\";i:1;s:10:\"09-22-2025\";i:1;s:10:\"09-24-2025\";i:1;s:10:\"09-27-2025\";i:1;s:10:\"10-02-2025\";i:1;s:10:\"10-03-2025\";i:1;s:10:\"10-08-2025\";i:1;s:10:\"10-15-2025\";i:1;s:10:\"10-22-2025\";i:2;s:10:\"11-19-2025\";i:1;s:10:\"11-20-2025\";i:1;s:10:\"11-25-2025\";i:2;s:10:\"12-08-2025\";i:1;s:10:\"12-14-2025\";i:1;s:10:\"12-20-2025\";i:1;s:10:\"12-27-2025\";i:1;s:10:\"01-02-2026\";i:1;s:10:\"01-12-2026\";i:3;s:10:\"01-14-2026\";i:1;s:10:\"01-16-2026\";i:1;s:10:\"01-20-2026\";i:1;s:10:\"01-24-2026\";i:1;s:10:\"01-25-2026\";i:1;s:10:\"01-30-2026\";i:1;s:10:\"02-05-2026\";i:1;s:10:\"02-18-2026\";i:1;s:10:\"02-20-2026\";i:1;s:10:\"02-24-2026\";i:1;s:10:\"02-26-2026\";i:1;s:10:\"03-08-2026\";i:1;s:10:\"03-11-2026\";i:2;s:10:\"03-15-2026\";i:1;s:10:\"03-17-2026\";i:1;s:10:\"03-19-2026\";i:2;s:10:\"03-21-2026\";i:1;s:10:\"03-26-2026\";i:1;s:10:\"03-31-2026\";i:2;s:10:\"04-05-2026\";i:2;s:10:\"04-07-2026\";i:1;s:10:\"04-12-2026\";i:1;s:10:\"04-14-2026\";i:1;s:10:\"04-18-2026\";i:1;s:10:\"04-20-2026\";i:1;s:10:\"04-22-2026\";i:2;s:10:\"04-23-2026\";i:1;s:10:\"04-28-2026\";i:2;}"],"houzez_recently_viewed":["2026-04-28 23:06:05"],"_elementor_page_assets":["a:0:{}"]},"_links":{"self":[{"href":"https:\/\/myhomeproperty.es\/de\/wp-json\/wp\/v2\/properties\/4860","targetHints":{"allow":["GET"]}}],"collection":[{"href":"https:\/\/myhomeproperty.es\/de\/wp-json\/wp\/v2\/properties"}],"about":[{"href":"https:\/\/myhomeproperty.es\/de\/wp-json\/wp\/v2\/types\/property"}],"author":[{"embeddable":true,"href":"https:\/\/myhomeproperty.es\/de\/wp-json\/wp\/v2\/users\/3"}],"version-history":[{"count":1,"href":"https:\/\/myhomeproperty.es\/de\/wp-json\/wp\/v2\/properties\/4860\/revisions"}],"predecessor-version":[{"id":4861,"href":"https:\/\/myhomeproperty.es\/de\/wp-json\/wp\/v2\/properties\/4860\/revisions\/4861"}],"wp:featuredmedia":[{"embeddable":true,"href":"https:\/\/myhomeproperty.es\/de\/wp-json\/wp\/v2\/media\/4702"}],"wp:attachment":[{"href":"https:\/\/myhomeproperty.es\/de\/wp-json\/wp\/v2\/media?parent=4860"}],"wp:term":[{"taxonomy":"property_type","embeddable":true,"href":"https:\/\/myhomeproperty.es\/de\/wp-json\/wp\/v2\/property_type?post=4860"},{"taxonomy":"property_status","embeddable":true,"href":"https:\/\/myhomeproperty.es\/de\/wp-json\/wp\/v2\/property_status?post=4860"},{"taxonomy":"property_feature","embeddable":true,"href":"https:\/\/myhomeproperty.es\/de\/wp-json\/wp\/v2\/property_feature?post=4860"},{"taxonomy":"property_label","embeddable":true,"href":"https:\/\/myhomeproperty.es\/de\/wp-json\/wp\/v2\/property_label?post=4860"},{"taxonomy":"property_country","embeddable":true,"href":"https:\/\/myhomeproperty.es\/de\/wp-json\/wp\/v2\/property_country?post=4860"},{"taxonomy":"property_state","embeddable":true,"href":"https:\/\/myhomeproperty.es\/de\/wp-json\/wp\/v2\/property_state?post=4860"},{"taxonomy":"property_city","embeddable":true,"href":"https:\/\/myhomeproperty.es\/de\/wp-json\/wp\/v2\/property_city?post=4860"},{"taxonomy":"property_area","embeddable":true,"href":"https:\/\/myhomeproperty.es\/de\/wp-json\/wp\/v2\/property_area?post=4860"}],"curies":[{"name":"wp","href":"https:\/\/api.w.org\/{rel}","templated":true}]}}

<p>Wir präsentieren diese charmante Erdgeschosswohnung in einer zentralen Gegend von San Javier.  </p>

<p>Das Anwesen selbst verfügt über ein Wohn-/Esszimmer, 2 Schlafzimmer, 1 komplett renoviertes Badezimmer, eine große Terrasse auf der Vorderseite und einen Hinterhof.
Außerdem gibt es ein drittes Schlafzimmer mit eigenem Bad, das halb renoviert ist und über eine Außentreppe im Hinterhof erreichbar ist.
Es hat auch eine große Sonnenterrasse.    </p>

<p>Die Immobilie ist in perfektem Zustand, da sie teilweise renoviert wurde, mit neuen Sanitärinstallationen und einer kompletten Renovierung der Bäder.
Es ist eine Immobilie, die viele Möglichkeiten bietet, da sie über Außenflächen verfügt, die verschiedene Nutzungsmöglichkeiten bieten.
Es befindet sich in einer ruhigen und zentralen Gegend, in der Nähe von Schulen, Hochschulen, Supermärkten und allen Dienstleistungen.
Ideal als Wohnsitz, aber auch als Ferienhaus, da die Strände des Mar Menor zu Fuß erreichbar sind.   </p>

<p></p>

<div class="wp-block-buttons is-content-justification-left is-layout-flex wp-container-core-buttons-is-layout-16165478 wp-block-buttons-is-layout-flex">
<div class="wp-block-button is-style-fill"><a class="wp-block-button__link wp-element-button">Sehenswertes:</a></div>
</div>

<ul class="wp-block-list">
<li>Strand: 3km</li>



<li>Einkaufszentrum Dos Mares: 5 Minuten</li>



<li>Einkaufszentrum La Zenia Boulevard: 20 Minuten</li>



<li>Bahnhof: 15 Minuten</li>



<li>Flughafen Murcia (Corvera): 30</li>



<li>Flughafen Alicante: 1h</li>
</ul>

<p></p>

<p>Wir präsentieren diese charmante Erdgeschosswohnung in einer zentralen Gegend von San Javier. Das Anwesen selbst verfügt über ein Wohn-/Esszimmer, 2 Schlafzimmer, 1 komplett renoviertes Badezimmer, eine große Terrasse auf der Vorderseite und einen Hinterhof. Außerdem gibt es ein drittes Schlafzimmer mit eigenem Bad, das halb renoviert ist und über eine Außentreppe im Hinterhof erreichbar ist. [&hellip;]</p>

Paula 691 31 34 32 - Julio 633 47 35 13 Coronel Fernández Tudela 57 Piden 130.000€ Númro de Finca 27836
