{"id":5161,"date":"2024-09-25T17:08:59","date_gmt":"2024-09-25T17:08:59","guid":{"rendered":"https:\/\/myhomeproperty.es\/property\/doppelhaushaelfte-im-neubau-in-san-javier\/"},"modified":"2024-11-29T10:51:00","modified_gmt":"2024-11-29T10:51:00","slug":"doppelhaushaelfte-im-neubau-in-san-javier","status":"publish","type":"property","link":"https:\/\/myhomeproperty.es\/de\/property\/doppelhaushaelfte-im-neubau-in-san-javier\/","title":{"rendered":"Doppelhaush\u00e4lfte im Neubau in San Javier"},"content":{"rendered":"\n<p>Wir pr\u00e4sentieren Ihnen diesen Komplex, bestehend aus 8 Doppelhaush\u00e4lften, mit privatem Swimmingpool, Terrassenbereich und privatem Solarium in jedem Haus.<\/p>\n\n<p>Die H\u00e4user verf\u00fcgen \u00fcber 3 Schlafzimmer und 2 B\u00e4der und sind in einem modernen Stil mit einem offenen Konzept gestaltet, das eine voll ausgestattete K\u00fcche und ein Wohn-Esszimmer umfasst.<\/p>\n\n<p>Die Anlage befindet sich in San Javier, Murcia, umgeben von allen Dienstleistungen, Sportanlagen, in der N\u00e4he von mehreren Golfpl\u00e4tzen und 5 Minuten von den Str\u00e4nden des Mar Menor und 10 Minuten vom Mittelmeer entfernt.<\/p>\n\n<p>Die Wohnungen werden den h\u00f6chsten Standards entsprechen und beinhalten:<\/p>\n\n<ul class=\"wp-block-list\">\n<li>Privater Swimmingpool mit Au\u00dfendusche.<\/li>\n\n\n\n<li>Voll ausgestattete K\u00fcche mit Backofen, Mikrowelle, integriertem Geschirrsp\u00fcler, K\u00fchlschrank, Cerankochfeld und Dunstabzugshaube.<\/li>\n\n\n\n<li>LED-Beleuchtung: im Inneren des Hauses (Esszimmer, K\u00fcche, Flure und Badezimmer) sowie in den Au\u00dfenbereichen.<\/li>\n\n\n\n<li>Einbauschr\u00e4nke mit Schubladen.<\/li>\n\n\n\n<li>Vollst\u00e4ndig ausgestattete Badezimmer mit Waschbecken, Toilette, Spiegel mit Licht, Dusche und Paravents.<\/li>\n\n\n\n<li>Vorinstallation einer kanalisierten Klimaanlage.<\/li>\n\n\n\n<li>Kunstrasen im Garten.<\/li>\n\n\n\n<li>Sommerk\u00fcche mit 3 Einheiten im Solarium, mit Vorinstallation f\u00fcr Waschmaschine und Steckdose.<\/li>\n<\/ul>\n\n<p>Wir informieren Sie gerne \u00fcber alle Einzelheiten und vereinbaren einen Besuchstermin.<\/p>\n\n<div class=\"wp-block-group\"><div class=\"wp-block-group__inner-container is-layout-constrained wp-block-group-is-layout-constrained\">\n<p><br\/><br\/><br\/><br\/><br\/><br\/>Entfernungen: Strand Mar Menor: 3km Mar Mediterraneo: 10 Minuten Einkaufszentrum Dos Mares: 5 Einkaufszentrum La Zenia Boulevard: 20 Minuten Flughafen Murcia Corvera: 30 Minuten Flughafen Alicante: 1 Stunde<\/p>\n<\/div><\/div>\n\n<p><\/p>\n","protected":false},"excerpt":{"rendered":"<p>Wir pr\u00e4sentieren Ihnen diesen Komplex, bestehend aus 8 Doppelhaush\u00e4lften, mit privatem Swimmingpool, Terrassenbereich und privatem Solarium in jedem Haus. Die H\u00e4user verf\u00fcgen \u00fcber 3 Schlafzimmer und 2 B\u00e4der und sind in einem modernen Stil mit einem offenen Konzept gestaltet, das eine voll ausgestattete K\u00fcche und ein Wohn-Esszimmer umfasst. Die Anlage befindet sich in San Javier, [&hellip;]<\/p>\n","protected":false},"author":3,"featured_media":8535,"parent":0,"menu_order":0,"template":"","property_type":[133],"property_status":[46],"property_feature":[45],"property_label":[],"property_country":[33],"property_state":[37],"property_city":[36],"property_area":[],"class_list":["post-5161","property","type-property","status-publish","has-post-thumbnail","hentry","property_type-doppelhaushalfte","property_status-in-betrieb","property_feature-piscina-de","property_country-spain-de","property_state-region-de-murcia-de","property_city-san-javier-de"],"property_meta":{"fave_featured":["1"],"houzez_featured_listing_date":["2024-09-25 17:09:06"],"fave_property_images":["5038","5026","5032","4906","5020","5014","4918","5044","5050","4912","5074","5080","5062","5068","4924","4930","4936","4978","4984","4972","4966","4960","4948","4942","4954","5008","5002","4996","4990","5092","5110","5098","5086","5104","5116","5122"],"fave_single_top_area":["global"],"_top_nav_excluded":[""],"_cms_nav_minihome":[""],"houzez_geolocation_lat":["37.8096655"],"houzez_geolocation_long":["-0.8219942"],"_thumbnail_id":["8535"],"_last_translation_edit_mode":["translation-editor"],"houzez_manual_expire":["0"],"_houzez_expiration_date_status":["saved"],"houzez_total_property_views":["119"],"houzez_views_by_date":["a:61:{s:10:\"04-08-2025\";i:2;s:10:\"04-16-2025\";i:1;s:10:\"04-26-2025\";i:1;s:10:\"05-02-2025\";i:1;s:10:\"05-13-2025\";i:1;s:10:\"05-20-2025\";i:2;s:10:\"05-27-2025\";i:1;s:10:\"06-01-2025\";i:1;s:10:\"06-07-2025\";i:1;s:10:\"06-13-2025\";i:1;s:10:\"06-18-2025\";i:1;s:10:\"07-03-2025\";i:1;s:10:\"07-08-2025\";i:2;s:10:\"07-11-2025\";i:1;s:10:\"07-14-2025\";i:2;s:10:\"07-18-2025\";i:1;s:10:\"07-26-2025\";i:1;s:10:\"08-01-2025\";i:1;s:10:\"08-18-2025\";i:2;s:10:\"08-21-2025\";i:1;s:10:\"08-26-2025\";i:1;s:10:\"08-30-2025\";i:2;s:10:\"09-04-2025\";i:1;s:10:\"09-09-2025\";i:1;s:10:\"09-14-2025\";i:1;s:10:\"09-19-2025\";i:1;s:10:\"09-21-2025\";i:2;s:10:\"09-24-2025\";i:1;s:10:\"09-29-2025\";i:1;s:10:\"10-04-2025\";i:1;s:10:\"10-09-2025\";i:1;s:10:\"10-16-2025\";i:3;s:10:\"11-20-2025\";i:1;s:10:\"12-05-2025\";i:1;s:10:\"12-22-2025\";i:1;s:10:\"12-24-2025\";i:1;s:10:\"12-30-2025\";i:1;s:10:\"01-12-2026\";i:2;s:10:\"01-27-2026\";i:1;s:10:\"02-01-2026\";i:1;s:10:\"02-09-2026\";i:1;s:10:\"02-10-2026\";i:1;s:10:\"02-20-2026\";i:1;s:10:\"03-03-2026\";i:1;s:10:\"03-05-2026\";i:1;s:10:\"03-10-2026\";i:1;s:10:\"03-11-2026\";i:3;s:10:\"03-13-2026\";i:2;s:10:\"03-15-2026\";i:1;s:10:\"03-18-2026\";i:1;s:10:\"03-23-2026\";i:1;s:10:\"03-26-2026\";i:1;s:10:\"03-29-2026\";i:1;s:10:\"04-04-2026\";i:1;s:10:\"04-05-2026\";i:2;s:10:\"04-10-2026\";i:1;s:10:\"04-15-2026\";i:1;s:10:\"04-20-2026\";i:1;s:10:\"04-22-2026\";i:2;s:10:\"04-25-2026\";i:1;s:10:\"04-28-2026\";i:3;}"],"houzez_recently_viewed":["2026-04-28 22:26:26"],"fave_property_price":["245900"],"fave_property_size":["126"],"fave_property_bedrooms":["3"],"fave_property_bathrooms":["2"],"fave_property_id":["3020MHC"],"fave_property_map_address":["San Javier, Campo de Cartagena und Mar Menor, Region Murcia, Spanien"],"fave_property_location":["37.8096655,-0.8219942,15"],"fave_property_map_street_view":["verbergen"],"fave_property_zip":["30730"],"fave_video_url":["https:\/\/youtu.be\/Xk0Y7N-iFrQ?si=Kmualw509wFGIei4"],"fave_agent_display_option":["none"],"fave_prop_homeslider":["ja"],"fave_private_note":["Residencial Carmen III San Javer Torkas Stra\u00dfe"],"floor_plans":["a:2:{i:0;a:2:{s:15:\"fave_plan_title\";s:9:\"Grundriss\";s:15:\"fave_plan_image\";s:70:\"https:\/\/myhomeproperty.es\/wp-content\/uploads\/2024\/09\/Plot-Carmen-3.jpg\";}i:1;a:1:{s:15:\"fave_plan_image\";s:69:\"https:\/\/myhomeproperty.es\/wp-content\/uploads\/2024\/09\/Vivenda-2468.jpg\";}}"],"_elementor_page_assets":["a:0:{}"]},"_links":{"self":[{"href":"https:\/\/myhomeproperty.es\/de\/wp-json\/wp\/v2\/properties\/5161","targetHints":{"allow":["GET"]}}],"collection":[{"href":"https:\/\/myhomeproperty.es\/de\/wp-json\/wp\/v2\/properties"}],"about":[{"href":"https:\/\/myhomeproperty.es\/de\/wp-json\/wp\/v2\/types\/property"}],"author":[{"embeddable":true,"href":"https:\/\/myhomeproperty.es\/de\/wp-json\/wp\/v2\/users\/3"}],"version-history":[{"count":1,"href":"https:\/\/myhomeproperty.es\/de\/wp-json\/wp\/v2\/properties\/5161\/revisions"}],"predecessor-version":[{"id":5163,"href":"https:\/\/myhomeproperty.es\/de\/wp-json\/wp\/v2\/properties\/5161\/revisions\/5163"}],"wp:featuredmedia":[{"embeddable":true,"href":"https:\/\/myhomeproperty.es\/de\/wp-json\/wp\/v2\/media\/8535"}],"wp:attachment":[{"href":"https:\/\/myhomeproperty.es\/de\/wp-json\/wp\/v2\/media?parent=5161"}],"wp:term":[{"taxonomy":"property_type","embeddable":true,"href":"https:\/\/myhomeproperty.es\/de\/wp-json\/wp\/v2\/property_type?post=5161"},{"taxonomy":"property_status","embeddable":true,"href":"https:\/\/myhomeproperty.es\/de\/wp-json\/wp\/v2\/property_status?post=5161"},{"taxonomy":"property_feature","embeddable":true,"href":"https:\/\/myhomeproperty.es\/de\/wp-json\/wp\/v2\/property_feature?post=5161"},{"taxonomy":"property_label","embeddable":true,"href":"https:\/\/myhomeproperty.es\/de\/wp-json\/wp\/v2\/property_label?post=5161"},{"taxonomy":"property_country","embeddable":true,"href":"https:\/\/myhomeproperty.es\/de\/wp-json\/wp\/v2\/property_country?post=5161"},{"taxonomy":"property_state","embeddable":true,"href":"https:\/\/myhomeproperty.es\/de\/wp-json\/wp\/v2\/property_state?post=5161"},{"taxonomy":"property_city","embeddable":true,"href":"https:\/\/myhomeproperty.es\/de\/wp-json\/wp\/v2\/property_city?post=5161"},{"taxonomy":"property_area","embeddable":true,"href":"https:\/\/myhomeproperty.es\/de\/wp-json\/wp\/v2\/property_area?post=5161"}],"curies":[{"name":"wp","href":"https:\/\/api.w.org\/{rel}","templated":true}]}}

Doppelhaushälfte im Neubau in San Javier

<p>Wir präsentieren Ihnen diesen Komplex, bestehend aus 8 Doppelhaushälften, mit privatem Swimmingpool, Terrassenbereich und privatem Solarium in jedem Haus.</p>

<p>Die Häuser verfügen über 3 Schlafzimmer und 2 Bäder und sind in einem modernen Stil mit einem offenen Konzept gestaltet, das eine voll ausgestattete Küche und ein Wohn-Esszimmer umfasst.</p>

<p>Die Anlage befindet sich in San Javier, Murcia, umgeben von allen Dienstleistungen, Sportanlagen, in der Nähe von mehreren Golfplätzen und 5 Minuten von den Stränden des Mar Menor und 10 Minuten vom Mittelmeer entfernt.</p>

<p>Die Wohnungen werden den höchsten Standards entsprechen und beinhalten:</p>

<ul class="wp-block-list">
<li>Privater Swimmingpool mit Außendusche.</li>



<li>Voll ausgestattete Küche mit Backofen, Mikrowelle, integriertem Geschirrspüler, Kühlschrank, Cerankochfeld und Dunstabzugshaube.</li>



<li>LED-Beleuchtung: im Inneren des Hauses (Esszimmer, Küche, Flure und Badezimmer) sowie in den Außenbereichen.</li>



<li>Einbauschränke mit Schubladen.</li>



<li>Vollständig ausgestattete Badezimmer mit Waschbecken, Toilette, Spiegel mit Licht, Dusche und Paravents.</li>



<li>Vorinstallation einer kanalisierten Klimaanlage.</li>



<li>Kunstrasen im Garten.</li>



<li>Sommerküche mit 3 Einheiten im Solarium, mit Vorinstallation für Waschmaschine und Steckdose.</li>
</ul>

<p>Wir informieren Sie gerne über alle Einzelheiten und vereinbaren einen Besuchstermin.</p>

<div class="wp-block-group"><div class="wp-block-group__inner-container is-layout-constrained wp-block-group-is-layout-constrained">
<p><br/><br/><br/><br/><br/><br/>Entfernungen: Strand Mar Menor: 3km Mar Mediterraneo: 10 Minuten Einkaufszentrum Dos Mares: 5 Einkaufszentrum La Zenia Boulevard: 20 Minuten Flughafen Murcia Corvera: 30 Minuten Flughafen Alicante: 1 Stunde</p>
</div></div>

<p></p>

<p>Wir präsentieren Ihnen diesen Komplex, bestehend aus 8 Doppelhaushälften, mit privatem Swimmingpool, Terrassenbereich und privatem Solarium in jedem Haus. Die Häuser verfügen über 3 Schlafzimmer und 2 Bäder und sind in einem modernen Stil mit einem offenen Konzept gestaltet, das eine voll ausgestattete Küche und ein Wohn-Esszimmer umfasst. Die Anlage befindet sich in San Javier, [&hellip;]</p>

Residencial Carmen III San Javer Torkas Straße
