{"id":8860,"date":"2024-12-20T20:03:23","date_gmt":"2024-12-20T20:03:23","guid":{"rendered":"https:\/\/myhomeproperty.es\/property\/3-schlafzimmer-wohnung-in-san-javier\/"},"modified":"2025-01-21T12:10:55","modified_gmt":"2025-01-21T12:10:55","slug":"3-schlafzimmer-wohnung-in-san-javier","status":"publish","type":"property","link":"https:\/\/myhomeproperty.es\/de\/property\/3-schlafzimmer-wohnung-in-san-javier\/","title":{"rendered":"3 schlafzimmer wohnung in San Javier"},"content":{"rendered":"\n<p>Wir haben eine ger\u00e4umige und helle Eckwohnung in San Javier. Sie befindet sich in der N\u00e4he aller Annehmlichkeiten. Es ist eine Wohnung im ersten Stock OHNE LIFT.  <\/p>\n\n<p><br\/>Es ist aufgeteilt in ein Wohn-Esszimmer mit Zugang zu einem Balkon, eine K\u00fcche mit Zugang zu einer Waschk\u00fcche, 3 gro\u00dfe Schlafzimmer, ein komplettes Badezimmer und ein WC. Alle Zimmer haben Einbauschr\u00e4nke.<\/p>\n\n<p>F\u00fcr weitere Informationen z\u00f6gern Sie bitte nicht, uns zu kontaktieren.<\/p>\n","protected":false},"excerpt":{"rendered":"<p>Wir haben eine ger\u00e4umige und helle Eckwohnung in San Javier. Sie befindet sich in der N\u00e4he aller Annehmlichkeiten. Es ist eine Wohnung im ersten Stock OHNE LIFT. Es ist aufgeteilt in ein Wohn-Esszimmer mit Zugang zu einem Balkon, eine K\u00fcche mit Zugang zu einer Waschk\u00fcche, 3 gro\u00dfe Schlafzimmer, ein komplettes Badezimmer und ein WC. Alle [&hellip;]<\/p>\n","protected":false},"author":3,"featured_media":8803,"parent":0,"menu_order":0,"template":"","property_type":[180],"property_status":[46],"property_feature":[],"property_label":[],"property_country":[33],"property_state":[37],"property_city":[36],"property_area":[],"class_list":["post-8860","property","type-property","status-publish","has-post-thumbnail","hentry","property_type-floor","property_status-in-betrieb","property_country-spain-de","property_state-region-de-murcia-de","property_city-san-javier-de"],"property_meta":{"fave_featured":["0"],"houzez_featured_listing_date":[""],"fave_property_images":["8840","8800","8810","8815","8820","8825","8755","8745","8850","8765","8770","8780","8775","8760","8785","8790","8795","8805","8830"],"fave_single_top_area":["global"],"_top_nav_excluded":[""],"_cms_nav_minihome":[""],"houzez_geolocation_lat":["37.8058268"],"houzez_geolocation_long":["-0.83204625"],"_thumbnail_id":["8803"],"_last_translation_edit_mode":["translation-editor"],"houzez_total_property_views":["96"],"houzez_views_by_date":["a:61:{s:10:\"03-26-2025\";i:1;s:10:\"04-01-2025\";i:1;s:10:\"04-15-2025\";i:2;s:10:\"04-23-2025\";i:1;s:10:\"05-02-2025\";i:1;s:10:\"05-14-2025\";i:1;s:10:\"05-20-2025\";i:1;s:10:\"05-22-2025\";i:2;s:10:\"05-28-2025\";i:1;s:10:\"06-02-2025\";i:1;s:10:\"06-09-2025\";i:1;s:10:\"06-25-2025\";i:2;s:10:\"06-27-2025\";i:1;s:10:\"07-09-2025\";i:1;s:10:\"07-14-2025\";i:2;s:10:\"07-16-2025\";i:1;s:10:\"07-24-2025\";i:1;s:10:\"07-25-2025\";i:2;s:10:\"07-28-2025\";i:1;s:10:\"07-31-2025\";i:1;s:10:\"08-20-2025\";i:1;s:10:\"08-26-2025\";i:1;s:10:\"08-28-2025\";i:1;s:10:\"08-30-2025\";i:2;s:10:\"09-04-2025\";i:1;s:10:\"09-09-2025\";i:1;s:10:\"09-10-2025\";i:1;s:10:\"09-14-2025\";i:1;s:10:\"09-19-2025\";i:1;s:10:\"09-25-2025\";i:1;s:10:\"09-30-2025\";i:1;s:10:\"10-01-2025\";i:1;s:10:\"10-05-2025\";i:1;s:10:\"10-12-2025\";i:1;s:10:\"10-18-2025\";i:1;s:10:\"11-20-2025\";i:1;s:10:\"12-07-2025\";i:1;s:10:\"12-26-2025\";i:1;s:10:\"01-01-2026\";i:1;s:10:\"01-07-2026\";i:1;s:10:\"01-12-2026\";i:3;s:10:\"01-31-2026\";i:1;s:10:\"02-05-2026\";i:1;s:10:\"02-13-2026\";i:1;s:10:\"02-16-2026\";i:2;s:10:\"02-18-2026\";i:1;s:10:\"03-10-2026\";i:1;s:10:\"03-11-2026\";i:2;s:10:\"03-14-2026\";i:2;s:10:\"03-17-2026\";i:1;s:10:\"03-18-2026\";i:1;s:10:\"03-22-2026\";i:1;s:10:\"03-28-2026\";i:1;s:10:\"03-31-2026\";i:1;s:10:\"04-02-2026\";i:1;s:10:\"04-09-2026\";i:1;s:10:\"04-12-2026\";i:1;s:10:\"04-14-2026\";i:2;s:10:\"04-19-2026\";i:1;s:10:\"04-24-2026\";i:1;s:10:\"04-28-2026\";i:3;}"],"houzez_recently_viewed":["2026-04-28 22:25:50"],"fave_property_price":["75900"],"fave_property_bedrooms":["3"],"fave_property_bathrooms":["2"],"fave_property_id":["3132MH"],"fave_property_map":["1"],"fave_property_map_address":["Calle Congreso, San Javier, Campo de Cartagena y Mar Menor, Region Murcia, 30720, Spanien"],"fave_property_location":["37.8058268,-0.83204625,15"],"fave_property_map_street_view":["verbergen"],"fave_property_zip":["30730"],"fave_video_url":["https:\/\/youtu.be\/AuaiMNJuGGg?si=158GEYCYmgRMI5gM"],"fave_agent_display_option":["autor_info"],"fave_prop_homeslider":["keine"],"houzez_manual_expire":["0"],"_houzez_expiration_date_status":["saved"],"_elementor_page_assets":["a:0:{}"]},"_links":{"self":[{"href":"https:\/\/myhomeproperty.es\/de\/wp-json\/wp\/v2\/properties\/8860","targetHints":{"allow":["GET"]}}],"collection":[{"href":"https:\/\/myhomeproperty.es\/de\/wp-json\/wp\/v2\/properties"}],"about":[{"href":"https:\/\/myhomeproperty.es\/de\/wp-json\/wp\/v2\/types\/property"}],"author":[{"embeddable":true,"href":"https:\/\/myhomeproperty.es\/de\/wp-json\/wp\/v2\/users\/3"}],"version-history":[{"count":1,"href":"https:\/\/myhomeproperty.es\/de\/wp-json\/wp\/v2\/properties\/8860\/revisions"}],"predecessor-version":[{"id":8861,"href":"https:\/\/myhomeproperty.es\/de\/wp-json\/wp\/v2\/properties\/8860\/revisions\/8861"}],"wp:featuredmedia":[{"embeddable":true,"href":"https:\/\/myhomeproperty.es\/de\/wp-json\/wp\/v2\/media\/8803"}],"wp:attachment":[{"href":"https:\/\/myhomeproperty.es\/de\/wp-json\/wp\/v2\/media?parent=8860"}],"wp:term":[{"taxonomy":"property_type","embeddable":true,"href":"https:\/\/myhomeproperty.es\/de\/wp-json\/wp\/v2\/property_type?post=8860"},{"taxonomy":"property_status","embeddable":true,"href":"https:\/\/myhomeproperty.es\/de\/wp-json\/wp\/v2\/property_status?post=8860"},{"taxonomy":"property_feature","embeddable":true,"href":"https:\/\/myhomeproperty.es\/de\/wp-json\/wp\/v2\/property_feature?post=8860"},{"taxonomy":"property_label","embeddable":true,"href":"https:\/\/myhomeproperty.es\/de\/wp-json\/wp\/v2\/property_label?post=8860"},{"taxonomy":"property_country","embeddable":true,"href":"https:\/\/myhomeproperty.es\/de\/wp-json\/wp\/v2\/property_country?post=8860"},{"taxonomy":"property_state","embeddable":true,"href":"https:\/\/myhomeproperty.es\/de\/wp-json\/wp\/v2\/property_state?post=8860"},{"taxonomy":"property_city","embeddable":true,"href":"https:\/\/myhomeproperty.es\/de\/wp-json\/wp\/v2\/property_city?post=8860"},{"taxonomy":"property_area","embeddable":true,"href":"https:\/\/myhomeproperty.es\/de\/wp-json\/wp\/v2\/property_area?post=8860"}],"curies":[{"name":"wp","href":"https:\/\/api.w.org\/{rel}","templated":true}]}}

<p>Wir haben eine geräumige und helle Eckwohnung in San Javier. Sie befindet sich in der Nähe aller Annehmlichkeiten. Es ist eine Wohnung im ersten Stock OHNE LIFT.  </p>

<p><br/>Es ist aufgeteilt in ein Wohn-Esszimmer mit Zugang zu einem Balkon, eine Küche mit Zugang zu einer Waschküche, 3 große Schlafzimmer, ein komplettes Badezimmer und ein WC. Alle Zimmer haben Einbauschränke.</p>

<p>Für weitere Informationen zögern Sie bitte nicht, uns zu kontaktieren.</p>

<p>Wir haben eine geräumige und helle Eckwohnung in San Javier. Sie befindet sich in der Nähe aller Annehmlichkeiten. Es ist eine Wohnung im ersten Stock OHNE LIFT. Es ist aufgeteilt in ein Wohn-Esszimmer mit Zugang zu einem Balkon, eine Küche mit Zugang zu einer Waschküche, 3 große Schlafzimmer, ein komplettes Badezimmer und ein WC. Alle [&hellip;]</p>
