{"id":34910,"date":"2025-11-24T18:39:15","date_gmt":"2025-11-24T18:39:15","guid":{"rendered":"https:\/\/myhomeproperty.es\/property\/1-2-or-3-bedroom-apartments-in-avileses\/"},"modified":"2026-01-05T12:20:55","modified_gmt":"2026-01-05T12:20:55","slug":"1-2-or-3-bedroom-apartments-in-avileses","status":"publish","type":"property","link":"https:\/\/myhomeproperty.es\/en\/property\/1-2-or-3-bedroom-apartments-in-avileses\/","title":{"rendered":"1, 2 or 3 bedroom apartments in Avileses"},"content":{"rendered":"\n<p>We present this exclusive housing development in the town of Avileses, ideal for those looking for quality of life in a natural and well connected environment. These are newly built apartments with high quality finishes and excellent value for money. <\/p>\n\n<p>We have apartments with 1 or 2 bedrooms with 1 bathroom or 3 bedrooms with 2 bathrooms. Parking spaces are available.   <\/p>\n\n<p>\ud83d\udccd Privileged location<\/p>\n\n<ul class=\"wp-block-list\">\n<li>Only 8 km from several golf courses<\/li>\n\n\n\n<li>12 km from San Javier<\/li>\n\n\n\n<li>10 km from Hospital General Universitario Los Arcos del Mar Menor<\/li>\n\n\n\n<li>13 km from the Mar Menor beaches<\/li>\n<\/ul>\n\n<p>\ud83d\udcb6 Prices from 73.000\u20ac.<\/p>\n\n<p>BLACKFRIDAY OFFER: With the purchase of the house we give away a SMART TV 55&#8243;.<\/p>\n\n<p>The images correspond to the show apartment with 2 bedrooms and 1 bathroom, with parking space, which is delivered furnished and with appliances. POLOTO APARTMENT PRICE: 112.000\u20ac.  <\/p>\n\n<p><\/p>\n","protected":false},"excerpt":{"rendered":"<p>We present this exclusive housing development in the town of Avileses, ideal for those looking for quality of life in a natural and well connected environment. These are newly built apartments with high quality finishes and excellent value for money. We have apartments with 1 or 2 bedrooms with 1 bathroom or 3 bedrooms with [&hellip;]<\/p>\n","protected":false},"author":3,"featured_media":34894,"parent":0,"menu_order":0,"template":"","property_type":[185],"property_status":[14],"property_feature":[],"property_label":[],"property_country":[6],"property_state":[7],"property_city":[343,290],"property_area":[319],"class_list":["post-34910","property","type-property","status-publish","has-post-thumbnail","hentry","property_type-apartment-en","property_status-en-venta","property_country-spain","property_state-region-de-murcia","property_city-avileses-en","property_city-murcia-en","property_area-avileses-en"],"property_meta":{"fave_featured":["0"],"houzez_featured_listing_date":[""],"fave_property_images":["34898","34893","34873","34888","34828","34833","34838","34813","34788","34848","34818","34783","34843","34868","34863","34808","34803","34858","34853","34793","34823","34798"],"fave_single_top_area":["global"],"_top_nav_excluded":[""],"_cms_nav_minihome":[""],"houzez_geolocation_lat":["37.8488494"],"houzez_geolocation_long":["-0.9421205"],"_thumbnail_id":["34894"],"_last_translation_edit_mode":["translation-editor"],"houzez_total_property_views":["77"],"houzez_views_by_date":["a:60:{s:10:\"11-24-2025\";i:1;s:10:\"11-25-2025\";i:3;s:10:\"11-26-2025\";i:1;s:10:\"11-27-2025\";i:2;s:10:\"11-30-2025\";i:1;s:10:\"12-01-2025\";i:1;s:10:\"12-05-2025\";i:1;s:10:\"12-09-2025\";i:1;s:10:\"12-10-2025\";i:1;s:10:\"12-15-2025\";i:1;s:10:\"12-17-2025\";i:1;s:10:\"12-21-2025\";i:1;s:10:\"12-22-2025\";i:1;s:10:\"12-24-2025\";i:1;s:10:\"12-26-2025\";i:1;s:10:\"12-30-2025\";i:1;s:10:\"01-01-2026\";i:2;s:10:\"01-02-2026\";i:1;s:10:\"01-03-2026\";i:2;s:10:\"01-08-2026\";i:1;s:10:\"01-11-2026\";i:2;s:10:\"01-14-2026\";i:1;s:10:\"01-15-2026\";i:1;s:10:\"01-22-2026\";i:2;s:10:\"01-23-2026\";i:1;s:10:\"01-26-2026\";i:1;s:10:\"01-27-2026\";i:2;s:10:\"02-01-2026\";i:1;s:10:\"02-05-2026\";i:2;s:10:\"02-06-2026\";i:1;s:10:\"02-07-2026\";i:1;s:10:\"02-15-2026\";i:1;s:10:\"02-17-2026\";i:1;s:10:\"02-19-2026\";i:1;s:10:\"02-20-2026\";i:1;s:10:\"02-21-2026\";i:1;s:10:\"03-03-2026\";i:1;s:10:\"03-05-2026\";i:1;s:10:\"03-08-2026\";i:3;s:10:\"03-09-2026\";i:1;s:10:\"03-10-2026\";i:1;s:10:\"03-11-2026\";i:2;s:10:\"03-13-2026\";i:2;s:10:\"03-15-2026\";i:1;s:10:\"03-16-2026\";i:1;s:10:\"03-20-2026\";i:1;s:10:\"03-21-2026\";i:1;s:10:\"03-26-2026\";i:1;s:10:\"03-27-2026\";i:1;s:10:\"03-30-2026\";i:1;s:10:\"03-31-2026\";i:4;s:10:\"04-02-2026\";i:1;s:10:\"04-05-2026\";i:1;s:10:\"04-06-2026\";i:1;s:10:\"04-09-2026\";i:1;s:10:\"04-11-2026\";i:1;s:10:\"04-15-2026\";i:1;s:10:\"04-20-2026\";i:1;s:10:\"04-23-2026\";i:1;s:10:\"04-28-2026\";i:2;}"],"houzez_recently_viewed":["2026-04-28 19:03:51"],"_elementor_page_assets":["a:0:{}"],"fave_property_price":["78000"],"fave_property_id":["3070MHH"],"fave_property_map":["1"],"fave_property_map_address":["Avileses, Jer\u00f3nimos y Avileses, Jer\u00f3nimos y Avileses y Balsicas de Arriba, Murcia, Campo de Cartagena y Mar Menor, Regi\u00f3n de Murcia, 30590, Spain"],"fave_property_location":["37.8488494,-0.9421205,15"],"fave_property_map_street_view":["hide"],"fave_agent_display_option":["author_info"],"fave_prop_homeslider":["no"],"houzez_manual_expire":["0"],"_houzez_expiration_date_status":["saved"]},"_links":{"self":[{"href":"https:\/\/myhomeproperty.es\/en\/wp-json\/wp\/v2\/properties\/34910","targetHints":{"allow":["GET"]}}],"collection":[{"href":"https:\/\/myhomeproperty.es\/en\/wp-json\/wp\/v2\/properties"}],"about":[{"href":"https:\/\/myhomeproperty.es\/en\/wp-json\/wp\/v2\/types\/property"}],"author":[{"embeddable":true,"href":"https:\/\/myhomeproperty.es\/en\/wp-json\/wp\/v2\/users\/3"}],"version-history":[{"count":2,"href":"https:\/\/myhomeproperty.es\/en\/wp-json\/wp\/v2\/properties\/34910\/revisions"}],"predecessor-version":[{"id":34918,"href":"https:\/\/myhomeproperty.es\/en\/wp-json\/wp\/v2\/properties\/34910\/revisions\/34918"}],"wp:featuredmedia":[{"embeddable":true,"href":"https:\/\/myhomeproperty.es\/en\/wp-json\/wp\/v2\/media\/34894"}],"wp:attachment":[{"href":"https:\/\/myhomeproperty.es\/en\/wp-json\/wp\/v2\/media?parent=34910"}],"wp:term":[{"taxonomy":"property_type","embeddable":true,"href":"https:\/\/myhomeproperty.es\/en\/wp-json\/wp\/v2\/property_type?post=34910"},{"taxonomy":"property_status","embeddable":true,"href":"https:\/\/myhomeproperty.es\/en\/wp-json\/wp\/v2\/property_status?post=34910"},{"taxonomy":"property_feature","embeddable":true,"href":"https:\/\/myhomeproperty.es\/en\/wp-json\/wp\/v2\/property_feature?post=34910"},{"taxonomy":"property_label","embeddable":true,"href":"https:\/\/myhomeproperty.es\/en\/wp-json\/wp\/v2\/property_label?post=34910"},{"taxonomy":"property_country","embeddable":true,"href":"https:\/\/myhomeproperty.es\/en\/wp-json\/wp\/v2\/property_country?post=34910"},{"taxonomy":"property_state","embeddable":true,"href":"https:\/\/myhomeproperty.es\/en\/wp-json\/wp\/v2\/property_state?post=34910"},{"taxonomy":"property_city","embeddable":true,"href":"https:\/\/myhomeproperty.es\/en\/wp-json\/wp\/v2\/property_city?post=34910"},{"taxonomy":"property_area","embeddable":true,"href":"https:\/\/myhomeproperty.es\/en\/wp-json\/wp\/v2\/property_area?post=34910"}],"curies":[{"name":"wp","href":"https:\/\/api.w.org\/{rel}","templated":true}]}}

Avileses, Jerónimos y Avileses, Jerónimos y Avileses y Balsicas de Arriba, Murcia, Campo de Cartagena y Mar Menor, Región de Murcia, 30590, Spain
