{"id":10130,"date":"2025-01-21T12:08:04","date_gmt":"2025-01-21T12:08:04","guid":{"rendered":"https:\/\/myhomeproperty.es\/property\/maison-jumelee-avec-piscine-privee-a-santiago-de-la-ribera\/"},"modified":"2025-01-31T10:03:27","modified_gmt":"2025-01-31T10:03:27","slug":"maison-jumelee-avec-piscine-privee-a-santiago-de-la-ribera","status":"publish","type":"property","link":"https:\/\/myhomeproperty.es\/fr\/property\/maison-jumelee-avec-piscine-privee-a-santiago-de-la-ribera\/","title":{"rendered":"Maison jumel\u00e9e avec piscine priv\u00e9e \u00e0 Santiago de la Ribera"},"content":{"rendered":"\n<p>Maison jumel\u00e9e avec piscine priv\u00e9e (650 m\u00e8tres des plages)<\/p>\n\n<figure class=\"wp-block-image size-large\"><img fetchpriority=\"high\" decoding=\"async\" width=\"1024\" height=\"576\" src=\"https:\/\/myhomeproperty.es\/wp-content\/uploads\/2024\/07\/5_3-Photo-1024x576.jpg\" alt=\"\" class=\"wp-image-184\" srcset=\"https:\/\/myhomeproperty.es\/wp-content\/uploads\/2024\/07\/5_3-Photo-1024x576.jpg 1024w, https:\/\/myhomeproperty.es\/wp-content\/uploads\/2024\/07\/5_3-Photo-300x169.jpg 300w, https:\/\/myhomeproperty.es\/wp-content\/uploads\/2024\/07\/5_3-Photo-768x432.jpg 768w, https:\/\/myhomeproperty.es\/wp-content\/uploads\/2024\/07\/5_3-Photo-1536x864.jpg 1536w, https:\/\/myhomeproperty.es\/wp-content\/uploads\/2024\/07\/5_3-Photo-2048x1152.jpg 2048w, https:\/\/myhomeproperty.es\/wp-content\/uploads\/2024\/07\/5_3-Photo-1067x600.jpg 1067w, https:\/\/myhomeproperty.es\/wp-content\/uploads\/2024\/07\/5_3-Photo-496x279.jpg 496w\" sizes=\"(max-width: 1024px) 100vw, 1024px\" \/><\/figure>\n\n<p>CL\u00c9 EN MAIN, ENTI\u00c8REMENT MEUBL\u00c9 !!!!  <\/p>\n\n<p>Villa mitoyenne et en terrasse avec piscine priv\u00e9e (650 m\u00e8tres des plages). Cette villa est con\u00e7ue pour offrir le meilleur espace de vie ouvert, avec des portes coulissantes \u00e0 double vitrage s&#8217;ouvrant directement sur une grande terrasse avec piscine priv\u00e9e, terrasse et aire de stationnement. Elle dispose de 3 chambres de taille g\u00e9n\u00e9reuse (au premier \u00e9tage avec salle de bains attenante) et d&#8217;une salle de bains suppl\u00e9mentaire au rez-de-chauss\u00e9e avec douche \u00e0 l&#8217;italienne. L&#8217;espace de vie du rez-de-chauss\u00e9e comprend une cuisine enti\u00e8rement \u00e9quip\u00e9e avec table basse, un salon\/salle \u00e0 manger ouvert, une cuisine enti\u00e8rement \u00e9quip\u00e9e avec appareils \u00e9lectrom\u00e9nagers, un espace de rangement ext\u00e9rieur et des terrasses sur le c\u00f4t\u00e9 de la villa, depuis la chambre principale et depuis le salon.     <\/p>\n\n<p>Parfaitement situ\u00e9e&#8230; Cette villa se trouve \u00e0 quelques minutes de marche des plages de San Javier et \u00e0 seulement 5 minutes du centre. Le march\u00e9 du mercredi se trouve \u00e0 seulement 200 m\u00e8tres. Parfait pour les loisirs&#8230; Des kilom\u00e8tres et des kilom\u00e8tres de marche \u00e0 explorer&#8230; c&#8217;est vraiment un endroit incroyable pour se promener, de jour comme de nuit, avec d&#8217;innombrables restaurants au choix et d&#8217;excellents petits bars \u00e0 tapas au bord de la mer, pourquoi ne pas visiter le club nautique ? La r\u00e9gion offre une grande vari\u00e9t\u00e9 d&#8217;activit\u00e9s sportives, y compris des sports nautiques saisonniers&#8230; et des terrains de golf particuli\u00e8rement int\u00e9ressants se trouvent \u00e0 proximit\u00e9 !     <\/p>\n\n<p>Ville : San Javier (Costa C\u00e1lida) R\u00e9gion : Costa C\u00e1lida (MURCIA)  <\/p>\n\n<ul class=\"wp-block-list\">\n<li>Quartier : Ville (10 minutes \u00e0 pied) Plage (5 minutes \u00e0 pied)  <\/li>\n\n\n\n<li>Vues : Ville, C\u00f4te Type : Villa (jumel\u00e9e)<\/li>\n\n\n\n<li>Piscine : Piscine priv\u00e9e Chambres : 3 Salles de bain : 2  <\/li>\n\n\n\n<li>Statut : Nouvelle construction  <\/li>\n\n\n\n<li>Taille de la propri\u00e9t\u00e9 : 94,00 m2 Taille du terrain : 136 m2  <\/li>\n\n\n\n<li>Jardin : priv\u00e9<\/li>\n<\/ul>\n","protected":false},"excerpt":{"rendered":"<p>Maison jumel\u00e9e avec piscine priv\u00e9e (650 m\u00e8tres des plages) CL\u00c9 EN MAIN, ENTI\u00c8REMENT MEUBL\u00c9 !!!! Villa mitoyenne et en terrasse avec piscine priv\u00e9e (650 m\u00e8tres des plages). Cette villa est con\u00e7ue pour offrir le meilleur espace de vie ouvert, avec des portes coulissantes \u00e0 double vitrage s&#8217;ouvrant directement sur une grande terrasse avec piscine priv\u00e9e, [&hellip;]<\/p>\n","protected":false},"author":3,"featured_media":0,"parent":0,"menu_order":0,"template":"","property_type":[198],"property_status":[44],"property_feature":[218,43,241],"property_label":[],"property_country":[32],"property_state":[39],"property_city":[38],"property_area":[214],"class_list":["post-10130","property","type-property","status-publish","hentry","property_type-villa-fr","property_status-en-vente","property_feature-jardin-fr","property_feature-piscina-fr","property_feature-terrasse","property_country-spain-fr","property_state-region-de-murcie","property_city-san-javier-fr","property_area-santiago-de-la-ribera-fr"],"property_meta":{"fave_featured":["0"],"houzez_featured_listing_date":[""],"fave_property_images":["165","169","167","170","168","185","186","184","183","180","176","178","174","171","182","181","177","179","173","172","175","164"],"fave_single_top_area":["global"],"_top_nav_excluded":[""],"_cms_nav_minihome":[""],"houzez_geolocation_lat":["37.7972232"],"houzez_geolocation_long":["-0.8048727"],"_last_translation_edit_mode":["translation-editor"],"houzez_total_property_views":["110"],"houzez_views_by_date":["a:61:{s:10:\"06-10-2025\";i:1;s:10:\"06-13-2025\";i:1;s:10:\"07-03-2025\";i:1;s:10:\"07-11-2025\";i:1;s:10:\"07-14-2025\";i:2;s:10:\"07-18-2025\";i:1;s:10:\"07-26-2025\";i:2;s:10:\"08-01-2025\";i:1;s:10:\"08-07-2025\";i:1;s:10:\"08-21-2025\";i:1;s:10:\"08-26-2025\";i:1;s:10:\"08-30-2025\";i:2;s:10:\"09-04-2025\";i:1;s:10:\"09-05-2025\";i:1;s:10:\"09-09-2025\";i:1;s:10:\"09-14-2025\";i:1;s:10:\"09-19-2025\";i:1;s:10:\"09-24-2025\";i:1;s:10:\"09-25-2025\";i:2;s:10:\"09-30-2025\";i:1;s:10:\"10-03-2025\";i:1;s:10:\"10-05-2025\";i:1;s:10:\"10-11-2025\";i:1;s:10:\"10-18-2025\";i:1;s:10:\"10-26-2025\";i:2;s:10:\"11-19-2025\";i:1;s:10:\"11-20-2025\";i:1;s:10:\"11-26-2025\";i:2;s:10:\"12-05-2025\";i:1;s:10:\"12-15-2025\";i:1;s:10:\"12-18-2025\";i:1;s:10:\"12-22-2025\";i:1;s:10:\"12-29-2025\";i:1;s:10:\"01-04-2026\";i:1;s:10:\"01-08-2026\";i:1;s:10:\"01-12-2026\";i:5;s:10:\"01-20-2026\";i:1;s:10:\"01-24-2026\";i:1;s:10:\"01-30-2026\";i:1;s:10:\"02-04-2026\";i:1;s:10:\"02-06-2026\";i:1;s:10:\"02-19-2026\";i:1;s:10:\"02-21-2026\";i:1;s:10:\"02-25-2026\";i:1;s:10:\"03-05-2026\";i:1;s:10:\"03-10-2026\";i:1;s:10:\"03-11-2026\";i:2;s:10:\"03-18-2026\";i:1;s:10:\"03-21-2026\";i:1;s:10:\"03-22-2026\";i:1;s:10:\"03-24-2026\";i:1;s:10:\"03-28-2026\";i:1;s:10:\"03-29-2026\";i:1;s:10:\"04-02-2026\";i:1;s:10:\"04-09-2026\";i:1;s:10:\"04-13-2026\";i:1;s:10:\"04-15-2026\";i:1;s:10:\"04-18-2026\";i:1;s:10:\"04-19-2026\";i:1;s:10:\"04-28-2026\";i:1;s:10:\"04-30-2026\";i:2;}"],"houzez_recently_viewed":["2026-04-30 09:22:05"],"fave_property_price":["359950"],"fave_property_size":["95"],"fave_property_land":["136"],"fave_property_bedrooms":["3"],"fave_property_bathrooms":["2"],"fave_property_id":["30371MH"],"fave_property_map":["1"],"fave_property_map_address":["Santiago de La Ribera, Avenida Sandoval, Santiago de la Ribera, San Javier, Campo de Cartagena y Mar Menor, 30720, Espagne"],"fave_property_location":["37.7972232,-0.8048727,15"],"fave_property_map_street_view":["cacher"],"fave_video_url":["https:\/\/www.youtube.com\/shorts\/uFD5ZPXelmk"],"fave_agent_display_option":["none"],"fave_prop_homeslider":["oui"],"fave_private_note":["ELISA BEACH GROUP 1 - SAN BLAS EN LA RIBERA 5\/7\/2024\n"],"additional_features":["a:4:{i:0;a:1:{s:29:\"fave_additional_feature_title\";s:17:\"600 m de la plage\";}i:1;a:1:{s:29:\"fave_additional_feature_title\";s:38:\"A proximit\u00e9 de restaurants et de bars\";}i:2;a:1:{s:29:\"fave_additional_feature_title\";s:20:\"Pr\u00e8s de l'a\u00e9roport\";}i:3;a:1:{s:29:\"fave_additional_feature_title\";s:15:\"Piscine priv\u00e9e\";}}"],"floor_plans":["a:1:{i:0;a:1:{s:15:\"fave_plan_image\";s:96:\"https:\/\/myhomeproperty.es\/wp-content\/uploads\/2024\/07\/Captura-de-pantalla-2024-07-05-123202-1.png\";}}"],"houzez_manual_expire":["0"],"_houzez_expiration_date_status":["saved"],"_elementor_page_assets":["a:0:{}"]},"_links":{"self":[{"href":"https:\/\/myhomeproperty.es\/fr\/wp-json\/wp\/v2\/properties\/10130","targetHints":{"allow":["GET"]}}],"collection":[{"href":"https:\/\/myhomeproperty.es\/fr\/wp-json\/wp\/v2\/properties"}],"about":[{"href":"https:\/\/myhomeproperty.es\/fr\/wp-json\/wp\/v2\/types\/property"}],"author":[{"embeddable":true,"href":"https:\/\/myhomeproperty.es\/fr\/wp-json\/wp\/v2\/users\/3"}],"version-history":[{"count":3,"href":"https:\/\/myhomeproperty.es\/fr\/wp-json\/wp\/v2\/properties\/10130\/revisions"}],"predecessor-version":[{"id":26881,"href":"https:\/\/myhomeproperty.es\/fr\/wp-json\/wp\/v2\/properties\/10130\/revisions\/26881"}],"wp:attachment":[{"href":"https:\/\/myhomeproperty.es\/fr\/wp-json\/wp\/v2\/media?parent=10130"}],"wp:term":[{"taxonomy":"property_type","embeddable":true,"href":"https:\/\/myhomeproperty.es\/fr\/wp-json\/wp\/v2\/property_type?post=10130"},{"taxonomy":"property_status","embeddable":true,"href":"https:\/\/myhomeproperty.es\/fr\/wp-json\/wp\/v2\/property_status?post=10130"},{"taxonomy":"property_feature","embeddable":true,"href":"https:\/\/myhomeproperty.es\/fr\/wp-json\/wp\/v2\/property_feature?post=10130"},{"taxonomy":"property_label","embeddable":true,"href":"https:\/\/myhomeproperty.es\/fr\/wp-json\/wp\/v2\/property_label?post=10130"},{"taxonomy":"property_country","embeddable":true,"href":"https:\/\/myhomeproperty.es\/fr\/wp-json\/wp\/v2\/property_country?post=10130"},{"taxonomy":"property_state","embeddable":true,"href":"https:\/\/myhomeproperty.es\/fr\/wp-json\/wp\/v2\/property_state?post=10130"},{"taxonomy":"property_city","embeddable":true,"href":"https:\/\/myhomeproperty.es\/fr\/wp-json\/wp\/v2\/property_city?post=10130"},{"taxonomy":"property_area","embeddable":true,"href":"https:\/\/myhomeproperty.es\/fr\/wp-json\/wp\/v2\/property_area?post=10130"}],"curies":[{"name":"wp","href":"https:\/\/api.w.org\/{rel}","templated":true}]}}

Maison jumelée avec piscine privée à Santiago de la Ribera

<p>Maison jumelée avec piscine privée (650 mètres des plages)</p>

<figure class="wp-block-image size-large"><img fetchpriority="high" decoding="async" width="1024" height="576" src="https://myhomeproperty.es/wp-content/uploads/2024/07/5_3-Photo-1024x576.jpg" alt="" class="wp-image-184" srcset="https://myhomeproperty.es/wp-content/uploads/2024/07/5_3-Photo-1024x576.jpg 1024w, https://myhomeproperty.es/wp-content/uploads/2024/07/5_3-Photo-300x169.jpg 300w, https://myhomeproperty.es/wp-content/uploads/2024/07/5_3-Photo-768x432.jpg 768w, https://myhomeproperty.es/wp-content/uploads/2024/07/5_3-Photo-1536x864.jpg 1536w, https://myhomeproperty.es/wp-content/uploads/2024/07/5_3-Photo-2048x1152.jpg 2048w, https://myhomeproperty.es/wp-content/uploads/2024/07/5_3-Photo-1067x600.jpg 1067w, https://myhomeproperty.es/wp-content/uploads/2024/07/5_3-Photo-496x279.jpg 496w" sizes="(max-width: 1024px) 100vw, 1024px" /></figure>

<p>CLÉ EN MAIN, ENTIÈREMENT MEUBLÉ !!!!  </p>

<p>Villa mitoyenne et en terrasse avec piscine privée (650 mètres des plages). Cette villa est conçue pour offrir le meilleur espace de vie ouvert, avec des portes coulissantes à double vitrage s&#8217;ouvrant directement sur une grande terrasse avec piscine privée, terrasse et aire de stationnement. Elle dispose de 3 chambres de taille généreuse (au premier étage avec salle de bains attenante) et d&#8217;une salle de bains supplémentaire au rez-de-chaussée avec douche à l&#8217;italienne. L&#8217;espace de vie du rez-de-chaussée comprend une cuisine entièrement équipée avec table basse, un salon/salle à manger ouvert, une cuisine entièrement équipée avec appareils électroménagers, un espace de rangement extérieur et des terrasses sur le côté de la villa, depuis la chambre principale et depuis le salon.     </p>

<p>Parfaitement située&#8230; Cette villa se trouve à quelques minutes de marche des plages de San Javier et à seulement 5 minutes du centre. Le marché du mercredi se trouve à seulement 200 mètres. Parfait pour les loisirs&#8230; Des kilomètres et des kilomètres de marche à explorer&#8230; c&#8217;est vraiment un endroit incroyable pour se promener, de jour comme de nuit, avec d&#8217;innombrables restaurants au choix et d&#8217;excellents petits bars à tapas au bord de la mer, pourquoi ne pas visiter le club nautique ? La région offre une grande variété d&#8217;activités sportives, y compris des sports nautiques saisonniers&#8230; et des terrains de golf particulièrement intéressants se trouvent à proximité !     </p>

<p>Ville : San Javier (Costa Cálida) Région : Costa Cálida (MURCIA)  </p>

<ul class="wp-block-list">
<li>Quartier : Ville (10 minutes à pied) Plage (5 minutes à pied)  </li>



<li>Vues : Ville, Côte Type : Villa (jumelée)</li>



<li>Piscine : Piscine privée Chambres : 3 Salles de bain : 2  </li>



<li>Statut : Nouvelle construction  </li>



<li>Taille de la propriété : 94,00 m2 Taille du terrain : 136 m2  </li>



<li>Jardin : privé</li>
</ul>

<p>Maison jumelée avec piscine privée (650 mètres des plages) CLÉ EN MAIN, ENTIÈREMENT MEUBLÉ !!!! Villa mitoyenne et en terrasse avec piscine privée (650 mètres des plages). Cette villa est conçue pour offrir le meilleur espace de vie ouvert, avec des portes coulissantes à double vitrage s&#8217;ouvrant directement sur une grande terrasse avec piscine privée, [&hellip;]</p>

a:4:{i:0;a:1:{s:29:"fave_additional_feature_title";s:17:"600 m de la plage";}i:1;a:1:{s:29:"fave_additional_feature_title";s:38:"A proximité de restaurants et de bars";}i:2;a:1:{s:29:"fave_additional_feature_title";s:20:"Près de l'aéroport";}i:3;a:1:{s:29:"fave_additional_feature_title";s:15:"Piscine privée";}}
