{"id":1242,"date":"2024-07-12T10:45:25","date_gmt":"2024-07-12T10:45:25","guid":{"rendered":"https:\/\/myhomeproperty.es\/property\/villas-adosadas-con-piscina-privada-y-solarium-en-san-pedro-del-pinatar\/"},"modified":"2024-07-22T08:24:08","modified_gmt":"2024-07-22T08:24:08","slug":"villas-adosadas-con-piscina-privada-y-solarium-en-san-pedro-del-pinatar","status":"publish","type":"property","link":"https:\/\/myhomeproperty.es\/fr\/property\/villas-adosadas-con-piscina-privada-y-solarium-en-san-pedro-del-pinatar\/","title":{"rendered":"Villas adosadas con piscina privada y solarium en San Pedro del Pinatar"},"content":{"rendered":"\n<p>Nous vous pr\u00e9sentons ce Residencial de obra nueva situ\u00e9 \u00e0 San Pedro del Pinatar (Murcia) avec une excellente localisation, dans une zone tranquille, mais aussi proche de tous les services, avec un acc\u00e8s facile \u00e0 l&#8217;autoroute, et \u00e0 seulement 2 km de la Mar Menor.<\/p>\n\n<p>Les logements sont r\u00e9partis dans deux usines et un solarium. L&#8217;\u00e9tage inf\u00e9rieur comprend un grand salon avec armoire empot\u00e9e, une salle \u00e0 manger avec cuisine am\u00e9ricaine, une salle de bains compl\u00e8te, un patio en bois qui peut \u00eatre utilis\u00e9 comme lavabo et la terrasse ext\u00e9rieure avec la piscine priv\u00e9e et l&#8217;espace pour garer votre v\u00e9hicule.<\/p>\n\n<p>Dans la partie sup\u00e9rieure se trouvent les deux autres chambres, l&#8217;une d&#8217;entre elles avec un dressing, une salle de bain compl\u00e8te et une grande terrasse. De l\u00e0, vous acc\u00e9dez au solarium, qui vous offre diff\u00e9rentes possibilit\u00e9s car il est de grande taille.<\/p>\n\n<p>La vie \u00e0 l&#8217;air libre est une priorit\u00e9&#8230; Ce projet est n\u00e9 de la grande demande de cr\u00e9er une maison id\u00e9ale, des espaces ext\u00e9rieurs pour profiter de la lumi\u00e8re du soleil et un design totalement avant-gardiste \u00e0 des prix tr\u00e8s comp\u00e9titifs.<\/p>\n\n<p>3 chambres.<br\/>2 ba\u00f1os completos.<br\/>Cocina con electrodom\u00e9sticos.<br\/>Piscina privada.<br\/>Terraza.<br\/>Solarium inclus.<\/p>\n","protected":false},"excerpt":{"rendered":"<p>Nous vous pr\u00e9sentons ce Residencial de obra nueva situ\u00e9 \u00e0 San Pedro del Pinatar (Murcia) avec une excellente localisation, dans une zone tranquille, mais aussi proche de tous les services, avec un acc\u00e8s facile \u00e0 l&#8217;autoroute, et \u00e0 seulement 2 km de la Mar Menor. Les logements sont r\u00e9partis dans deux usines et un solarium. [&hellip;]<\/p>\n","protected":false},"author":1,"featured_media":1210,"parent":0,"menu_order":0,"template":"","property_type":[],"property_status":[44],"property_feature":[43],"property_label":[],"property_country":[],"property_state":[39],"property_city":[42],"property_area":[],"class_list":["post-1242","property","type-property","status-publish","has-post-thumbnail","hentry","property_status-en-vente","property_feature-piscina-fr","property_state-region-de-murcie","property_city-san-pedro-del-pinatar-fr"],"property_meta":{"fave_featured":["1"],"houzez_featured_listing_date":["2024-07-12 10:45:34"],"fave_property_images":["1141","1205","1201","1213","1217","1221","1193","1225","1197","1145","1229","1181","1149","1153","1185","1161","1165","1169","1173","1177","1189","1233","1237"],"fave_single_top_area":["global"],"_top_nav_excluded":[""],"_cms_nav_minihome":[""],"houzez_geolocation_lat":["37.8353328"],"houzez_geolocation_long":["-0.7916121"],"_last_translation_edit_mode":["translation-editor"],"_thumbnail_id":["1210"],"fave_property_price":["317900"],"fave_property_size":["105"],"fave_property_land":["110"],"fave_property_bedrooms":["3"],"fave_property_bathrooms":["2"],"fave_property_id":["3004MHJ"],"fave_property_map":["1"],"fave_property_map_address":["San Pedro del Pinatar, Campo de Cartagena y Mar Menor, Regi\u00f3n de Murcia, 30740, Espa\u00f1a"],"fave_property_location":["37.8353328,-0.7916121,15"],"fave_property_map_street_view":["cacher"],"fave_property_zip":["30740"],"fave_video_url":["https:\/\/youtu.be\/LzNdvMM9_qc"],"fave_agent_display_option":["none"],"fave_prop_homeslider":["oui"],"fave_private_note":["RESIDENCIAL JACARANDA RODRIGO HOMES - PACO ALBALADEJO - FASE I - ZONA TAIBILLA -  "],"floor_plans":["a:2:{i:0;a:2:{s:15:\"fave_plan_title\";s:15:\"Plano g\u00e9n\u00e9ral\";s:15:\"fave_plan_image\";s:76:\"https:\/\/myhomeproperty.es\/wp-content\/uploads\/2024\/07\/Plot-Planta-general.jpg\";}i:1;a:2:{s:15:\"fave_plan_title\";s:10:\"Vivienda  \";s:15:\"fave_plan_image\";s:79:\"https:\/\/myhomeproperty.es\/wp-content\/uploads\/2024\/07\/Viviendas-N.2-N.3-N.16.jpg\";}}"],"houzez_total_property_views":["115"],"houzez_views_by_date":["a:61:{s:10:\"05-27-2025\";i:1;s:10:\"06-02-2025\";i:1;s:10:\"06-10-2025\";i:1;s:10:\"06-13-2025\";i:1;s:10:\"07-02-2025\";i:1;s:10:\"07-04-2025\";i:2;s:10:\"07-12-2025\";i:1;s:10:\"07-14-2025\";i:3;s:10:\"07-20-2025\";i:1;s:10:\"07-21-2025\";i:1;s:10:\"07-29-2025\";i:1;s:10:\"08-04-2025\";i:1;s:10:\"08-24-2025\";i:1;s:10:\"08-29-2025\";i:1;s:10:\"08-30-2025\";i:2;s:10:\"09-03-2025\";i:1;s:10:\"09-07-2025\";i:1;s:10:\"09-09-2025\";i:1;s:10:\"09-15-2025\";i:1;s:10:\"09-20-2025\";i:2;s:10:\"09-26-2025\";i:1;s:10:\"09-27-2025\";i:1;s:10:\"10-02-2025\";i:1;s:10:\"10-08-2025\";i:1;s:10:\"10-16-2025\";i:1;s:10:\"10-24-2025\";i:1;s:10:\"11-19-2025\";i:1;s:10:\"11-22-2025\";i:1;s:10:\"11-30-2025\";i:3;s:10:\"12-06-2025\";i:1;s:10:\"12-09-2025\";i:1;s:10:\"12-15-2025\";i:1;s:10:\"12-20-2025\";i:1;s:10:\"12-22-2025\";i:1;s:10:\"12-26-2025\";i:2;s:10:\"01-01-2026\";i:1;s:10:\"01-11-2026\";i:1;s:10:\"01-12-2026\";i:1;s:10:\"01-13-2026\";i:1;s:10:\"01-30-2026\";i:1;s:10:\"02-04-2026\";i:1;s:10:\"02-10-2026\";i:1;s:10:\"02-12-2026\";i:1;s:10:\"02-17-2026\";i:1;s:10:\"02-18-2026\";i:1;s:10:\"02-23-2026\";i:1;s:10:\"02-28-2026\";i:1;s:10:\"03-10-2026\";i:1;s:10:\"03-11-2026\";i:2;s:10:\"03-15-2026\";i:1;s:10:\"03-21-2026\";i:3;s:10:\"03-22-2026\";i:1;s:10:\"03-27-2026\";i:1;s:10:\"04-01-2026\";i:1;s:10:\"04-07-2026\";i:2;s:10:\"04-08-2026\";i:2;s:10:\"04-13-2026\";i:1;s:10:\"04-18-2026\";i:1;s:10:\"04-19-2026\";i:1;s:10:\"04-23-2026\";i:1;s:10:\"04-28-2026\";i:2;}"],"houzez_recently_viewed":["2026-04-28 19:53:44"],"_elementor_page_assets":["a:0:{}"]},"_links":{"self":[{"href":"https:\/\/myhomeproperty.es\/fr\/wp-json\/wp\/v2\/properties\/1242","targetHints":{"allow":["GET"]}}],"collection":[{"href":"https:\/\/myhomeproperty.es\/fr\/wp-json\/wp\/v2\/properties"}],"about":[{"href":"https:\/\/myhomeproperty.es\/fr\/wp-json\/wp\/v2\/types\/property"}],"author":[{"embeddable":true,"href":"https:\/\/myhomeproperty.es\/fr\/wp-json\/wp\/v2\/users\/1"}],"version-history":[{"count":1,"href":"https:\/\/myhomeproperty.es\/fr\/wp-json\/wp\/v2\/properties\/1242\/revisions"}],"predecessor-version":[{"id":1245,"href":"https:\/\/myhomeproperty.es\/fr\/wp-json\/wp\/v2\/properties\/1242\/revisions\/1245"}],"wp:featuredmedia":[{"embeddable":true,"href":"https:\/\/myhomeproperty.es\/fr\/wp-json\/wp\/v2\/media\/1210"}],"wp:attachment":[{"href":"https:\/\/myhomeproperty.es\/fr\/wp-json\/wp\/v2\/media?parent=1242"}],"wp:term":[{"taxonomy":"property_type","embeddable":true,"href":"https:\/\/myhomeproperty.es\/fr\/wp-json\/wp\/v2\/property_type?post=1242"},{"taxonomy":"property_status","embeddable":true,"href":"https:\/\/myhomeproperty.es\/fr\/wp-json\/wp\/v2\/property_status?post=1242"},{"taxonomy":"property_feature","embeddable":true,"href":"https:\/\/myhomeproperty.es\/fr\/wp-json\/wp\/v2\/property_feature?post=1242"},{"taxonomy":"property_label","embeddable":true,"href":"https:\/\/myhomeproperty.es\/fr\/wp-json\/wp\/v2\/property_label?post=1242"},{"taxonomy":"property_country","embeddable":true,"href":"https:\/\/myhomeproperty.es\/fr\/wp-json\/wp\/v2\/property_country?post=1242"},{"taxonomy":"property_state","embeddable":true,"href":"https:\/\/myhomeproperty.es\/fr\/wp-json\/wp\/v2\/property_state?post=1242"},{"taxonomy":"property_city","embeddable":true,"href":"https:\/\/myhomeproperty.es\/fr\/wp-json\/wp\/v2\/property_city?post=1242"},{"taxonomy":"property_area","embeddable":true,"href":"https:\/\/myhomeproperty.es\/fr\/wp-json\/wp\/v2\/property_area?post=1242"}],"curies":[{"name":"wp","href":"https:\/\/api.w.org\/{rel}","templated":true}]}}

<p>Nous vous présentons ce Residencial de obra nueva situé à San Pedro del Pinatar (Murcia) avec une excellente localisation, dans une zone tranquille, mais aussi proche de tous les services, avec un accès facile à l&#8217;autoroute, et à seulement 2 km de la Mar Menor.</p>

<p>Les logements sont répartis dans deux usines et un solarium. L&#8217;étage inférieur comprend un grand salon avec armoire empotée, une salle à manger avec cuisine américaine, une salle de bains complète, un patio en bois qui peut être utilisé comme lavabo et la terrasse extérieure avec la piscine privée et l&#8217;espace pour garer votre véhicule.</p>

<p>Dans la partie supérieure se trouvent les deux autres chambres, l&#8217;une d&#8217;entre elles avec un dressing, une salle de bain complète et une grande terrasse. De là, vous accédez au solarium, qui vous offre différentes possibilités car il est de grande taille.</p>

<p>La vie à l&#8217;air libre est une priorité&#8230; Ce projet est né de la grande demande de créer une maison idéale, des espaces extérieurs pour profiter de la lumière du soleil et un design totalement avant-gardiste à des prix très compétitifs.</p>

<p>3 chambres.<br/>2 baños completos.<br/>Cocina con electrodomésticos.<br/>Piscina privada.<br/>Terraza.<br/>Solarium inclus.</p>

<p>Nous vous présentons ce Residencial de obra nueva situé à San Pedro del Pinatar (Murcia) avec une excellente localisation, dans une zone tranquille, mais aussi proche de tous les services, avec un accès facile à l&#8217;autoroute, et à seulement 2 km de la Mar Menor. Les logements sont répartis dans deux usines et un solarium. [&hellip;]</p>

San Pedro del Pinatar, Campo de Cartagena y Mar Menor, Región de Murcia, 30740, España

a:2:{i:0;a:2:{s:15:"fave_plan_title";s:15:"Plano général";s:15:"fave_plan_image";s:76:"https://myhomeproperty.es/wp-content/uploads/2024/07/Plot-Planta-general.jpg";}i:1;a:2:{s:15:"fave_plan_title";s:10:"Vivienda  ";s:15:"fave_plan_image";s:79:"https://myhomeproperty.es/wp-content/uploads/2024/07/Viviendas-N.2-N.3-N.16.jpg";}}
