{"id":2466,"date":"2024-07-24T11:17:28","date_gmt":"2024-07-24T11:17:28","guid":{"rendered":"https:\/\/myhomeproperty.es\/property\/villas-isolees-a-san-pedro-del-pinatar\/"},"modified":"2024-07-24T11:17:35","modified_gmt":"2024-07-24T11:17:35","slug":"villas-isolees-a-san-pedro-del-pinatar","status":"publish","type":"property","link":"https:\/\/myhomeproperty.es\/fr\/property\/villas-isolees-a-san-pedro-del-pinatar\/","title":{"rendered":"Villas isol\u00e9es \u00e0 San Pedro del Pinatar"},"content":{"rendered":"\n<p><br\/>Nous vous pr\u00e9sentons ce projet de 4 villas individuelles de 3 chambres et 3 salles de bain situ\u00e9es \u00e0 San Pedro del Pinatar et r\u00e9parties sur deux \u00e9tages. Au premier \u00e9tage, vous trouverez un salon-salle \u00e0 manger avec kitchenette, deux chambres, dont une avec salle de bains en suite. \u00c0 l&#8217;\u00e9tage se trouve la troisi\u00e8me chambre avec salle de bains attenante et une grande terrasse, id\u00e9ale pour profiter du soleil pendant les mois d&#8217;\u00e9t\u00e9.<\/p>\n\n<p>Les logements sont livr\u00e9s avec une cuisine et une salle de bain enti\u00e8rement \u00e9quip\u00e9es et une pr\u00e9-installation pour l&#8217;air conditionn\u00e9.<\/p>\n\n<p>Les cl\u00e9s seront remises en d\u00e9cembre 2025.<\/p>\n\n<p><br\/><br\/><br\/><br\/><br\/>Lieux d&#8217;int\u00e9r\u00eat : Mar : 1km Centre commercial Dos Mares : 5 minutes Centre commercial La Zenia Boulevard : 15 minutes A\u00e9roport de Corvera : 30 minutes A\u00e9roport d&#8217;Alicante : 50 minutes<\/p>\n","protected":false},"excerpt":{"rendered":"<p>Nous vous pr\u00e9sentons ce projet de 4 villas individuelles de 3 chambres et 3 salles de bain situ\u00e9es \u00e0 San Pedro del Pinatar et r\u00e9parties sur deux \u00e9tages. Au premier \u00e9tage, vous trouverez un salon-salle \u00e0 manger avec kitchenette, deux chambres, dont une avec salle de bains en suite. \u00c0 l&#8217;\u00e9tage se trouve la troisi\u00e8me [&hellip;]<\/p>\n","protected":false},"author":1,"featured_media":1586,"parent":0,"menu_order":0,"template":"","property_type":[],"property_status":[44],"property_feature":[],"property_label":[],"property_country":[32],"property_state":[39],"property_city":[42],"property_area":[],"class_list":["post-2466","property","type-property","status-publish","has-post-thumbnail","hentry","property_status-en-vente","property_country-spain-fr","property_state-region-de-murcie","property_city-san-pedro-del-pinatar-fr"],"property_meta":{"fave_featured":["0"],"houzez_featured_listing_date":[""],"fave_property_images":["1585","1618","1569","1597","1577","1589","1581","1626","1630","1634","1638"],"fave_single_top_area":["global"],"_top_nav_excluded":[""],"_cms_nav_minihome":[""],"fave_property_price":["344900"],"fave_property_price_prefix":["DE"],"fave_property_size":["115"],"fave_property_land":["155"],"fave_property_bedrooms":["3"],"fave_property_bathrooms":["3"],"fave_property_id":["30008MHDP"],"fave_property_map":["1"],"fave_property_location":["25.68654,-80.431345,15"],"houzez_geolocation_lat":["25.68654"],"houzez_geolocation_long":["-80.431345"],"fave_property_map_street_view":["cacher"],"fave_agent_display_option":["none"],"fave_prop_homeslider":["oui"],"floor_plans":["a:5:{i:0;a:2:{s:15:\"fave_plan_title\";s:10:\"Logement 1\";s:15:\"fave_plan_image\";s:69:\"https:\/\/myhomeproperty.es\/wp-content\/uploads\/2024\/07\/Vivienda-1-1.jpg\";}i:1;a:2:{s:15:\"fave_plan_title\";s:10:\"Logement 2\";s:15:\"fave_plan_image\";s:69:\"https:\/\/myhomeproperty.es\/wp-content\/uploads\/2024\/07\/Vivienda-2-1.jpg\";}i:2;a:1:{s:15:\"fave_plan_image\";s:69:\"https:\/\/myhomeproperty.es\/wp-content\/uploads\/2024\/07\/Vivienda-3-1.jpg\";}i:3;a:1:{s:15:\"fave_plan_title\";s:10:\"Viveinda 3\";}i:4;a:2:{s:15:\"fave_plan_title\";s:10:\"Logement 4\";s:15:\"fave_plan_image\";s:69:\"https:\/\/myhomeproperty.es\/wp-content\/uploads\/2024\/07\/Vivienda-4-1.jpg\";}}"],"_thumbnail_id":["1586"],"_last_translation_edit_mode":["translation-editor"],"houzez_total_property_views":["136"],"houzez_views_by_date":["a:61:{s:10:\"07-13-2025\";i:3;s:10:\"07-21-2025\";i:1;s:10:\"07-22-2025\";i:1;s:10:\"07-29-2025\";i:3;s:10:\"08-04-2025\";i:1;s:10:\"08-06-2025\";i:2;s:10:\"08-18-2025\";i:1;s:10:\"08-23-2025\";i:1;s:10:\"08-24-2025\";i:1;s:10:\"08-30-2025\";i:2;s:10:\"08-31-2025\";i:1;s:10:\"09-06-2025\";i:1;s:10:\"09-07-2025\";i:5;s:10:\"09-13-2025\";i:1;s:10:\"09-15-2025\";i:1;s:10:\"09-16-2025\";i:2;s:10:\"09-18-2025\";i:1;s:10:\"09-24-2025\";i:1;s:10:\"09-25-2025\";i:2;s:10:\"09-29-2025\";i:1;s:10:\"10-03-2025\";i:1;s:10:\"10-05-2025\";i:1;s:10:\"10-12-2025\";i:1;s:10:\"10-18-2025\";i:1;s:10:\"11-09-2025\";i:1;s:10:\"11-19-2025\";i:1;s:10:\"12-07-2025\";i:1;s:10:\"12-20-2025\";i:1;s:10:\"12-26-2025\";i:1;s:10:\"12-28-2025\";i:1;s:10:\"12-31-2025\";i:1;s:10:\"01-06-2026\";i:1;s:10:\"01-07-2026\";i:1;s:10:\"01-11-2026\";i:1;s:10:\"01-12-2026\";i:4;s:10:\"01-24-2026\";i:1;s:10:\"01-29-2026\";i:1;s:10:\"02-04-2026\";i:2;s:10:\"02-10-2026\";i:1;s:10:\"02-17-2026\";i:1;s:10:\"02-19-2026\";i:1;s:10:\"02-22-2026\";i:1;s:10:\"03-11-2026\";i:2;s:10:\"03-14-2026\";i:2;s:10:\"03-20-2026\";i:1;s:10:\"03-21-2026\";i:2;s:10:\"03-23-2026\";i:1;s:10:\"03-25-2026\";i:1;s:10:\"03-26-2026\";i:1;s:10:\"03-30-2026\";i:1;s:10:\"04-04-2026\";i:1;s:10:\"04-05-2026\";i:1;s:10:\"04-06-2026\";i:2;s:10:\"04-11-2026\";i:1;s:10:\"04-15-2026\";i:2;s:10:\"04-16-2026\";i:1;s:10:\"04-21-2026\";i:1;s:10:\"04-23-2026\";i:1;s:10:\"04-24-2026\";i:2;s:10:\"04-27-2026\";i:1;s:10:\"04-28-2026\";i:2;}"],"houzez_recently_viewed":["2026-04-28 23:06:24"],"_elementor_page_assets":["a:0:{}"]},"_links":{"self":[{"href":"https:\/\/myhomeproperty.es\/fr\/wp-json\/wp\/v2\/properties\/2466","targetHints":{"allow":["GET"]}}],"collection":[{"href":"https:\/\/myhomeproperty.es\/fr\/wp-json\/wp\/v2\/properties"}],"about":[{"href":"https:\/\/myhomeproperty.es\/fr\/wp-json\/wp\/v2\/types\/property"}],"author":[{"embeddable":true,"href":"https:\/\/myhomeproperty.es\/fr\/wp-json\/wp\/v2\/users\/1"}],"version-history":[{"count":1,"href":"https:\/\/myhomeproperty.es\/fr\/wp-json\/wp\/v2\/properties\/2466\/revisions"}],"predecessor-version":[{"id":2467,"href":"https:\/\/myhomeproperty.es\/fr\/wp-json\/wp\/v2\/properties\/2466\/revisions\/2467"}],"wp:featuredmedia":[{"embeddable":true,"href":"https:\/\/myhomeproperty.es\/fr\/wp-json\/wp\/v2\/media\/1586"}],"wp:attachment":[{"href":"https:\/\/myhomeproperty.es\/fr\/wp-json\/wp\/v2\/media?parent=2466"}],"wp:term":[{"taxonomy":"property_type","embeddable":true,"href":"https:\/\/myhomeproperty.es\/fr\/wp-json\/wp\/v2\/property_type?post=2466"},{"taxonomy":"property_status","embeddable":true,"href":"https:\/\/myhomeproperty.es\/fr\/wp-json\/wp\/v2\/property_status?post=2466"},{"taxonomy":"property_feature","embeddable":true,"href":"https:\/\/myhomeproperty.es\/fr\/wp-json\/wp\/v2\/property_feature?post=2466"},{"taxonomy":"property_label","embeddable":true,"href":"https:\/\/myhomeproperty.es\/fr\/wp-json\/wp\/v2\/property_label?post=2466"},{"taxonomy":"property_country","embeddable":true,"href":"https:\/\/myhomeproperty.es\/fr\/wp-json\/wp\/v2\/property_country?post=2466"},{"taxonomy":"property_state","embeddable":true,"href":"https:\/\/myhomeproperty.es\/fr\/wp-json\/wp\/v2\/property_state?post=2466"},{"taxonomy":"property_city","embeddable":true,"href":"https:\/\/myhomeproperty.es\/fr\/wp-json\/wp\/v2\/property_city?post=2466"},{"taxonomy":"property_area","embeddable":true,"href":"https:\/\/myhomeproperty.es\/fr\/wp-json\/wp\/v2\/property_area?post=2466"}],"curies":[{"name":"wp","href":"https:\/\/api.w.org\/{rel}","templated":true}]}}

Villas isolées à San Pedro del Pinatar

<p><br/>Nous vous présentons ce projet de 4 villas individuelles de 3 chambres et 3 salles de bain situées à San Pedro del Pinatar et réparties sur deux étages. Au premier étage, vous trouverez un salon-salle à manger avec kitchenette, deux chambres, dont une avec salle de bains en suite. À l&#8217;étage se trouve la troisième chambre avec salle de bains attenante et une grande terrasse, idéale pour profiter du soleil pendant les mois d&#8217;été.</p>

<p>Les logements sont livrés avec une cuisine et une salle de bain entièrement équipées et une pré-installation pour l&#8217;air conditionné.</p>

<p>Les clés seront remises en décembre 2025.</p>

<p><br/><br/><br/><br/><br/>Lieux d&#8217;intérêt : Mar : 1km Centre commercial Dos Mares : 5 minutes Centre commercial La Zenia Boulevard : 15 minutes Aéroport de Corvera : 30 minutes Aéroport d&#8217;Alicante : 50 minutes</p>

<p>Nous vous présentons ce projet de 4 villas individuelles de 3 chambres et 3 salles de bain situées à San Pedro del Pinatar et réparties sur deux étages. Au premier étage, vous trouverez un salon-salle à manger avec kitchenette, deux chambres, dont une avec salle de bains en suite. À l&#8217;étage se trouve la troisième [&hellip;]</p>
