{"id":28169,"date":"2025-02-13T11:20:26","date_gmt":"2025-02-13T11:20:26","guid":{"rendered":"https:\/\/myhomeproperty.es\/property\/appartement-a-san-pedro-del-pinatar-a-20-minutes-a-pied-de-la-plage\/"},"modified":"2025-02-13T11:20:33","modified_gmt":"2025-02-13T11:20:33","slug":"appartement-a-san-pedro-del-pinatar-a-20-minutes-a-pied-de-la-plage","status":"publish","type":"property","link":"https:\/\/myhomeproperty.es\/fr\/property\/appartement-a-san-pedro-del-pinatar-a-20-minutes-a-pied-de-la-plage\/","title":{"rendered":"Appartement \u00e0 San Pedro del Pinatar, \u00e0 20 minutes \u00e0 pied de la plage."},"content":{"rendered":"\n<p>Nouvelle phase de logements de plain-pied \u00e0 San Pedro del Pinatar<\/p>\n\n<p>MAINTENANT DISPONIBLE &#8230; Choisissez entre un mod\u00e8le au rez-de-chauss\u00e9e avec terrasse avant ou un loft en attique avec terrasse avant et grand solarium priv\u00e9 sur le toit. <\/p>\n\n<p>Jardin \/ Rez-de-chauss\u00e9e de la maison : La porte d&#8217;entr\u00e9e s&#8217;ouvre sur le spacieux espace de vie avec la salle \u00e0 manger situ\u00e9e sur le c\u00f4t\u00e9. La cuisine enti\u00e8rement \u00e9quip\u00e9e est situ\u00e9e \u00e0 c\u00f4t\u00e9 des portes coulissantes, ce qui permet \u00e0 la lumi\u00e8re naturelle du soleil de p\u00e9n\u00e9trer \u00e0 l&#8217;int\u00e9rieur. Sur le c\u00f4t\u00e9, vous trouverez une salle de bains familiale avec lavabo, toilettes et douche, ainsi que deux chambres de taille g\u00e9n\u00e9reuse, dont la principale dispose d&#8217;une salle de bains attenante.  <\/p>\n\n<p>Mod\u00e8le Penthouse : Un escalier vous m\u00e8ne \u00e0 l&#8217;\u00e9tage sup\u00e9rieur avec une grande terrasse priv\u00e9e carrel\u00e9e, avec une porte d&#8217;entr\u00e9e \u00e0 l&#8217;appartement. Comme les mod\u00e8les du rez-de-chauss\u00e9e, un g\u00e9n\u00e9reux espace ouvert salon\/salle \u00e0 manger avec une grande cuisine &#8211; 2 chambres \u00e0 c\u00f4t\u00e9 (la principale avec salle de bain en-suite). De l&#8217;arri\u00e8re de la cuisine, vous pouvez acc\u00e9der au solarium priv\u00e9 sur le toit.  <\/p>\n\n<p>NOUVELLES PHASES II &#8211; III : Nos logements comprennent tous les \u00e9clairages LED int\u00e9rieurs et ext\u00e9rieurs, la pr\u00e9-installation de l&#8217;air conditionn\u00e9, une cuisine \u00e9quip\u00e9e avec plaque \u00e0 induction, four, lave-vaisselle, r\u00e9frig\u00e9rateur\/cong\u00e9lateur et une place de parking. Ces maisons nouvellement construites disposent d&#8217;une passerelle entre chaque structure, avec un acc\u00e8s au jardin commun et \u00e0 la grande piscine \u00e0 l&#8217;avant. <\/p>\n\n<p>Une urbanisation s\u00e9lective et autonome de seulement 12 maisons de plage &#8211; Toutes b\u00e9n\u00e9ficient d&#8217;un grand jardin commun avec piscine &#8230; Ach\u00e8vement pr\u00e9vu pour l&#8217;\u00e9t\u00e9 2025. <\/p>\n\n<p><br\/><br\/><br\/><br\/><br\/><br\/>Ville : San Pedro del Pinatar Zone : MURCIA Quartier : Centre ville (1 min \u00e0 pied) Vues : Plage (20 min \u00e0 pied) Type : Bungalows &#8211; Duplex Piscine communale : Oui Parking :<br\/><br\/><br\/><br\/><br\/><br\/><br\/>Oui, hors route Chambres : 2 Salles de bain : 2 Salle de bain attenante : Oui chambre principale Statut : Nouvelle construction Taille de la propri\u00e9t\u00e9 : 74,12 m2 Terrasses : Oui 11 m2 &#8211; 13 m2 Jardin : Communal<\/p>\n","protected":false},"excerpt":{"rendered":"<p>Nouvelle phase de logements de plain-pied \u00e0 San Pedro del Pinatar MAINTENANT DISPONIBLE &#8230; Choisissez entre un mod\u00e8le au rez-de-chauss\u00e9e avec terrasse avant ou un loft en attique avec terrasse avant et grand solarium priv\u00e9 sur le toit. Jardin \/ Rez-de-chauss\u00e9e de la maison : La porte d&#8217;entr\u00e9e s&#8217;ouvre sur le spacieux espace de vie [&hellip;]<\/p>\n","protected":false},"author":3,"featured_media":624,"parent":0,"menu_order":0,"template":"","property_type":[],"property_status":[44],"property_feature":[],"property_label":[],"property_country":[32],"property_state":[39],"property_city":[42],"property_area":[],"class_list":["post-28169","property","type-property","status-publish","has-post-thumbnail","hentry","property_status-en-vente","property_country-spain-fr","property_state-region-de-murcie","property_city-san-pedro-del-pinatar-fr"],"property_meta":{"fave_featured":["0"],"houzez_featured_listing_date":[""],"fave_property_images":["623","627","647","639","631","619","635","611","643","807","795","659","667","723","727","731","739","699","799","743","771","767","751","675","679","763","735","695","747","755","715","719","787","655","711","783","651","779","703","663","687","691","803","811","791","615","1099","1103","1107"],"fave_single_top_area":["global"],"_top_nav_excluded":[""],"_cms_nav_minihome":[""],"fave_property_price":["219950"],"fave_property_price_prefix":["Au"],"fave_property_size":["64"],"fave_property_land":["75"],"fave_property_bedrooms":["2"],"fave_property_bathrooms":["2"],"fave_property_id":["3003MH1"],"fave_property_map":["1"],"fave_property_map_address":["San Pedro del Pinatar, Campo de Cartagena y Mar Menor, R\u00e9gion de Murcie, 30740, Espagne"],"fave_property_location":["37.8353328,-0.7916121,15"],"houzez_geolocation_lat":["37.8353328"],"houzez_geolocation_long":["-0.7916121"],"fave_property_map_street_view":["cacher"],"fave_property_zip":["30740"],"fave_agent_display_option":["none"],"fave_private_note":["RESIDENCIAL COMPLEX LISBOA GROUP ONE - SAN PEDRO CALLE NORTE \/ BEL\u00c9N  "],"floor_plans":["a:2:{i:0;a:2:{s:15:\"fave_plan_title\";s:16:\"Rez de chauss\u00e9e\";s:15:\"fave_plan_image\";s:82:\"https:\/\/myhomeproperty.es\/wp-content\/uploads\/2024\/07\/Planta-Baja-Ground-scaled.jpg\";}i:1;a:2:{s:15:\"fave_plan_title\";s:9:\"Penthouse\";s:15:\"fave_plan_image\";s:85:\"https:\/\/myhomeproperty.es\/wp-content\/uploads\/2024\/07\/Penthouse-Planta-Alta-scaled.jpg\";}}"],"_thumbnail_id":["624"],"_last_translation_edit_mode":["translation-editor"],"houzez_total_property_views":["105"],"houzez_views_by_date":["a:61:{s:10:\"06-29-2025\";i:1;s:10:\"07-03-2025\";i:1;s:10:\"07-06-2025\";i:3;s:10:\"07-10-2025\";i:1;s:10:\"07-14-2025\";i:3;s:10:\"07-17-2025\";i:1;s:10:\"07-25-2025\";i:1;s:10:\"07-31-2025\";i:1;s:10:\"08-03-2025\";i:1;s:10:\"08-21-2025\";i:1;s:10:\"08-26-2025\";i:1;s:10:\"08-30-2025\";i:2;s:10:\"09-02-2025\";i:1;s:10:\"09-04-2025\";i:1;s:10:\"09-09-2025\";i:1;s:10:\"09-15-2025\";i:1;s:10:\"09-20-2025\";i:1;s:10:\"09-22-2025\";i:2;s:10:\"09-26-2025\";i:1;s:10:\"09-30-2025\";i:1;s:10:\"10-01-2025\";i:1;s:10:\"10-07-2025\";i:1;s:10:\"10-13-2025\";i:1;s:10:\"10-18-2025\";i:1;s:10:\"10-22-2025\";i:3;s:10:\"10-23-2025\";i:3;s:10:\"11-20-2025\";i:1;s:10:\"11-26-2025\";i:1;s:10:\"12-07-2025\";i:1;s:10:\"12-20-2025\";i:1;s:10:\"12-22-2025\";i:1;s:10:\"12-26-2025\";i:1;s:10:\"12-31-2025\";i:1;s:10:\"01-01-2026\";i:1;s:10:\"01-06-2026\";i:1;s:10:\"01-12-2026\";i:2;s:10:\"01-24-2026\";i:1;s:10:\"01-29-2026\";i:1;s:10:\"02-04-2026\";i:2;s:10:\"02-05-2026\";i:1;s:10:\"02-12-2026\";i:1;s:10:\"02-17-2026\";i:1;s:10:\"02-22-2026\";i:1;s:10:\"02-26-2026\";i:1;s:10:\"03-06-2026\";i:1;s:10:\"03-07-2026\";i:1;s:10:\"03-11-2026\";i:2;s:10:\"03-14-2026\";i:1;s:10:\"03-16-2026\";i:1;s:10:\"03-20-2026\";i:1;s:10:\"03-24-2026\";i:1;s:10:\"03-25-2026\";i:1;s:10:\"03-26-2026\";i:1;s:10:\"03-31-2026\";i:1;s:10:\"04-06-2026\";i:1;s:10:\"04-07-2026\";i:1;s:10:\"04-12-2026\";i:1;s:10:\"04-15-2026\";i:1;s:10:\"04-18-2026\";i:1;s:10:\"04-23-2026\";i:1;s:10:\"04-28-2026\";i:2;}"],"houzez_recently_viewed":["2026-04-28 22:22:46"],"_elementor_page_assets":["a:0:{}"]},"_links":{"self":[{"href":"https:\/\/myhomeproperty.es\/fr\/wp-json\/wp\/v2\/properties\/28169","targetHints":{"allow":["GET"]}}],"collection":[{"href":"https:\/\/myhomeproperty.es\/fr\/wp-json\/wp\/v2\/properties"}],"about":[{"href":"https:\/\/myhomeproperty.es\/fr\/wp-json\/wp\/v2\/types\/property"}],"author":[{"embeddable":true,"href":"https:\/\/myhomeproperty.es\/fr\/wp-json\/wp\/v2\/users\/3"}],"version-history":[{"count":1,"href":"https:\/\/myhomeproperty.es\/fr\/wp-json\/wp\/v2\/properties\/28169\/revisions"}],"predecessor-version":[{"id":28170,"href":"https:\/\/myhomeproperty.es\/fr\/wp-json\/wp\/v2\/properties\/28169\/revisions\/28170"}],"wp:featuredmedia":[{"embeddable":true,"href":"https:\/\/myhomeproperty.es\/fr\/wp-json\/wp\/v2\/media\/624"}],"wp:attachment":[{"href":"https:\/\/myhomeproperty.es\/fr\/wp-json\/wp\/v2\/media?parent=28169"}],"wp:term":[{"taxonomy":"property_type","embeddable":true,"href":"https:\/\/myhomeproperty.es\/fr\/wp-json\/wp\/v2\/property_type?post=28169"},{"taxonomy":"property_status","embeddable":true,"href":"https:\/\/myhomeproperty.es\/fr\/wp-json\/wp\/v2\/property_status?post=28169"},{"taxonomy":"property_feature","embeddable":true,"href":"https:\/\/myhomeproperty.es\/fr\/wp-json\/wp\/v2\/property_feature?post=28169"},{"taxonomy":"property_label","embeddable":true,"href":"https:\/\/myhomeproperty.es\/fr\/wp-json\/wp\/v2\/property_label?post=28169"},{"taxonomy":"property_country","embeddable":true,"href":"https:\/\/myhomeproperty.es\/fr\/wp-json\/wp\/v2\/property_country?post=28169"},{"taxonomy":"property_state","embeddable":true,"href":"https:\/\/myhomeproperty.es\/fr\/wp-json\/wp\/v2\/property_state?post=28169"},{"taxonomy":"property_city","embeddable":true,"href":"https:\/\/myhomeproperty.es\/fr\/wp-json\/wp\/v2\/property_city?post=28169"},{"taxonomy":"property_area","embeddable":true,"href":"https:\/\/myhomeproperty.es\/fr\/wp-json\/wp\/v2\/property_area?post=28169"}],"curies":[{"name":"wp","href":"https:\/\/api.w.org\/{rel}","templated":true}]}}

Appartement à San Pedro del Pinatar, à 20 minutes à pied de la plage.

<p>Nouvelle phase de logements de plain-pied à San Pedro del Pinatar</p>

<p>MAINTENANT DISPONIBLE &#8230; Choisissez entre un modèle au rez-de-chaussée avec terrasse avant ou un loft en attique avec terrasse avant et grand solarium privé sur le toit. </p>

<p>Jardin / Rez-de-chaussée de la maison : La porte d&#8217;entrée s&#8217;ouvre sur le spacieux espace de vie avec la salle à manger située sur le côté. La cuisine entièrement équipée est située à côté des portes coulissantes, ce qui permet à la lumière naturelle du soleil de pénétrer à l&#8217;intérieur. Sur le côté, vous trouverez une salle de bains familiale avec lavabo, toilettes et douche, ainsi que deux chambres de taille généreuse, dont la principale dispose d&#8217;une salle de bains attenante.  </p>

<p>Modèle Penthouse : Un escalier vous mène à l&#8217;étage supérieur avec une grande terrasse privée carrelée, avec une porte d&#8217;entrée à l&#8217;appartement. Comme les modèles du rez-de-chaussée, un généreux espace ouvert salon/salle à manger avec une grande cuisine &#8211; 2 chambres à côté (la principale avec salle de bain en-suite). De l&#8217;arrière de la cuisine, vous pouvez accéder au solarium privé sur le toit.  </p>

<p>NOUVELLES PHASES II &#8211; III : Nos logements comprennent tous les éclairages LED intérieurs et extérieurs, la pré-installation de l&#8217;air conditionné, une cuisine équipée avec plaque à induction, four, lave-vaisselle, réfrigérateur/congélateur et une place de parking. Ces maisons nouvellement construites disposent d&#8217;une passerelle entre chaque structure, avec un accès au jardin commun et à la grande piscine à l&#8217;avant. </p>

<p>Une urbanisation sélective et autonome de seulement 12 maisons de plage &#8211; Toutes bénéficient d&#8217;un grand jardin commun avec piscine &#8230; Achèvement prévu pour l&#8217;été 2025. </p>

<p><br/><br/><br/><br/><br/><br/>Ville : San Pedro del Pinatar Zone : MURCIA Quartier : Centre ville (1 min à pied) Vues : Plage (20 min à pied) Type : Bungalows &#8211; Duplex Piscine communale : Oui Parking :<br/><br/><br/><br/><br/><br/><br/>Oui, hors route Chambres : 2 Salles de bain : 2 Salle de bain attenante : Oui chambre principale Statut : Nouvelle construction Taille de la propriété : 74,12 m2 Terrasses : Oui 11 m2 &#8211; 13 m2 Jardin : Communal</p>

<p>Nouvelle phase de logements de plain-pied à San Pedro del Pinatar MAINTENANT DISPONIBLE &#8230; Choisissez entre un modèle au rez-de-chaussée avec terrasse avant ou un loft en attique avec terrasse avant et grand solarium privé sur le toit. Jardin / Rez-de-chaussée de la maison : La porte d&#8217;entrée s&#8217;ouvre sur le spacieux espace de vie [&hellip;]</p>

San Pedro del Pinatar, Campo de Cartagena y Mar Menor, Région de Murcie, 30740, Espagne

RESIDENCIAL COMPLEX LISBOA GROUP ONE - SAN PEDRO CALLE NORTE / BELÉN

a:2:{i:0;a:2:{s:15:"fave_plan_title";s:16:"Rez de chaussée";s:15:"fave_plan_image";s:82:"https://myhomeproperty.es/wp-content/uploads/2024/07/Planta-Baja-Ground-scaled.jpg";}i:1;a:2:{s:15:"fave_plan_title";s:9:"Penthouse";s:15:"fave_plan_image";s:85:"https://myhomeproperty.es/wp-content/uploads/2024/07/Penthouse-Planta-Alta-scaled.jpg";}}
