{"id":28205,"date":"2025-02-13T12:27:50","date_gmt":"2025-02-13T12:27:50","guid":{"rendered":"https:\/\/myhomeproperty.es\/?post_type=property&#038;p=28205"},"modified":"2026-02-09T09:48:56","modified_gmt":"2026-02-09T09:48:56","slug":"villas-de-luxe-a-torre-de-la-horadada-a-seulement-400m-de-la-plage-3","status":"publish","type":"property","link":"https:\/\/myhomeproperty.es\/fr\/property\/villas-de-luxe-a-torre-de-la-horadada-a-seulement-400m-de-la-plage-3\/","title":{"rendered":"VILLA DE LUXE \u00c0 TORRE DE LA HORADADA, \u00e0 seulement 400 m de la plage"},"content":{"rendered":"\n<p>KEAY READY &#8211; DERNI\u00c8RE VILLA !<\/p>\n\n<p>Nous vous pr\u00e9sentons ce d\u00e9veloppement de 4 villas exclusives sur des parcelles ind\u00e9pendantes avec piscine priv\u00e9e et solarium. Situ\u00e9 \u00e0 Torre de la Horadada, Alicante, \u00e0 400 m\u00e8tres de la plage. <\/p>\n\n<p>Les villas sont r\u00e9parties sur deux \u00e9tages et un solarium. Au premier \u00e9tage, vous trouverez une des chambres, une salle de bains, une cuisine enti\u00e8rement \u00e9quip\u00e9e et un spacieux salon-salle \u00e0 manger. Au premier \u00e9tage se trouvent les deux autres chambres et les deux salles de bains, dont une en suite. Depuis le salon, vous avez acc\u00e8s au magnifique jardin avec piscine priv\u00e9e. Dans toutes les villas, la chambre principale a acc\u00e8s \u00e0 une terrasse.<br\/>Dans la partie sup\u00e9rieure des villas, vous pouvez profiter d&#8217;un solarium de 50 m2. En fonction du nombre de maisons, la propri\u00e9t\u00e9 dispose d&#8217;une ou deux terrasses sur le terrain. Le reste du terrain est recouvert de gazon artificiel et d&#8217;un espace de stationnement.      <\/p>\n\n<p>Pilar de la Horadada est situ\u00e9 \u00e0 1 km et est connu pour ses plages spectaculaires et offre toutes les commodit\u00e9s, restaurants, bars, centre de sant\u00e9, \u00e9coles, un endroit choisi par beaucoup comme r\u00e9sidence permanente ou de vacances. Le terrain de golf Lo Romero se trouve \u00e0 seulement 5 minutes. <\/p>\n\n<p><br\/><br\/><br\/><br\/><br\/>Distances : Plages \u00e0 5 minutes \u00e0 pied, San Pedro del Pinatar \u00e0 5 minutes A\u00e9roports internationaux : Murcia 40 minutes et Alicante 1h Centre commercial Dos Mares \u00e0 10 minutes Centre commercial La Zenia \u00e0 15 minutes.<\/p>\n","protected":false},"excerpt":{"rendered":"<p>KEAY READY &#8211; DERNI\u00c8RE VILLA ! Nous vous pr\u00e9sentons ce d\u00e9veloppement de 4 villas exclusives sur des parcelles ind\u00e9pendantes avec piscine priv\u00e9e et solarium. Situ\u00e9 \u00e0 Torre de la Horadada, Alicante, \u00e0 400 m\u00e8tres de la plage. Les villas sont r\u00e9parties sur deux \u00e9tages et un solarium. Au premier \u00e9tage, vous trouverez une des chambres, [&hellip;]<\/p>\n","protected":false},"author":3,"featured_media":31575,"parent":0,"menu_order":0,"template":"","property_type":[],"property_status":[44],"property_feature":[],"property_label":[],"property_country":[],"property_state":[52],"property_city":[61],"property_area":[60],"class_list":["post-28205","property","type-property","status-publish","has-post-thumbnail","hentry","property_status-en-vente","property_state-alicante-fr","property_city-pilar-de-la-horadada-fr","property_area-torre-de-la-horadada-fr"],"property_meta":{"fave_featured":["0"],"houzez_featured_listing_date":[""],"fave_property_images":["1369","1385","1389","1393","1397","1401","31472","31462","31532","31537","31527","31467","31452","31522","31477","31547","31542","31552","31557","31482","31517","31492","31507","31512","31502","31497","31447","31457","31562"],"_top_nav_excluded":[""],"_cms_nav_minihome":[""],"houzez_geolocation_lat":["37.8685307"],"houzez_geolocation_long":["-0.7590149"],"_thumbnail_id":["31575"],"_last_translation_edit_mode":["translation-editor"],"fave_single_top_area":["global"],"houzez_manual_expire":["0"],"_houzez_expiration_date_status":["saved"],"houzez_total_property_views":["107"],"houzez_views_by_date":["a:61:{s:10:\"07-10-2025\";i:2;s:10:\"07-13-2025\";i:2;s:10:\"07-17-2025\";i:1;s:10:\"07-22-2025\";i:1;s:10:\"07-26-2025\";i:1;s:10:\"07-31-2025\";i:1;s:10:\"08-11-2025\";i:1;s:10:\"08-20-2025\";i:1;s:10:\"08-26-2025\";i:1;s:10:\"08-28-2025\";i:2;s:10:\"08-30-2025\";i:3;s:10:\"09-04-2025\";i:1;s:10:\"09-09-2025\";i:1;s:10:\"09-14-2025\";i:3;s:10:\"09-19-2025\";i:1;s:10:\"09-24-2025\";i:1;s:10:\"09-29-2025\";i:1;s:10:\"09-30-2025\";i:2;s:10:\"10-05-2025\";i:1;s:10:\"10-09-2025\";i:2;s:10:\"10-11-2025\";i:1;s:10:\"10-17-2025\";i:1;s:10:\"10-20-2025\";i:1;s:10:\"11-15-2025\";i:1;s:10:\"11-18-2025\";i:1;s:10:\"11-23-2025\";i:1;s:10:\"12-01-2025\";i:1;s:10:\"12-04-2025\";i:2;s:10:\"12-06-2025\";i:1;s:10:\"12-15-2025\";i:1;s:10:\"12-18-2025\";i:1;s:10:\"12-20-2025\";i:1;s:10:\"12-25-2025\";i:1;s:10:\"01-04-2026\";i:1;s:10:\"01-11-2026\";i:1;s:10:\"01-12-2026\";i:1;s:10:\"01-27-2026\";i:1;s:10:\"01-28-2026\";i:1;s:10:\"01-31-2026\";i:1;s:10:\"02-05-2026\";i:1;s:10:\"02-16-2026\";i:1;s:10:\"02-19-2026\";i:1;s:10:\"02-22-2026\";i:1;s:10:\"02-25-2026\";i:1;s:10:\"03-03-2026\";i:1;s:10:\"03-09-2026\";i:1;s:10:\"03-11-2026\";i:2;s:10:\"03-13-2026\";i:1;s:10:\"03-14-2026\";i:1;s:10:\"03-19-2026\";i:1;s:10:\"03-22-2026\";i:2;s:10:\"03-24-2026\";i:1;s:10:\"03-29-2026\";i:1;s:10:\"04-01-2026\";i:2;s:10:\"04-04-2026\";i:1;s:10:\"04-09-2026\";i:1;s:10:\"04-10-2026\";i:1;s:10:\"04-12-2026\";i:1;s:10:\"04-15-2026\";i:1;s:10:\"04-19-2026\";i:1;s:10:\"04-28-2026\";i:2;}"],"houzez_recently_viewed":["2026-04-28 19:53:42"],"_elementor_page_assets":["a:0:{}"],"fave_property_price":["599900"],"fave_property_size":["190"],"fave_property_land":["200"],"fave_property_bedrooms":["3"],"fave_property_bathrooms":["3"],"fave_property_id":["3006MHO"],"fave_property_map":["1"],"fave_property_map_address":["Torre de la Horadada, Pilar de la Horadada, el Baix Segura \/ La Vega Baja del Segura, Alacant \/ Alicante, Comunitat Valenciana, 03191, Espagne"],"fave_property_location":["37.8685307,-0.7590149,15"],"fave_property_map_street_view":["cacher"],"fave_video_url":["https:\/\/youtu.be\/PRmjosfCju0"],"fave_agent_display_option":["none"],"fave_private_note":["OTTAWA TORRE DE LA HORADADA - PACO ALBALADEJO - CALLE ANCLA - PR\u00c8S DE LA PLAZA"]},"_links":{"self":[{"href":"https:\/\/myhomeproperty.es\/fr\/wp-json\/wp\/v2\/properties\/28205","targetHints":{"allow":["GET"]}}],"collection":[{"href":"https:\/\/myhomeproperty.es\/fr\/wp-json\/wp\/v2\/properties"}],"about":[{"href":"https:\/\/myhomeproperty.es\/fr\/wp-json\/wp\/v2\/types\/property"}],"author":[{"embeddable":true,"href":"https:\/\/myhomeproperty.es\/fr\/wp-json\/wp\/v2\/users\/3"}],"version-history":[{"count":5,"href":"https:\/\/myhomeproperty.es\/fr\/wp-json\/wp\/v2\/properties\/28205\/revisions"}],"predecessor-version":[{"id":34937,"href":"https:\/\/myhomeproperty.es\/fr\/wp-json\/wp\/v2\/properties\/28205\/revisions\/34937"}],"wp:featuredmedia":[{"embeddable":true,"href":"https:\/\/myhomeproperty.es\/fr\/wp-json\/wp\/v2\/media\/31575"}],"wp:attachment":[{"href":"https:\/\/myhomeproperty.es\/fr\/wp-json\/wp\/v2\/media?parent=28205"}],"wp:term":[{"taxonomy":"property_type","embeddable":true,"href":"https:\/\/myhomeproperty.es\/fr\/wp-json\/wp\/v2\/property_type?post=28205"},{"taxonomy":"property_status","embeddable":true,"href":"https:\/\/myhomeproperty.es\/fr\/wp-json\/wp\/v2\/property_status?post=28205"},{"taxonomy":"property_feature","embeddable":true,"href":"https:\/\/myhomeproperty.es\/fr\/wp-json\/wp\/v2\/property_feature?post=28205"},{"taxonomy":"property_label","embeddable":true,"href":"https:\/\/myhomeproperty.es\/fr\/wp-json\/wp\/v2\/property_label?post=28205"},{"taxonomy":"property_country","embeddable":true,"href":"https:\/\/myhomeproperty.es\/fr\/wp-json\/wp\/v2\/property_country?post=28205"},{"taxonomy":"property_state","embeddable":true,"href":"https:\/\/myhomeproperty.es\/fr\/wp-json\/wp\/v2\/property_state?post=28205"},{"taxonomy":"property_city","embeddable":true,"href":"https:\/\/myhomeproperty.es\/fr\/wp-json\/wp\/v2\/property_city?post=28205"},{"taxonomy":"property_area","embeddable":true,"href":"https:\/\/myhomeproperty.es\/fr\/wp-json\/wp\/v2\/property_area?post=28205"}],"curies":[{"name":"wp","href":"https:\/\/api.w.org\/{rel}","templated":true}]}}

VILLA DE LUXE À TORRE DE LA HORADADA, à seulement 400 m de la plage

<p>KEAY READY &#8211; DERNIÈRE VILLA !</p>

<p>Nous vous présentons ce développement de 4 villas exclusives sur des parcelles indépendantes avec piscine privée et solarium. Situé à Torre de la Horadada, Alicante, à 400 mètres de la plage. </p>

<p>Les villas sont réparties sur deux étages et un solarium. Au premier étage, vous trouverez une des chambres, une salle de bains, une cuisine entièrement équipée et un spacieux salon-salle à manger. Au premier étage se trouvent les deux autres chambres et les deux salles de bains, dont une en suite. Depuis le salon, vous avez accès au magnifique jardin avec piscine privée. Dans toutes les villas, la chambre principale a accès à une terrasse.<br/>Dans la partie supérieure des villas, vous pouvez profiter d&#8217;un solarium de 50 m2. En fonction du nombre de maisons, la propriété dispose d&#8217;une ou deux terrasses sur le terrain. Le reste du terrain est recouvert de gazon artificiel et d&#8217;un espace de stationnement.      </p>

<p>Pilar de la Horadada est situé à 1 km et est connu pour ses plages spectaculaires et offre toutes les commodités, restaurants, bars, centre de santé, écoles, un endroit choisi par beaucoup comme résidence permanente ou de vacances. Le terrain de golf Lo Romero se trouve à seulement 5 minutes. </p>

<p><br/><br/><br/><br/><br/>Distances : Plages à 5 minutes à pied, San Pedro del Pinatar à 5 minutes Aéroports internationaux : Murcia 40 minutes et Alicante 1h Centre commercial Dos Mares à 10 minutes Centre commercial La Zenia à 15 minutes.</p>

<p>KEAY READY &#8211; DERNIÈRE VILLA ! Nous vous présentons ce développement de 4 villas exclusives sur des parcelles indépendantes avec piscine privée et solarium. Situé à Torre de la Horadada, Alicante, à 400 mètres de la plage. Les villas sont réparties sur deux étages et un solarium. Au premier étage, vous trouverez une des chambres, [&hellip;]</p>

OTTAWA TORRE DE LA HORADADA - PACO ALBALADEJO - CALLE ANCLA - PRÈS DE LA PLAZA
