{"id":28229,"date":"2025-02-13T11:50:28","date_gmt":"2025-02-13T11:50:28","guid":{"rendered":"https:\/\/myhomeproperty.es\/property\/villas-individuelles-avec-3-chambres-et-2-salles-de-bain-2\/"},"modified":"2025-07-07T16:18:04","modified_gmt":"2025-07-07T16:18:04","slug":"villas-individuelles-avec-3-chambres-et-2-salles-de-bain-2","status":"publish","type":"property","link":"https:\/\/myhomeproperty.es\/fr\/property\/villas-individuelles-avec-3-chambres-et-2-salles-de-bain-2\/","title":{"rendered":"Villas individuelles avec 3 chambres et 2 salles de bain"},"content":{"rendered":"\n<p>D\u00e9veloppement de 15 villas au design moderne sur des parcelles \u00e0 partir de 300,00 m2 avec piscine et solarium.<br\/>Maisons de 3 chambres et 2 salles de bains enti\u00e8rement personnalisables par le client. Dans une situation privil\u00e9gi\u00e9e \u00e0 c\u00f4t\u00e9 de la zone naturelle Rio Seco et \u00e0 proximit\u00e9 des \u00e9tablissements commerciaux, des installations sportives et du terrain de golf Lo Romero. <\/p>\n\n<p><br\/>Nous avons 15 propri\u00e9t\u00e9s : -9 propri\u00e9t\u00e9s au rez-de-chauss\u00e9e avec une distribution de 3 chambres et 2 salles de bains, cuisine avec \u00eelot et vue sur la piscine, sur des parcelles ind\u00e9pendantes \u00e0 partir de 300,00 m2.<\/p>\n\n<p><br\/>6 villas exclusives avec des parcelles \u00e0 partir de 300,00 m2 sur demande et personnalis\u00e9es pour chaque client par notre \u00e9quipe technique, qui sera \u00e0 votre disposition pendant toutes les phases du projet. Situation privil\u00e9gi\u00e9e face \u00e0 une zone naturelle prot\u00e9g\u00e9e et \u00e0 proximit\u00e9 d&#8217;\u00e9tablissements commerciaux, d&#8217;installations sportives et d&#8217;un terrain de golf.<\/p>\n\n<p><\/p>\n","protected":false},"excerpt":{"rendered":"<p>D\u00e9veloppement de 15 villas au design moderne sur des parcelles \u00e0 partir de 300,00 m2 avec piscine et solarium.Maisons de 3 chambres et 2 salles de bains enti\u00e8rement personnalisables par le client. Dans une situation privil\u00e9gi\u00e9e \u00e0 c\u00f4t\u00e9 de la zone naturelle Rio Seco et \u00e0 proximit\u00e9 des \u00e9tablissements commerciaux, des installations sportives et du [&hellip;]<\/p>\n","protected":false},"author":3,"featured_media":1804,"parent":0,"menu_order":0,"template":"","property_type":[],"property_status":[44],"property_feature":[],"property_label":[],"property_country":[],"property_state":[52],"property_city":[61],"property_area":[63],"class_list":["post-28229","property","type-property","status-publish","has-post-thumbnail","hentry","property_status-en-vente","property_state-alicante-fr","property_city-pilar-de-la-horadada-fr","property_area-pinar-de-campoverde-fr"],"property_meta":{"fave_featured":["0"],"houzez_featured_listing_date":[""],"fave_property_images":["1803","1831","1807","1811","1787","1851","1795","1823","1791","1799","1879","1891","1887","1895","1915","1875","1863","1855","1871","1867","1654","1626","1650","1646","1642","1638","1634","1630"],"fave_single_top_area":["global"],"_top_nav_excluded":[""],"_cms_nav_minihome":[""],"houzez_geolocation_lat":["37.9068525"],"houzez_geolocation_long":["-0.8426597"],"_thumbnail_id":["1804"],"_last_translation_edit_mode":["translation-editor"],"houzez_total_property_views":["91"],"houzez_views_by_date":["a:61:{s:10:\"05-30-2025\";i:1;s:10:\"06-04-2025\";i:1;s:10:\"06-11-2025\";i:1;s:10:\"06-17-2025\";i:2;s:10:\"06-29-2025\";i:1;s:10:\"07-04-2025\";i:1;s:10:\"07-10-2025\";i:1;s:10:\"07-14-2025\";i:2;s:10:\"07-17-2025\";i:1;s:10:\"07-26-2025\";i:1;s:10:\"07-31-2025\";i:1;s:10:\"08-02-2025\";i:2;s:10:\"08-10-2025\";i:2;s:10:\"08-21-2025\";i:1;s:10:\"08-26-2025\";i:1;s:10:\"08-30-2025\";i:2;s:10:\"09-04-2025\";i:1;s:10:\"09-05-2025\";i:1;s:10:\"09-09-2025\";i:1;s:10:\"09-14-2025\";i:1;s:10:\"09-19-2025\";i:1;s:10:\"09-20-2025\";i:1;s:10:\"09-25-2025\";i:1;s:10:\"09-30-2025\";i:1;s:10:\"10-06-2025\";i:1;s:10:\"10-11-2025\";i:1;s:10:\"10-17-2025\";i:1;s:10:\"10-20-2025\";i:1;s:10:\"10-21-2025\";i:1;s:10:\"10-22-2025\";i:2;s:10:\"11-20-2025\";i:1;s:10:\"12-06-2025\";i:1;s:10:\"01-01-2026\";i:1;s:10:\"01-12-2026\";i:2;s:10:\"01-29-2026\";i:1;s:10:\"02-02-2026\";i:2;s:10:\"02-03-2026\";i:1;s:10:\"02-04-2026\";i:1;s:10:\"02-08-2026\";i:1;s:10:\"02-11-2026\";i:1;s:10:\"02-12-2026\";i:1;s:10:\"02-14-2026\";i:1;s:10:\"02-17-2026\";i:1;s:10:\"02-22-2026\";i:1;s:10:\"03-09-2026\";i:1;s:10:\"03-11-2026\";i:2;s:10:\"03-14-2026\";i:1;s:10:\"03-15-2026\";i:1;s:10:\"03-20-2026\";i:1;s:10:\"03-25-2026\";i:1;s:10:\"03-30-2026\";i:1;s:10:\"04-05-2026\";i:2;s:10:\"04-06-2026\";i:1;s:10:\"04-09-2026\";i:1;s:10:\"04-11-2026\";i:1;s:10:\"04-13-2026\";i:2;s:10:\"04-17-2026\";i:1;s:10:\"04-21-2026\";i:1;s:10:\"04-22-2026\";i:1;s:10:\"04-27-2026\";i:1;s:10:\"04-28-2026\";i:1;}"],"houzez_recently_viewed":["2026-04-28 18:58:12"],"fave_property_price":["422500"],"fave_property_price_prefix":["DE"],"fave_property_size":["112"],"fave_property_land":["300"],"fave_property_bedrooms":["3"],"fave_property_bathrooms":["2"],"fave_property_year":["2024"],"fave_property_id":["3009MHLA"],"fave_property_map":["1"],"fave_property_map_address":["El Pinar de Campoverde, Pilar de la Horadada, el Baix Segura \/ La Vega Baja del Segura, Alacant \/ Alicante, Comunitat Valenciana, Espagne"],"fave_property_location":["37.9068525,-0.8426597,12"],"fave_property_map_street_view":["cacher"],"fave_video_url":["https:\/\/youtu.be\/AAZxdcv1LhU?si=RyjdQd3xV6XMeXkT"],"fave_agent_display_option":["none"],"fave_prop_homeslider":["oui"],"fave_private_note":["LOMAS DE ARRIBA EN PINAR DE CAMPOVERDE"],"_elementor_page_assets":["a:0:{}"]},"_links":{"self":[{"href":"https:\/\/myhomeproperty.es\/fr\/wp-json\/wp\/v2\/properties\/28229","targetHints":{"allow":["GET"]}}],"collection":[{"href":"https:\/\/myhomeproperty.es\/fr\/wp-json\/wp\/v2\/properties"}],"about":[{"href":"https:\/\/myhomeproperty.es\/fr\/wp-json\/wp\/v2\/types\/property"}],"author":[{"embeddable":true,"href":"https:\/\/myhomeproperty.es\/fr\/wp-json\/wp\/v2\/users\/3"}],"version-history":[{"count":1,"href":"https:\/\/myhomeproperty.es\/fr\/wp-json\/wp\/v2\/properties\/28229\/revisions"}],"predecessor-version":[{"id":28230,"href":"https:\/\/myhomeproperty.es\/fr\/wp-json\/wp\/v2\/properties\/28229\/revisions\/28230"}],"wp:featuredmedia":[{"embeddable":true,"href":"https:\/\/myhomeproperty.es\/fr\/wp-json\/wp\/v2\/media\/1804"}],"wp:attachment":[{"href":"https:\/\/myhomeproperty.es\/fr\/wp-json\/wp\/v2\/media?parent=28229"}],"wp:term":[{"taxonomy":"property_type","embeddable":true,"href":"https:\/\/myhomeproperty.es\/fr\/wp-json\/wp\/v2\/property_type?post=28229"},{"taxonomy":"property_status","embeddable":true,"href":"https:\/\/myhomeproperty.es\/fr\/wp-json\/wp\/v2\/property_status?post=28229"},{"taxonomy":"property_feature","embeddable":true,"href":"https:\/\/myhomeproperty.es\/fr\/wp-json\/wp\/v2\/property_feature?post=28229"},{"taxonomy":"property_label","embeddable":true,"href":"https:\/\/myhomeproperty.es\/fr\/wp-json\/wp\/v2\/property_label?post=28229"},{"taxonomy":"property_country","embeddable":true,"href":"https:\/\/myhomeproperty.es\/fr\/wp-json\/wp\/v2\/property_country?post=28229"},{"taxonomy":"property_state","embeddable":true,"href":"https:\/\/myhomeproperty.es\/fr\/wp-json\/wp\/v2\/property_state?post=28229"},{"taxonomy":"property_city","embeddable":true,"href":"https:\/\/myhomeproperty.es\/fr\/wp-json\/wp\/v2\/property_city?post=28229"},{"taxonomy":"property_area","embeddable":true,"href":"https:\/\/myhomeproperty.es\/fr\/wp-json\/wp\/v2\/property_area?post=28229"}],"curies":[{"name":"wp","href":"https:\/\/api.w.org\/{rel}","templated":true}]}}

<p>Développement de 15 villas au design moderne sur des parcelles à partir de 300,00 m2 avec piscine et solarium.<br/>Maisons de 3 chambres et 2 salles de bains entièrement personnalisables par le client. Dans une situation privilégiée à côté de la zone naturelle Rio Seco et à proximité des établissements commerciaux, des installations sportives et du terrain de golf Lo Romero. </p>

<p><br/>Nous avons 15 propriétés : -9 propriétés au rez-de-chaussée avec une distribution de 3 chambres et 2 salles de bains, cuisine avec îlot et vue sur la piscine, sur des parcelles indépendantes à partir de 300,00 m2.</p>

<p><br/>6 villas exclusives avec des parcelles à partir de 300,00 m2 sur demande et personnalisées pour chaque client par notre équipe technique, qui sera à votre disposition pendant toutes les phases du projet. Situation privilégiée face à une zone naturelle protégée et à proximité d&#8217;établissements commerciaux, d&#8217;installations sportives et d&#8217;un terrain de golf.</p>

<p></p>

<p>Développement de 15 villas au design moderne sur des parcelles à partir de 300,00 m2 avec piscine et solarium.Maisons de 3 chambres et 2 salles de bains entièrement personnalisables par le client. Dans une situation privilégiée à côté de la zone naturelle Rio Seco et à proximité des établissements commerciaux, des installations sportives et du [&hellip;]</p>
