{"id":28250,"date":"2025-02-13T11:58:58","date_gmt":"2025-02-13T11:58:58","guid":{"rendered":"https:\/\/myhomeproperty.es\/property\/maison-dangle-a-san-pedro-del-pinatar-2\/"},"modified":"2025-07-07T16:19:18","modified_gmt":"2025-07-07T16:19:18","slug":"maison-dangle-a-san-pedro-del-pinatar-2","status":"publish","type":"property","link":"https:\/\/myhomeproperty.es\/fr\/property\/maison-dangle-a-san-pedro-del-pinatar-2\/","title":{"rendered":"Maison d&#8217;angle \u00e0 San Pedro del Pinatar"},"content":{"rendered":"\n<p>Nous vous pr\u00e9sentons cette grande propri\u00e9t\u00e9 d&#8217;angle \u00e0 San Pedro del Pinatar. Elle dispose de 6 chambres \u00e0 coucher, 2 cuisines enti\u00e8rement \u00e9quip\u00e9es et 4 salles de bain compl\u00e8tes.  Il est r\u00e9parti sur 3 \u00e9tages. Il dispose d&#8217;un jardin ext\u00e9rieur au rez-de-chauss\u00e9e et de trois terrasses suppl\u00e9mentaires, ce qui lui donne beaucoup d&#8217;espace pour profiter de l&#8217;ext\u00e9rieur.<\/p>\n\n<p>L&#8217;entr\u00e9e principale m\u00e8ne \u00e0 un hall d&#8217;entr\u00e9e avec acc\u00e8s aux pi\u00e8ces du rez-de-chauss\u00e9e et, de l&#8217;autre c\u00f4t\u00e9, il y a un acc\u00e8s aux \u00e9tages sup\u00e9rieurs, de sorte qu&#8217;il pourrait s&#8217;agir de deux habitations compl\u00e8tement ind\u00e9pendantes si vous le souhaitiez.<\/p>\n\n<p>Le rez-de-chauss\u00e9e se compose d&#8217;un grand salon, d&#8217;une cuisine, de deux chambres, d&#8217;une grande salle de bains avec baignoire et douche, d&#8217;une pi\u00e8ce de rangement et d&#8217;un garage ferm\u00e9. Il est \u00e9quip\u00e9 de grands placards pour le rangement. <\/p>\n\n<p>L&#8217;\u00e9tage sup\u00e9rieur est distribu\u00e9 en salon-salle \u00e0 manger, cuisine ind\u00e9pendante, 3 chambres, la chambre principale avec une salle de bain en-suite, une autre salle de bain et deux terrasses. En outre, le grenier dispose d&#8217;une sixi\u00e8me chambre, d&#8217;une salle de bains compl\u00e8te et d&#8217;une terrasse, bien que, gr\u00e2ce \u00e0 l&#8217;espace dont il dispose, il permet de nombreuses autres options. <\/p>\n\n<p>Il dispose d&#8217;armoires encastr\u00e9es et toutes les chambres sont orient\u00e9es vers l&#8217;ext\u00e9rieur, ce qui en fait une propri\u00e9t\u00e9 tr\u00e8s lumineuse. Il est meubl\u00e9 et en bon \u00e9tat de conservation. Dans un quartier calme mais central. Proche des \u00e9coles, des commerces et de tous les services.   <\/p>\n\n<p>C&#8217;est ce que vous recherchez ? Venez le voir ! <\/p>\n\n<p>Distances<\/p>\n\n<ul class=\"wp-block-list\">\n<li>Plage : 1,5km<\/li>\n\n\n\n<li>Centre commercial Dos Mares : 5 km<\/li>\n\n\n\n<li>Centre commercial La Zenia Boulevard : 15 minutes<\/li>\n\n\n\n<li>A\u00e9roport de Corvera : 35 minutes<\/li>\n\n\n\n<li>A\u00e9roport d&#8217;Alicante : 70 minutes<\/li>\n\n\n\n<li>Gare de Balsicas : 20 minutes<\/li>\n<\/ul>\n","protected":false},"excerpt":{"rendered":"<p>Nous vous pr\u00e9sentons cette grande propri\u00e9t\u00e9 d&#8217;angle \u00e0 San Pedro del Pinatar. Elle dispose de 6 chambres \u00e0 coucher, 2 cuisines enti\u00e8rement \u00e9quip\u00e9es et 4 salles de bain compl\u00e8tes. Il est r\u00e9parti sur 3 \u00e9tages. Il dispose d&#8217;un jardin ext\u00e9rieur au rez-de-chauss\u00e9e et de trois terrasses suppl\u00e9mentaires, ce qui lui donne beaucoup d&#8217;espace pour profiter [&hellip;]<\/p>\n","protected":false},"author":3,"featured_media":8539,"parent":0,"menu_order":0,"template":"","property_type":[121],"property_status":[44],"property_feature":[],"property_label":[],"property_country":[32],"property_state":[39],"property_city":[42],"property_area":[],"class_list":["post-28250","property","type-property","status-publish","has-post-thumbnail","hentry","property_type-maison","property_status-en-vente","property_country-spain-fr","property_state-region-de-murcie","property_city-san-pedro-del-pinatar-fr"],"property_meta":{"fave_featured":["0"],"houzez_featured_listing_date":[""],"fave_property_images":["4662","4302","4314","4326","4332","4338","4374","4392","4386","4380","4356","4362","4368","4404","4410","4350","4422","4416","4434","4464","4476","4482","4440","4446","4458","4452","4548","4560","4554","4524","4530","4506","4512","4518","4500","4494","4536","4542","4572","4602","4584","4590","4596","4680","4614","4620","4674","4656","4626","4638"],"fave_single_top_area":["global"],"_top_nav_excluded":[""],"_cms_nav_minihome":[""],"fave_property_price":["249900"],"fave_property_size":["250"],"fave_property_land":["150"],"fave_property_bedrooms":["6"],"fave_property_bathrooms":["4"],"fave_property_garage_size":["40"],"fave_property_id":["3018MH"],"fave_property_map_address":["San Pedro del Pinatar, Campo de Cartagena y Mar Menor, R\u00e9gion de Murcie, Espagne"],"fave_property_location":["37.8354366,-0.7914619,15"],"houzez_geolocation_lat":["37.8354366"],"houzez_geolocation_long":["-0.7914619"],"fave_property_map_street_view":["cacher"],"fave_property_zip":["30740"],"fave_video_url":["https:\/\/youtu.be\/cIZs-FmVT0I?si=Y8qWSPMhGNVbYlpy"],"fave_agent_display_option":["auteur_info"],"fave_prop_homeslider":["oui"],"_thumbnail_id":["8539"],"_last_translation_edit_mode":["translation-editor"],"houzez_total_property_views":["92"],"houzez_views_by_date":["a:61:{s:10:\"06-12-2025\";i:1;s:10:\"06-13-2025\";i:1;s:10:\"07-01-2025\";i:1;s:10:\"07-04-2025\";i:1;s:10:\"07-10-2025\";i:1;s:10:\"07-14-2025\";i:2;s:10:\"07-17-2025\";i:1;s:10:\"07-24-2025\";i:1;s:10:\"07-26-2025\";i:1;s:10:\"07-31-2025\";i:1;s:10:\"08-11-2025\";i:1;s:10:\"08-13-2025\";i:2;s:10:\"08-20-2025\";i:1;s:10:\"08-21-2025\";i:1;s:10:\"08-26-2025\";i:1;s:10:\"08-30-2025\";i:2;s:10:\"09-04-2025\";i:1;s:10:\"09-09-2025\";i:1;s:10:\"09-10-2025\";i:1;s:10:\"09-14-2025\";i:1;s:10:\"09-19-2025\";i:1;s:10:\"09-25-2025\";i:1;s:10:\"09-30-2025\";i:2;s:10:\"10-05-2025\";i:1;s:10:\"10-11-2025\";i:1;s:10:\"10-16-2025\";i:1;s:10:\"10-21-2025\";i:1;s:10:\"10-22-2025\";i:1;s:10:\"11-20-2025\";i:1;s:10:\"11-22-2025\";i:1;s:10:\"12-01-2025\";i:1;s:10:\"12-07-2025\";i:1;s:10:\"12-14-2025\";i:1;s:10:\"12-15-2025\";i:1;s:10:\"12-20-2025\";i:1;s:10:\"12-27-2025\";i:1;s:10:\"01-03-2026\";i:1;s:10:\"01-12-2026\";i:3;s:10:\"01-29-2026\";i:1;s:10:\"02-03-2026\";i:1;s:10:\"02-06-2026\";i:1;s:10:\"02-13-2026\";i:1;s:10:\"02-21-2026\";i:1;s:10:\"02-24-2026\";i:1;s:10:\"02-26-2026\";i:1;s:10:\"03-03-2026\";i:1;s:10:\"03-11-2026\";i:2;s:10:\"03-14-2026\";i:1;s:10:\"03-15-2026\";i:1;s:10:\"03-17-2026\";i:1;s:10:\"03-18-2026\";i:1;s:10:\"03-21-2026\";i:1;s:10:\"03-27-2026\";i:1;s:10:\"04-01-2026\";i:1;s:10:\"04-08-2026\";i:1;s:10:\"04-10-2026\";i:1;s:10:\"04-12-2026\";i:1;s:10:\"04-13-2026\";i:1;s:10:\"04-18-2026\";i:1;s:10:\"04-23-2026\";i:2;s:10:\"04-28-2026\";i:4;}"],"houzez_recently_viewed":["2026-04-28 21:59:19"],"_elementor_page_assets":["a:0:{}"]},"_links":{"self":[{"href":"https:\/\/myhomeproperty.es\/fr\/wp-json\/wp\/v2\/properties\/28250","targetHints":{"allow":["GET"]}}],"collection":[{"href":"https:\/\/myhomeproperty.es\/fr\/wp-json\/wp\/v2\/properties"}],"about":[{"href":"https:\/\/myhomeproperty.es\/fr\/wp-json\/wp\/v2\/types\/property"}],"author":[{"embeddable":true,"href":"https:\/\/myhomeproperty.es\/fr\/wp-json\/wp\/v2\/users\/3"}],"version-history":[{"count":1,"href":"https:\/\/myhomeproperty.es\/fr\/wp-json\/wp\/v2\/properties\/28250\/revisions"}],"predecessor-version":[{"id":28251,"href":"https:\/\/myhomeproperty.es\/fr\/wp-json\/wp\/v2\/properties\/28250\/revisions\/28251"}],"wp:featuredmedia":[{"embeddable":true,"href":"https:\/\/myhomeproperty.es\/fr\/wp-json\/wp\/v2\/media\/8539"}],"wp:attachment":[{"href":"https:\/\/myhomeproperty.es\/fr\/wp-json\/wp\/v2\/media?parent=28250"}],"wp:term":[{"taxonomy":"property_type","embeddable":true,"href":"https:\/\/myhomeproperty.es\/fr\/wp-json\/wp\/v2\/property_type?post=28250"},{"taxonomy":"property_status","embeddable":true,"href":"https:\/\/myhomeproperty.es\/fr\/wp-json\/wp\/v2\/property_status?post=28250"},{"taxonomy":"property_feature","embeddable":true,"href":"https:\/\/myhomeproperty.es\/fr\/wp-json\/wp\/v2\/property_feature?post=28250"},{"taxonomy":"property_label","embeddable":true,"href":"https:\/\/myhomeproperty.es\/fr\/wp-json\/wp\/v2\/property_label?post=28250"},{"taxonomy":"property_country","embeddable":true,"href":"https:\/\/myhomeproperty.es\/fr\/wp-json\/wp\/v2\/property_country?post=28250"},{"taxonomy":"property_state","embeddable":true,"href":"https:\/\/myhomeproperty.es\/fr\/wp-json\/wp\/v2\/property_state?post=28250"},{"taxonomy":"property_city","embeddable":true,"href":"https:\/\/myhomeproperty.es\/fr\/wp-json\/wp\/v2\/property_city?post=28250"},{"taxonomy":"property_area","embeddable":true,"href":"https:\/\/myhomeproperty.es\/fr\/wp-json\/wp\/v2\/property_area?post=28250"}],"curies":[{"name":"wp","href":"https:\/\/api.w.org\/{rel}","templated":true}]}}

Maison d&#8217;angle à San Pedro del Pinatar

<p>Nous vous présentons cette grande propriété d&#8217;angle à San Pedro del Pinatar. Elle dispose de 6 chambres à coucher, 2 cuisines entièrement équipées et 4 salles de bain complètes.  Il est réparti sur 3 étages. Il dispose d&#8217;un jardin extérieur au rez-de-chaussée et de trois terrasses supplémentaires, ce qui lui donne beaucoup d&#8217;espace pour profiter de l&#8217;extérieur.</p>

<p>L&#8217;entrée principale mène à un hall d&#8217;entrée avec accès aux pièces du rez-de-chaussée et, de l&#8217;autre côté, il y a un accès aux étages supérieurs, de sorte qu&#8217;il pourrait s&#8217;agir de deux habitations complètement indépendantes si vous le souhaitiez.</p>

<p>Le rez-de-chaussée se compose d&#8217;un grand salon, d&#8217;une cuisine, de deux chambres, d&#8217;une grande salle de bains avec baignoire et douche, d&#8217;une pièce de rangement et d&#8217;un garage fermé. Il est équipé de grands placards pour le rangement. </p>

<p>L&#8217;étage supérieur est distribué en salon-salle à manger, cuisine indépendante, 3 chambres, la chambre principale avec une salle de bain en-suite, une autre salle de bain et deux terrasses. En outre, le grenier dispose d&#8217;une sixième chambre, d&#8217;une salle de bains complète et d&#8217;une terrasse, bien que, grâce à l&#8217;espace dont il dispose, il permet de nombreuses autres options. </p>

<p>Il dispose d&#8217;armoires encastrées et toutes les chambres sont orientées vers l&#8217;extérieur, ce qui en fait une propriété très lumineuse. Il est meublé et en bon état de conservation. Dans un quartier calme mais central. Proche des écoles, des commerces et de tous les services.   </p>

<p>C&#8217;est ce que vous recherchez ? Venez le voir ! </p>

<p>Distances</p>

<ul class="wp-block-list">
<li>Plage : 1,5km</li>



<li>Centre commercial Dos Mares : 5 km</li>



<li>Centre commercial La Zenia Boulevard : 15 minutes</li>



<li>Aéroport de Corvera : 35 minutes</li>



<li>Aéroport d&#8217;Alicante : 70 minutes</li>



<li>Gare de Balsicas : 20 minutes</li>
</ul>

<p>Nous vous présentons cette grande propriété d&#8217;angle à San Pedro del Pinatar. Elle dispose de 6 chambres à coucher, 2 cuisines entièrement équipées et 4 salles de bain complètes. Il est réparti sur 3 étages. Il dispose d&#8217;un jardin extérieur au rez-de-chaussée et de trois terrasses supplémentaires, ce qui lui donne beaucoup d&#8217;espace pour profiter [&hellip;]</p>

San Pedro del Pinatar, Campo de Cartagena y Mar Menor, Région de Murcie, Espagne
