{"id":28274,"date":"2025-02-13T12:07:35","date_gmt":"2025-02-13T12:07:35","guid":{"rendered":"https:\/\/myhomeproperty.es\/property\/maison-jumelee-a-los-belones-2\/"},"modified":"2025-12-04T10:34:55","modified_gmt":"2025-12-04T10:34:55","slug":"maison-jumelee-a-los-belones-2","status":"publish","type":"property","link":"https:\/\/myhomeproperty.es\/fr\/property\/maison-jumelee-a-los-belones-2\/","title":{"rendered":"Maison jumel\u00e9e \u00e0 Los Belones"},"content":{"rendered":"\n<p class=\"has-white-background-color has-background\">Nous vous pr\u00e9sentons ce magnifique complexe compos\u00e9 de 3 maisons de ville et de 2 villas avec 4 chambres et 3\/2 salles de bains avec l&#8217;option de 3 chambres plus grandes, piscine priv\u00e9e et solarium avec cuisine d&#8217;\u00e9t\u00e9 pour profiter de toutes les heures d&#8217;ensoleillement chaque jour de l&#8217;ann\u00e9e. Con\u00e7ue dans un style contemporain et ouverte sur l&#8217;ext\u00e9rieur, elle se compose d&#8217;une cuisine enti\u00e8rement \u00e9quip\u00e9e et d&#8217;un salon-salle \u00e0 manger.<\/p>\n\n<p>Ce lotissement est situ\u00e9 \u00e0 Los Belones (Murcie), \u00e0 proximit\u00e9 de la plage, entour\u00e9 de toutes les commodit\u00e9s, de parcs, d&#8217;installations sportives et de plusieurs terrains de golf tels que le La Manga Golf Club.<\/p>\n\n<p>La propri\u00e9t\u00e9 r\u00e9pond aux normes les plus \u00e9lev\u00e9es et sera \u00e9quip\u00e9e de :<\/p>\n\n<ul class=\"wp-block-list\">\n<li>Piscine priv\u00e9e avec douche.<\/li>\n\n\n\n<li>Salles de bains enti\u00e8rement \u00e9quip\u00e9es. Meubles de salle de bains, lavabo, miroir, douche \u00e0 effet de pluie et \u00e9crans inclus. <\/li>\n\n\n\n<li>Cuisine enti\u00e8rement \u00e9quip\u00e9e avec des \u00e9l\u00e9ments hauts et bas. Plan de travail en Silestone ou similaire et \u00e9vier sous le plan de travail. Appareils \u00e9lectrom\u00e9nagers inclus : r\u00e9frig\u00e9rateur, four, micro-ondes encastr\u00e9, plaque de cuisson vitroc\u00e9ramique, lave-vaisselle et hotte aspirante.  <\/li>\n\n\n\n<li>Eau chaude sanitaire, au moyen d&#8217;une pompe \u00e0 chaleur ECS murale de 150 litres (Aerothermal).<\/li>\n\n\n\n<li>Armoires encastr\u00e9es avec tiroirs.<\/li>\n\n\n\n<li>Pr\u00e9-installation de la climatisation en gaine.<\/li>\n\n\n\n<li>\u00c9clairage indirect dans toute la maison et les espaces ext\u00e9rieurs. Points d&#8217;\u00e9clairage d\u00e9coratifs dans la salle \u00e0 manger et les chambres. <\/li>\n\n\n\n<li>Prise de courant et antenne dans le solarium, au premier \u00e9tage, sur la terrasse et dans le patio.<\/li>\n\n\n\n<li>Cuisine d&#8217;\u00e9t\u00e9 dans le solarium avec prise pour r\u00e9frig\u00e9rateur, portes battantes et plan de travail en granit.<\/li>\n\n\n\n<li>Pr\u00e9-installation d&#8217;une prise murale pour la recharge des v\u00e9hicules \u00e9lectriques.<\/li>\n<\/ul>\n\n<p>  Nous nous ferons un plaisir de vous fournir tous les d\u00e9tails et d&#8217;organiser une visite.<\/p>\n\n<p>Distances :<\/p>\n\n<ul class=\"wp-block-list\">\n<li>A\u00e9roport de Corvera : 30 minutes<\/li>\n\n\n\n<li>A\u00e9roport d&#8217;Alicante 1h 10 minutes<\/li>\n\n\n\n<li>Plage de Mar de Cristal : 3km<\/li>\n\n\n\n<li>Carthag\u00e8ne : 20 minutes<\/li>\n\n\n\n<li>Murcie : 45 minutes<\/li>\n<\/ul>\n\n<p><\/p>\n","protected":false},"excerpt":{"rendered":"<p>Nous vous pr\u00e9sentons ce magnifique complexe compos\u00e9 de 3 maisons de ville et de 2 villas avec 4 chambres et 3\/2 salles de bains avec l&#8217;option de 3 chambres plus grandes, piscine priv\u00e9e et solarium avec cuisine d&#8217;\u00e9t\u00e9 pour profiter de toutes les heures d&#8217;ensoleillement chaque jour de l&#8217;ann\u00e9e. Con\u00e7ue dans un style contemporain et [&hellip;]<\/p>\n","protected":false},"author":3,"featured_media":28353,"parent":0,"menu_order":0,"template":"","property_type":[121,134],"property_status":[44],"property_feature":[43],"property_label":[],"property_country":[32],"property_state":[39],"property_city":[193,192],"property_area":[191],"class_list":["post-28274","property","type-property","status-publish","has-post-thumbnail","hentry","property_type-maison","property_type-maison-jumelee","property_status-en-vente","property_feature-piscina-fr","property_country-spain-fr","property_state-region-de-murcie","property_city-campo-de-cartagena-fr","property_city-carthagene","property_area-les-belons"],"property_meta":{"fave_featured":["0"],"houzez_featured_listing_date":[""],"fave_single_top_area":["global"],"_top_nav_excluded":[""],"_cms_nav_minihome":[""],"houzez_geolocation_lat":["37.6229712"],"houzez_geolocation_long":["-0.7780725"],"_last_translation_edit_mode":["translation-editor"],"_thumbnail_id":["28353"],"houzez_manual_expire":["0"],"_houzez_expiration_date_status":["saved"],"houzez_total_property_views":["119"],"houzez_views_by_date":["a:61:{s:10:\"07-14-2025\";i:2;s:10:\"07-15-2025\";i:1;s:10:\"07-17-2025\";i:1;s:10:\"07-22-2025\";i:1;s:10:\"07-23-2025\";i:2;s:10:\"07-26-2025\";i:1;s:10:\"07-31-2025\";i:2;s:10:\"08-19-2025\";i:1;s:10:\"08-25-2025\";i:1;s:10:\"08-29-2025\";i:1;s:10:\"08-30-2025\";i:2;s:10:\"09-02-2025\";i:2;s:10:\"09-08-2025\";i:1;s:10:\"09-11-2025\";i:2;s:10:\"09-13-2025\";i:1;s:10:\"09-18-2025\";i:1;s:10:\"09-19-2025\";i:2;s:10:\"09-23-2025\";i:1;s:10:\"09-26-2025\";i:2;s:10:\"09-27-2025\";i:1;s:10:\"09-28-2025\";i:1;s:10:\"10-04-2025\";i:1;s:10:\"10-09-2025\";i:1;s:10:\"10-16-2025\";i:1;s:10:\"10-22-2025\";i:1;s:10:\"10-24-2025\";i:1;s:10:\"11-18-2025\";i:1;s:10:\"11-29-2025\";i:1;s:10:\"12-07-2025\";i:1;s:10:\"12-13-2025\";i:1;s:10:\"12-20-2025\";i:1;s:10:\"12-25-2025\";i:1;s:10:\"12-30-2025\";i:1;s:10:\"01-05-2026\";i:1;s:10:\"01-12-2026\";i:4;s:10:\"01-21-2026\";i:1;s:10:\"01-26-2026\";i:1;s:10:\"01-28-2026\";i:1;s:10:\"01-31-2026\";i:1;s:10:\"02-04-2026\";i:1;s:10:\"02-05-2026\";i:1;s:10:\"02-18-2026\";i:1;s:10:\"02-23-2026\";i:1;s:10:\"02-25-2026\";i:1;s:10:\"03-07-2026\";i:1;s:10:\"03-11-2026\";i:2;s:10:\"03-13-2026\";i:1;s:10:\"03-15-2026\";i:2;s:10:\"03-19-2026\";i:3;s:10:\"03-20-2026\";i:1;s:10:\"03-23-2026\";i:1;s:10:\"03-24-2026\";i:1;s:10:\"03-29-2026\";i:1;s:10:\"04-03-2026\";i:1;s:10:\"04-04-2026\";i:1;s:10:\"04-05-2026\";i:1;s:10:\"04-10-2026\";i:1;s:10:\"04-15-2026\";i:1;s:10:\"04-20-2026\";i:1;s:10:\"04-25-2026\";i:2;s:10:\"04-28-2026\";i:3;}"],"houzez_recently_viewed":["2026-04-28 21:00:17"],"_elementor_page_assets":["a:0:{}"],"fave_property_images":["34939","34944","34949","34954","34959","34964","34969","34974"],"fave_property_price":["355000"],"fave_property_size":["115"],"fave_property_land":["180"],"fave_property_bedrooms":["3"],"fave_property_bathrooms":["3"],"fave_property_id":["3021MHB"],"fave_property_map_address":["Los Belones, Rinc\u00f3n de San Gin\u00e9s, Cartagena, Campo de Cartagena y Mar Menor, Regi\u00f3n de Murcia, Espagne"],"fave_property_location":["37.6229712,-0.7780725,12"],"fave_property_map_street_view":["cacher"],"fave_property_zip":["30385"],"fave_video_url":["https:\/\/youtu.be\/dI2y8R8uoV4"],"fave_agent_display_option":["agence_info"],"fave_prop_homeslider":["oui"],"fave_private_note":["PACO ALBALADEJO EL BELLON - LOS BELONES"]},"_links":{"self":[{"href":"https:\/\/myhomeproperty.es\/fr\/wp-json\/wp\/v2\/properties\/28274","targetHints":{"allow":["GET"]}}],"collection":[{"href":"https:\/\/myhomeproperty.es\/fr\/wp-json\/wp\/v2\/properties"}],"about":[{"href":"https:\/\/myhomeproperty.es\/fr\/wp-json\/wp\/v2\/types\/property"}],"author":[{"embeddable":true,"href":"https:\/\/myhomeproperty.es\/fr\/wp-json\/wp\/v2\/users\/3"}],"version-history":[{"count":2,"href":"https:\/\/myhomeproperty.es\/fr\/wp-json\/wp\/v2\/properties\/28274\/revisions"}],"predecessor-version":[{"id":34981,"href":"https:\/\/myhomeproperty.es\/fr\/wp-json\/wp\/v2\/properties\/28274\/revisions\/34981"}],"wp:featuredmedia":[{"embeddable":true,"href":"https:\/\/myhomeproperty.es\/fr\/wp-json\/wp\/v2\/media\/28353"}],"wp:attachment":[{"href":"https:\/\/myhomeproperty.es\/fr\/wp-json\/wp\/v2\/media?parent=28274"}],"wp:term":[{"taxonomy":"property_type","embeddable":true,"href":"https:\/\/myhomeproperty.es\/fr\/wp-json\/wp\/v2\/property_type?post=28274"},{"taxonomy":"property_status","embeddable":true,"href":"https:\/\/myhomeproperty.es\/fr\/wp-json\/wp\/v2\/property_status?post=28274"},{"taxonomy":"property_feature","embeddable":true,"href":"https:\/\/myhomeproperty.es\/fr\/wp-json\/wp\/v2\/property_feature?post=28274"},{"taxonomy":"property_label","embeddable":true,"href":"https:\/\/myhomeproperty.es\/fr\/wp-json\/wp\/v2\/property_label?post=28274"},{"taxonomy":"property_country","embeddable":true,"href":"https:\/\/myhomeproperty.es\/fr\/wp-json\/wp\/v2\/property_country?post=28274"},{"taxonomy":"property_state","embeddable":true,"href":"https:\/\/myhomeproperty.es\/fr\/wp-json\/wp\/v2\/property_state?post=28274"},{"taxonomy":"property_city","embeddable":true,"href":"https:\/\/myhomeproperty.es\/fr\/wp-json\/wp\/v2\/property_city?post=28274"},{"taxonomy":"property_area","embeddable":true,"href":"https:\/\/myhomeproperty.es\/fr\/wp-json\/wp\/v2\/property_area?post=28274"}],"curies":[{"name":"wp","href":"https:\/\/api.w.org\/{rel}","templated":true}]}}

Maison jumelée à Los Belones

<p class="has-white-background-color has-background">Nous vous présentons ce magnifique complexe composé de 3 maisons de ville et de 2 villas avec 4 chambres et 3/2 salles de bains avec l&#8217;option de 3 chambres plus grandes, piscine privée et solarium avec cuisine d&#8217;été pour profiter de toutes les heures d&#8217;ensoleillement chaque jour de l&#8217;année. Conçue dans un style contemporain et ouverte sur l&#8217;extérieur, elle se compose d&#8217;une cuisine entièrement équipée et d&#8217;un salon-salle à manger.</p>

<p>Ce lotissement est situé à Los Belones (Murcie), à proximité de la plage, entouré de toutes les commodités, de parcs, d&#8217;installations sportives et de plusieurs terrains de golf tels que le La Manga Golf Club.</p>

<p>La propriété répond aux normes les plus élevées et sera équipée de :</p>

<ul class="wp-block-list">
<li>Piscine privée avec douche.</li>



<li>Salles de bains entièrement équipées. Meubles de salle de bains, lavabo, miroir, douche à effet de pluie et écrans inclus. </li>



<li>Cuisine entièrement équipée avec des éléments hauts et bas. Plan de travail en Silestone ou similaire et évier sous le plan de travail. Appareils électroménagers inclus : réfrigérateur, four, micro-ondes encastré, plaque de cuisson vitrocéramique, lave-vaisselle et hotte aspirante.  </li>



<li>Eau chaude sanitaire, au moyen d&#8217;une pompe à chaleur ECS murale de 150 litres (Aerothermal).</li>



<li>Armoires encastrées avec tiroirs.</li>



<li>Pré-installation de la climatisation en gaine.</li>



<li>Éclairage indirect dans toute la maison et les espaces extérieurs. Points d&#8217;éclairage décoratifs dans la salle à manger et les chambres. </li>



<li>Prise de courant et antenne dans le solarium, au premier étage, sur la terrasse et dans le patio.</li>



<li>Cuisine d&#8217;été dans le solarium avec prise pour réfrigérateur, portes battantes et plan de travail en granit.</li>



<li>Pré-installation d&#8217;une prise murale pour la recharge des véhicules électriques.</li>
</ul>

<p>  Nous nous ferons un plaisir de vous fournir tous les détails et d&#8217;organiser une visite.</p>

<p>Distances :</p>

<ul class="wp-block-list">
<li>Aéroport de Corvera : 30 minutes</li>



<li>Aéroport d&#8217;Alicante 1h 10 minutes</li>



<li>Plage de Mar de Cristal : 3km</li>



<li>Carthagène : 20 minutes</li>



<li>Murcie : 45 minutes</li>
</ul>

<p></p>

<p>Nous vous présentons ce magnifique complexe composé de 3 maisons de ville et de 2 villas avec 4 chambres et 3/2 salles de bains avec l&#8217;option de 3 chambres plus grandes, piscine privée et solarium avec cuisine d&#8217;été pour profiter de toutes les heures d&#8217;ensoleillement chaque jour de l&#8217;année. Conçue dans un style contemporain et [&hellip;]</p>

Los Belones, Rincón de San Ginés, Cartagena, Campo de Cartagena y Mar Menor, Región de Murcia, Espagne
