{"id":30672,"date":"2025-05-07T16:38:51","date_gmt":"2025-05-07T16:38:51","guid":{"rendered":"https:\/\/myhomeproperty.es\/property\/maison-spacieuse-a-san-pedro-del-pinatar\/"},"modified":"2025-05-07T16:49:06","modified_gmt":"2025-05-07T16:49:06","slug":"maison-spacieuse-a-san-pedro-del-pinatar","status":"publish","type":"property","link":"https:\/\/myhomeproperty.es\/fr\/property\/maison-spacieuse-a-san-pedro-del-pinatar\/","title":{"rendered":"Maison spacieuse \u00e0 San Pedro del Pinatar"},"content":{"rendered":"\n<p>Nous vous pr\u00e9sentons cette spacieuse maison \u00e0 San Pedro del Pinatar, situ\u00e9e sur un terrain d&#8217;environ 200m\u00b2 et distribu\u00e9e en un \u00e9tage avec de multiples commodit\u00e9s et un rez-de-chauss\u00e9e avec diff\u00e9rentes options d&#8217;utilisation.<\/p>\n\n<p>Sa grande taille et sa bonne localisation en font une excellente opportunit\u00e9.<\/p>\n\n<p>Distribution :<\/p>\n\n<p><strong>Etage sup\u00e9rieur :<\/strong><\/p>\n\n<ul class=\"wp-block-list\">\n<li>4 chambres : spacieuses et lumineuses<\/li>\n\n\n\n<li>2 salles de bains de bonne taille<\/li>\n\n\n\n<li>Salle \u00e0 manger : Spacieuse et diaphane<\/li>\n\n\n\n<li>Patio : un espace suppl\u00e9mentaire qui fournit de la lumi\u00e8re et de l&#8217;a\u00e9ration.<\/li>\n\n\n\n<li>Blanchisserie<\/li>\n\n\n\n<li>Terrasse<\/li>\n<\/ul>\n\n<p><strong>Rez-de-chauss\u00e9e :<\/strong><\/p>\n\n<ul class=\"wp-block-list\">\n<li>Open space : Avec de multiples possibilit\u00e9s d&#8217;utilisation. Il peut \u00eatre am\u00e9nag\u00e9 en logement ind\u00e9pendant, en garage, en patio ou m\u00eame en entrep\u00f4t. <\/li>\n<\/ul>\n\n<p><strong>Terrasse sur le toit :<\/strong><\/p>\n\n<ul class=\"wp-block-list\">\n<li>Grande terrasse : un endroit id\u00e9al pour profiter du soleil, se d\u00e9tendre ou cr\u00e9er un espace de loisirs en plein air.<\/li>\n<\/ul>\n\n<p><strong>Situation :<\/strong><br\/>Situ\u00e9e dans un endroit calme mais central, cette propri\u00e9t\u00e9 se trouve \u00e0 proximit\u00e9 d&#8217;\u00e9coles, d&#8217;\u00e9quipements, de restaurants et de magasins, ce qui vous assure une vie confortable et un acc\u00e8s facile \u00e0 tout ce dont vous avez besoin, y compris l&#8217;autoroute AP 7.<\/p>\n\n<p>Une option id\u00e9ale pour ceux qui recherchent l&#8217;espace, la polyvalence et une situation privil\u00e9gi\u00e9e, ne manquez pas l&#8217;occasion de la conna\u00eetre ! <\/p>\n\n<p>LES TAXES ASSOCI\u00c9ES ET LES FRAIS D&#8217;AGENCE IMMOBILI\u00c8RE NE SONT PAS INCLUS DANS LE PRIX !<\/p>\n","protected":false},"excerpt":{"rendered":"<p>Nous vous pr\u00e9sentons cette spacieuse maison \u00e0 San Pedro del Pinatar, situ\u00e9e sur un terrain d&#8217;environ 200m\u00b2 et distribu\u00e9e en un \u00e9tage avec de multiples commodit\u00e9s et un rez-de-chauss\u00e9e avec diff\u00e9rentes options d&#8217;utilisation. Sa grande taille et sa bonne localisation en font une excellente opportunit\u00e9. Distribution : Etage sup\u00e9rieur : Rez-de-chauss\u00e9e : Terrasse sur le [&hellip;]<\/p>\n","protected":false},"author":3,"featured_media":30399,"parent":0,"menu_order":0,"template":"","property_type":[121],"property_status":[44],"property_feature":[241],"property_label":[],"property_country":[],"property_state":[39],"property_city":[42],"property_area":[],"class_list":["post-30672","property","type-property","status-publish","has-post-thumbnail","hentry","property_type-maison","property_status-en-vente","property_feature-terrasse","property_state-region-de-murcie","property_city-san-pedro-del-pinatar-fr"],"property_meta":{"fave_featured":["0"],"houzez_featured_listing_date":[""],"fave_property_images":["30397","30417","30447","30422","30412","30432","30437","30472","30457","30467","30482","30477","30492","30487","30497","30502","30507","30517","30512","30647","30637","30542","30617","30627","30527","30532","30552","30547","30632","30652","30657","30662","30577","30572","30582","30562","30567","30592","30597","30602","30607","30612","30557"],"fave_single_top_area":["global"],"_top_nav_excluded":[""],"_cms_nav_minihome":[""],"fave_property_price":["235000"],"fave_property_size":["116"],"fave_property_land":["200"],"fave_property_bedrooms":["4"],"fave_property_bathrooms":["2"],"fave_property_garage_size":["116"],"fave_property_id":["3053MH"],"fave_property_map_address":["Avenida del Taibilla, San Pedro del Pinatar, Campo de Cartagena y Mar Menor, Regi\u00f3n de Murcia, 30740, Espagne"],"fave_property_location":["37.8344447,-0.7965034,15"],"houzez_geolocation_lat":["37.8344447"],"houzez_geolocation_long":["-0.7965034"],"fave_property_map_street_view":["cacher"],"fave_property_zip":["30740"],"fave_video_url":["https:\/\/youtu.be\/NQsYfb1Zix0"],"fave_agent_display_option":["auteur_info"],"fave_prop_homeslider":["non"],"_thumbnail_id":["30399"],"_last_translation_edit_mode":["translation-editor"],"houzez_manual_expire":["0"],"_houzez_expiration_date_status":["saved"],"houzez_total_property_views":["97"],"houzez_views_by_date":["a:61:{s:10:\"07-13-2025\";i:2;s:10:\"07-14-2025\";i:1;s:10:\"07-22-2025\";i:1;s:10:\"07-28-2025\";i:1;s:10:\"08-02-2025\";i:1;s:10:\"08-08-2025\";i:1;s:10:\"08-21-2025\";i:1;s:10:\"08-26-2025\";i:1;s:10:\"08-30-2025\";i:3;s:10:\"09-04-2025\";i:1;s:10:\"09-09-2025\";i:1;s:10:\"09-10-2025\";i:1;s:10:\"09-14-2025\";i:1;s:10:\"09-19-2025\";i:1;s:10:\"09-24-2025\";i:1;s:10:\"09-27-2025\";i:1;s:10:\"09-28-2025\";i:1;s:10:\"09-29-2025\";i:1;s:10:\"10-05-2025\";i:1;s:10:\"10-10-2025\";i:1;s:10:\"10-16-2025\";i:1;s:10:\"10-18-2025\";i:1;s:10:\"10-21-2025\";i:1;s:10:\"11-16-2025\";i:1;s:10:\"11-18-2025\";i:1;s:10:\"11-21-2025\";i:2;s:10:\"12-07-2025\";i:1;s:10:\"12-13-2025\";i:1;s:10:\"12-25-2025\";i:1;s:10:\"01-02-2026\";i:1;s:10:\"01-11-2026\";i:1;s:10:\"01-12-2026\";i:1;s:10:\"01-30-2026\";i:1;s:10:\"02-04-2026\";i:1;s:10:\"02-06-2026\";i:1;s:10:\"02-12-2026\";i:1;s:10:\"02-15-2026\";i:1;s:10:\"02-17-2026\";i:1;s:10:\"02-22-2026\";i:1;s:10:\"02-24-2026\";i:1;s:10:\"02-25-2026\";i:1;s:10:\"03-03-2026\";i:1;s:10:\"03-10-2026\";i:1;s:10:\"03-11-2026\";i:2;s:10:\"03-13-2026\";i:1;s:10:\"03-16-2026\";i:1;s:10:\"03-17-2026\";i:1;s:10:\"03-19-2026\";i:1;s:10:\"03-23-2026\";i:1;s:10:\"03-24-2026\";i:1;s:10:\"03-29-2026\";i:1;s:10:\"03-30-2026\";i:1;s:10:\"04-01-2026\";i:1;s:10:\"04-05-2026\";i:2;s:10:\"04-06-2026\";i:1;s:10:\"04-10-2026\";i:1;s:10:\"04-16-2026\";i:1;s:10:\"04-20-2026\";i:1;s:10:\"04-21-2026\";i:1;s:10:\"04-26-2026\";i:1;s:10:\"04-28-2026\";i:2;}"],"houzez_recently_viewed":["2026-04-28 19:53:50"],"_elementor_page_assets":["a:0:{}"]},"_links":{"self":[{"href":"https:\/\/myhomeproperty.es\/fr\/wp-json\/wp\/v2\/properties\/30672","targetHints":{"allow":["GET"]}}],"collection":[{"href":"https:\/\/myhomeproperty.es\/fr\/wp-json\/wp\/v2\/properties"}],"about":[{"href":"https:\/\/myhomeproperty.es\/fr\/wp-json\/wp\/v2\/types\/property"}],"author":[{"embeddable":true,"href":"https:\/\/myhomeproperty.es\/fr\/wp-json\/wp\/v2\/users\/3"}],"version-history":[{"count":3,"href":"https:\/\/myhomeproperty.es\/fr\/wp-json\/wp\/v2\/properties\/30672\/revisions"}],"predecessor-version":[{"id":30684,"href":"https:\/\/myhomeproperty.es\/fr\/wp-json\/wp\/v2\/properties\/30672\/revisions\/30684"}],"wp:featuredmedia":[{"embeddable":true,"href":"https:\/\/myhomeproperty.es\/fr\/wp-json\/wp\/v2\/media\/30399"}],"wp:attachment":[{"href":"https:\/\/myhomeproperty.es\/fr\/wp-json\/wp\/v2\/media?parent=30672"}],"wp:term":[{"taxonomy":"property_type","embeddable":true,"href":"https:\/\/myhomeproperty.es\/fr\/wp-json\/wp\/v2\/property_type?post=30672"},{"taxonomy":"property_status","embeddable":true,"href":"https:\/\/myhomeproperty.es\/fr\/wp-json\/wp\/v2\/property_status?post=30672"},{"taxonomy":"property_feature","embeddable":true,"href":"https:\/\/myhomeproperty.es\/fr\/wp-json\/wp\/v2\/property_feature?post=30672"},{"taxonomy":"property_label","embeddable":true,"href":"https:\/\/myhomeproperty.es\/fr\/wp-json\/wp\/v2\/property_label?post=30672"},{"taxonomy":"property_country","embeddable":true,"href":"https:\/\/myhomeproperty.es\/fr\/wp-json\/wp\/v2\/property_country?post=30672"},{"taxonomy":"property_state","embeddable":true,"href":"https:\/\/myhomeproperty.es\/fr\/wp-json\/wp\/v2\/property_state?post=30672"},{"taxonomy":"property_city","embeddable":true,"href":"https:\/\/myhomeproperty.es\/fr\/wp-json\/wp\/v2\/property_city?post=30672"},{"taxonomy":"property_area","embeddable":true,"href":"https:\/\/myhomeproperty.es\/fr\/wp-json\/wp\/v2\/property_area?post=30672"}],"curies":[{"name":"wp","href":"https:\/\/api.w.org\/{rel}","templated":true}]}}

Maison spacieuse à San Pedro del Pinatar

<p>Nous vous présentons cette spacieuse maison à San Pedro del Pinatar, située sur un terrain d&#8217;environ 200m² et distribuée en un étage avec de multiples commodités et un rez-de-chaussée avec différentes options d&#8217;utilisation.</p>

<p>Sa grande taille et sa bonne localisation en font une excellente opportunité.</p>

<p>Distribution :</p>

<p><strong>Etage supérieur :</strong></p>

<ul class="wp-block-list">
<li>4 chambres : spacieuses et lumineuses</li>



<li>2 salles de bains de bonne taille</li>



<li>Salle à manger : Spacieuse et diaphane</li>



<li>Patio : un espace supplémentaire qui fournit de la lumière et de l&#8217;aération.</li>



<li>Blanchisserie</li>



<li>Terrasse</li>
</ul>

<p><strong>Rez-de-chaussée :</strong></p>

<ul class="wp-block-list">
<li>Open space : Avec de multiples possibilités d&#8217;utilisation. Il peut être aménagé en logement indépendant, en garage, en patio ou même en entrepôt. </li>
</ul>

<p><strong>Terrasse sur le toit :</strong></p>

<ul class="wp-block-list">
<li>Grande terrasse : un endroit idéal pour profiter du soleil, se détendre ou créer un espace de loisirs en plein air.</li>
</ul>

<p><strong>Situation :</strong><br/>Située dans un endroit calme mais central, cette propriété se trouve à proximité d&#8217;écoles, d&#8217;équipements, de restaurants et de magasins, ce qui vous assure une vie confortable et un accès facile à tout ce dont vous avez besoin, y compris l&#8217;autoroute AP 7.</p>

<p>Une option idéale pour ceux qui recherchent l&#8217;espace, la polyvalence et une situation privilégiée, ne manquez pas l&#8217;occasion de la connaître ! </p>

<p>LES TAXES ASSOCIÉES ET LES FRAIS D&#8217;AGENCE IMMOBILIÈRE NE SONT PAS INCLUS DANS LE PRIX !</p>

<p>Nous vous présentons cette spacieuse maison à San Pedro del Pinatar, située sur un terrain d&#8217;environ 200m² et distribuée en un étage avec de multiples commodités et un rez-de-chaussée avec différentes options d&#8217;utilisation. Sa grande taille et sa bonne localisation en font une excellente opportunité. Distribution : Etage supérieur : Rez-de-chaussée : Terrasse sur le [&hellip;]</p>

Avenida del Taibilla, San Pedro del Pinatar, Campo de Cartagena y Mar Menor, Región de Murcia, 30740, Espagne
