{"id":31727,"date":"2025-07-07T16:08:23","date_gmt":"2025-07-07T16:08:23","guid":{"rendered":"https:\/\/myhomeproperty.es\/property\/villas-isolees-a-san-pedro-del-pinatar-3\/"},"modified":"2026-02-16T07:10:52","modified_gmt":"2026-02-16T07:10:52","slug":"villas-isolees-a-san-pedro-del-pinatar-3","status":"publish","type":"property","link":"https:\/\/myhomeproperty.es\/fr\/property\/villas-isolees-a-san-pedro-del-pinatar-3\/","title":{"rendered":"Villas isol\u00e9es \u00e0 San Javier"},"content":{"rendered":"\n<p>Nous vous pr\u00e9sentons cette promotion de 3 villas individuelles avec 3 chambres et 2 salles de bain situ\u00e9es \u00e0 San Javier.<br\/>Elle est distribu\u00e9e sur un \u00e9tage et un solarium. Elle dispose d&#8217;un salon-salle \u00e0 manger avec cuisine, de trois chambres, dont une avec salle de bain en-suite et d&#8217;un grand solarium, id\u00e9al pour profiter du soleil pendant les mois d&#8217;\u00e9t\u00e9. <\/p>\n\n<p>Les logements sont livr\u00e9s avec une cuisine et une salle de bain enti\u00e8rement \u00e9quip\u00e9es et une pr\u00e9-installation pour l&#8217;air conditionn\u00e9.<\/p>\n\n<p>Les cl\u00e9s seront remises en mai 2026.<\/p>\n\n<p>Lieux d&#8217;int\u00e9r\u00eat :<br\/>Mar : 2 km<br\/>Centre commercial Dos Mares : 5 minutes<br\/>Centre commercial La Zenia Boulevard : 20 minutes<br\/>A\u00e9roport de Corvera : 30 minutes<br\/>A\u00e9roport d&#8217;Alicante : 50 minutes<\/p>\n\n<p><\/p>\n","protected":false},"excerpt":{"rendered":"<p>Nous vous pr\u00e9sentons cette promotion de 3 villas individuelles avec 3 chambres et 2 salles de bain situ\u00e9es \u00e0 San Javier.Elle est distribu\u00e9e sur un \u00e9tage et un solarium. Elle dispose d&#8217;un salon-salle \u00e0 manger avec cuisine, de trois chambres, dont une avec salle de bain en-suite et d&#8217;un grand solarium, id\u00e9al pour profiter du [&hellip;]<\/p>\n","protected":false},"author":3,"featured_media":31706,"parent":0,"menu_order":0,"template":"","property_type":[198],"property_status":[44],"property_feature":[218,43,241],"property_label":[],"property_country":[32],"property_state":[39],"property_city":[38,42],"property_area":[],"class_list":["post-31727","property","type-property","status-publish","has-post-thumbnail","hentry","property_type-villa-fr","property_status-en-vente","property_feature-jardin-fr","property_feature-piscina-fr","property_feature-terrasse","property_country-spain-fr","property_state-region-de-murcie","property_city-san-javier-fr","property_city-san-pedro-del-pinatar-fr"],"property_meta":{"fave_featured":["0"],"houzez_featured_listing_date":[""],"fave_property_images":["31704","31669","31679","31689","31699","31684","31694","31674","31709","31714","31719"],"fave_single_top_area":["global"],"_top_nav_excluded":[""],"_cms_nav_minihome":[""],"houzez_geolocation_lat":["37.8059567"],"houzez_geolocation_long":["-0.8345537"],"_thumbnail_id":["31706"],"_last_translation_edit_mode":["translation-editor"],"houzez_total_property_views":["81"],"houzez_views_by_date":["a:61:{s:10:\"07-28-2025\";i:1;s:10:\"08-02-2025\";i:1;s:10:\"08-08-2025\";i:1;s:10:\"08-09-2025\";i:1;s:10:\"08-10-2025\";i:1;s:10:\"08-11-2025\";i:1;s:10:\"08-12-2025\";i:1;s:10:\"08-20-2025\";i:1;s:10:\"08-25-2025\";i:1;s:10:\"08-30-2025\";i:2;s:10:\"08-31-2025\";i:1;s:10:\"09-01-2025\";i:3;s:10:\"09-06-2025\";i:1;s:10:\"09-11-2025\";i:1;s:10:\"09-16-2025\";i:1;s:10:\"09-17-2025\";i:1;s:10:\"09-20-2025\";i:1;s:10:\"09-25-2025\";i:1;s:10:\"09-26-2025\";i:1;s:10:\"09-28-2025\";i:2;s:10:\"09-30-2025\";i:1;s:10:\"10-04-2025\";i:3;s:10:\"10-09-2025\";i:1;s:10:\"10-15-2025\";i:1;s:10:\"10-19-2025\";i:1;s:10:\"11-18-2025\";i:1;s:10:\"11-19-2025\";i:1;s:10:\"12-02-2025\";i:1;s:10:\"12-04-2025\";i:1;s:10:\"12-10-2025\";i:1;s:10:\"12-13-2025\";i:1;s:10:\"12-15-2025\";i:1;s:10:\"12-25-2025\";i:1;s:10:\"12-30-2025\";i:1;s:10:\"01-04-2026\";i:1;s:10:\"01-06-2026\";i:1;s:10:\"01-09-2026\";i:1;s:10:\"01-11-2026\";i:1;s:10:\"01-12-2026\";i:1;s:10:\"01-18-2026\";i:1;s:10:\"01-30-2026\";i:2;s:10:\"02-04-2026\";i:1;s:10:\"02-07-2026\";i:1;s:10:\"02-21-2026\";i:1;s:10:\"03-05-2026\";i:1;s:10:\"03-11-2026\";i:2;s:10:\"03-15-2026\";i:1;s:10:\"03-17-2026\";i:1;s:10:\"03-21-2026\";i:1;s:10:\"03-24-2026\";i:1;s:10:\"03-27-2026\";i:1;s:10:\"03-31-2026\";i:1;s:10:\"04-06-2026\";i:1;s:10:\"04-11-2026\";i:1;s:10:\"04-12-2026\";i:1;s:10:\"04-14-2026\";i:1;s:10:\"04-16-2026\";i:1;s:10:\"04-17-2026\";i:1;s:10:\"04-24-2026\";i:1;s:10:\"04-26-2026\";i:1;s:10:\"04-28-2026\";i:3;}"],"houzez_recently_viewed":["2026-04-28 20:55:06"],"_elementor_page_assets":["a:0:{}"],"houzez_manual_expire":["0"],"_houzez_expiration_date_status":["saved"],"fave_property_price":["339900"],"fave_property_price_prefix":["DE"],"fave_property_size":["85"],"fave_property_land":["165"],"fave_property_bedrooms":["3"],"fave_property_bathrooms":["2"],"fave_property_id":["3057MHP"],"fave_property_map":["1"],"fave_property_map_address":["San Javier, Campo de Cartagena et Mar Menor, R\u00e9gion de Murcie, Espagne"],"fave_property_location":["37.8059567,-0.8345537,6"],"fave_property_map_street_view":["cacher"],"fave_agent_display_option":["none"],"fave_prop_homeslider":["oui"],"fave_private_note":["Villas Don Pedro 3 phase II SAN JAVIER zona rata"],"floor_plans":["a:5:{i:0;a:2:{s:15:\"fave_plan_title\";s:10:\"Logement 1\";s:15:\"fave_plan_image\";s:69:\"https:\/\/myhomeproperty.es\/wp-content\/uploads\/2024\/07\/Vivienda-1-1.jpg\";}i:1;a:2:{s:15:\"fave_plan_title\";s:10:\"Logement 2\";s:15:\"fave_plan_image\";s:69:\"https:\/\/myhomeproperty.es\/wp-content\/uploads\/2024\/07\/Vivienda-2-1.jpg\";}i:2;a:1:{s:15:\"fave_plan_image\";s:69:\"https:\/\/myhomeproperty.es\/wp-content\/uploads\/2024\/07\/Vivienda-3-1.jpg\";}i:3;a:1:{s:15:\"fave_plan_title\";s:10:\"Viveinda 3\";}i:4;a:2:{s:15:\"fave_plan_title\";s:10:\"Logement 4\";s:15:\"fave_plan_image\";s:69:\"https:\/\/myhomeproperty.es\/wp-content\/uploads\/2024\/07\/Vivienda-4-1.jpg\";}}"]},"_links":{"self":[{"href":"https:\/\/myhomeproperty.es\/fr\/wp-json\/wp\/v2\/properties\/31727","targetHints":{"allow":["GET"]}}],"collection":[{"href":"https:\/\/myhomeproperty.es\/fr\/wp-json\/wp\/v2\/properties"}],"about":[{"href":"https:\/\/myhomeproperty.es\/fr\/wp-json\/wp\/v2\/types\/property"}],"author":[{"embeddable":true,"href":"https:\/\/myhomeproperty.es\/fr\/wp-json\/wp\/v2\/users\/3"}],"version-history":[{"count":5,"href":"https:\/\/myhomeproperty.es\/fr\/wp-json\/wp\/v2\/properties\/31727\/revisions"}],"predecessor-version":[{"id":34996,"href":"https:\/\/myhomeproperty.es\/fr\/wp-json\/wp\/v2\/properties\/31727\/revisions\/34996"}],"wp:featuredmedia":[{"embeddable":true,"href":"https:\/\/myhomeproperty.es\/fr\/wp-json\/wp\/v2\/media\/31706"}],"wp:attachment":[{"href":"https:\/\/myhomeproperty.es\/fr\/wp-json\/wp\/v2\/media?parent=31727"}],"wp:term":[{"taxonomy":"property_type","embeddable":true,"href":"https:\/\/myhomeproperty.es\/fr\/wp-json\/wp\/v2\/property_type?post=31727"},{"taxonomy":"property_status","embeddable":true,"href":"https:\/\/myhomeproperty.es\/fr\/wp-json\/wp\/v2\/property_status?post=31727"},{"taxonomy":"property_feature","embeddable":true,"href":"https:\/\/myhomeproperty.es\/fr\/wp-json\/wp\/v2\/property_feature?post=31727"},{"taxonomy":"property_label","embeddable":true,"href":"https:\/\/myhomeproperty.es\/fr\/wp-json\/wp\/v2\/property_label?post=31727"},{"taxonomy":"property_country","embeddable":true,"href":"https:\/\/myhomeproperty.es\/fr\/wp-json\/wp\/v2\/property_country?post=31727"},{"taxonomy":"property_state","embeddable":true,"href":"https:\/\/myhomeproperty.es\/fr\/wp-json\/wp\/v2\/property_state?post=31727"},{"taxonomy":"property_city","embeddable":true,"href":"https:\/\/myhomeproperty.es\/fr\/wp-json\/wp\/v2\/property_city?post=31727"},{"taxonomy":"property_area","embeddable":true,"href":"https:\/\/myhomeproperty.es\/fr\/wp-json\/wp\/v2\/property_area?post=31727"}],"curies":[{"name":"wp","href":"https:\/\/api.w.org\/{rel}","templated":true}]}}

Villas isolées à San Javier

<p>Nous vous présentons cette promotion de 3 villas individuelles avec 3 chambres et 2 salles de bain situées à San Javier.<br/>Elle est distribuée sur un étage et un solarium. Elle dispose d&#8217;un salon-salle à manger avec cuisine, de trois chambres, dont une avec salle de bain en-suite et d&#8217;un grand solarium, idéal pour profiter du soleil pendant les mois d&#8217;été. </p>

<p>Les logements sont livrés avec une cuisine et une salle de bain entièrement équipées et une pré-installation pour l&#8217;air conditionné.</p>

<p>Les clés seront remises en mai 2026.</p>

<p>Lieux d&#8217;intérêt :<br/>Mar : 2 km<br/>Centre commercial Dos Mares : 5 minutes<br/>Centre commercial La Zenia Boulevard : 20 minutes<br/>Aéroport de Corvera : 30 minutes<br/>Aéroport d&#8217;Alicante : 50 minutes</p>

<p></p>

<p>Nous vous présentons cette promotion de 3 villas individuelles avec 3 chambres et 2 salles de bain situées à San Javier.Elle est distribuée sur un étage et un solarium. Elle dispose d&#8217;un salon-salle à manger avec cuisine, de trois chambres, dont une avec salle de bain en-suite et d&#8217;un grand solarium, idéal pour profiter du [&hellip;]</p>

San Javier, Campo de Cartagena et Mar Menor, Région de Murcie, Espagne
