{"id":32374,"date":"2025-07-14T15:53:21","date_gmt":"2025-07-14T15:53:21","guid":{"rendered":"https:\/\/myhomeproperty.es\/property\/maison-de-ville-nouvelle-construction-a-san-pedro-del-pinatar\/"},"modified":"2025-07-14T15:53:29","modified_gmt":"2025-07-14T15:53:29","slug":"maison-de-ville-nouvelle-construction-a-san-pedro-del-pinatar","status":"publish","type":"property","link":"https:\/\/myhomeproperty.es\/fr\/property\/maison-de-ville-nouvelle-construction-a-san-pedro-del-pinatar\/","title":{"rendered":"Maison de ville nouvelle construction \u00e0 San Pedro del Pinatar"},"content":{"rendered":"\n<p>Nous vous pr\u00e9sentons une maison jumel\u00e9e avec piscine priv\u00e9e, terrasse, solarium, patio int\u00e9rieur et place de parking.<\/p>\n\n<p>Les appartements de 3 chambres et 2 salles de bains sont con\u00e7us dans un style contemporain avec un concept ouvert, et comprennent une cuisine enti\u00e8rement \u00e9quip\u00e9e et un salon\/salle \u00e0 manger.<\/p>\n\n<p>Il est situ\u00e9 \u00e0 San Pedro del Pinatar, Murcia, entour\u00e9 de tous les services et installations sportives, \u00e0 proximit\u00e9 de plusieurs terrains de golf et \u00e0 5 minutes de la mer M\u00e9diterran\u00e9e et des plages de la Mar Menor.<\/p>\n\n<p>Le logement r\u00e9pond aux normes les plus \u00e9lev\u00e9es et comprend<\/p>\n\n<ul class=\"wp-block-list\">\n<li>Piscine priv\u00e9e avec douche ext\u00e9rieure.<\/li>\n\n\n\n<li>Cuisine enti\u00e8rement \u00e9quip\u00e9e avec four et micro-ondes en colonne, lave-vaisselle int\u00e9gr\u00e9, r\u00e9frig\u00e9rateur, plaque vitroc\u00e9ramique et hotte aspirante.<\/li>\n\n\n\n<li>\u00c9clairage LED : \u00e0 l&#8217;int\u00e9rieur de la maison (salle \u00e0 manger, cuisine, couloirs et salles de bains) ainsi que dans les espaces ext\u00e9rieurs.<\/li>\n\n\n\n<li>Prises TV dans toutes les chambres, le jardin et le solarium.<\/li>\n\n\n\n<li>Armoires encastr\u00e9es avec tiroirs.<\/li>\n\n\n\n<li>Salles de bains enti\u00e8rement \u00e9quip\u00e9es avec lavabo, toilettes, miroir avec lumi\u00e8re, douche et \u00e9crans. Pr\u00e9-installation de la climatisation.<\/li>\n\n\n\n<li>Cour int\u00e9rieure en aluminium avec portes coulissantes.<\/li>\n\n\n\n<li>Cuisine d&#8217;\u00e9t\u00e9 et solarium avec pr\u00e9-installation pour machine \u00e0 laver.<\/li>\n<\/ul>\n","protected":false},"excerpt":{"rendered":"<p>Nous vous pr\u00e9sentons une maison jumel\u00e9e avec piscine priv\u00e9e, terrasse, solarium, patio int\u00e9rieur et place de parking. Les appartements de 3 chambres et 2 salles de bains sont con\u00e7us dans un style contemporain avec un concept ouvert, et comprennent une cuisine enti\u00e8rement \u00e9quip\u00e9e et un salon\/salle \u00e0 manger. Il est situ\u00e9 \u00e0 San Pedro del [&hellip;]<\/p>\n","protected":false},"author":3,"featured_media":32313,"parent":0,"menu_order":0,"template":"","property_type":[134],"property_status":[44],"property_feature":[43,287,241],"property_label":[],"property_country":[32],"property_state":[39],"property_city":[42],"property_area":[],"class_list":["post-32374","property","type-property","status-publish","has-post-thumbnail","hentry","property_type-maison-jumelee","property_status-en-vente","property_feature-piscina-fr","property_feature-solarium-fr","property_feature-terrasse","property_country-spain-fr","property_state-region-de-murcie","property_city-san-pedro-del-pinatar-fr"],"property_meta":{"fave_featured":["1"],"houzez_featured_listing_date":["2025-07-14 15:53:28"],"fave_property_images":["32311","32301","32306","32256","32261","32266","32271","32316","32276","32281","32286","32296","32251","32361","32366"],"fave_single_top_area":["global"],"_top_nav_excluded":[""],"_cms_nav_minihome":[""],"fave_property_price":["295000"],"fave_property_size":["100"],"fave_property_land":["90"],"fave_property_bedrooms":["3"],"fave_property_bathrooms":["2"],"fave_property_id":["3061MHP"],"fave_property_map":["1"],"fave_property_map_address":["San Pedro del Pinatar, Campo de Cartagena y Mar Menor, R\u00e9gion de Murcie, 30740, Espagne"],"fave_property_location":["37.831272,-0.7909452,15"],"houzez_geolocation_lat":["37.831272"],"houzez_geolocation_long":["-0.7909452"],"fave_property_map_street_view":["cacher"],"fave_agent_display_option":["auteur_info"],"fave_prop_homeslider":["non"],"fave_private_note":["RESIDENCIAL DE ATENAS SAN PEDRO (Paco Albaladejo) - zone de la piscine municipale  "],"_thumbnail_id":["32313"],"_last_translation_edit_mode":["translation-editor"],"houzez_total_property_views":["90"],"houzez_views_by_date":["a:61:{s:10:\"08-12-2025\";i:1;s:10:\"08-18-2025\";i:2;s:10:\"08-20-2025\";i:1;s:10:\"08-22-2025\";i:1;s:10:\"08-27-2025\";i:1;s:10:\"08-29-2025\";i:2;s:10:\"08-30-2025\";i:1;s:10:\"09-04-2025\";i:1;s:10:\"09-06-2025\";i:1;s:10:\"09-09-2025\";i:1;s:10:\"09-13-2025\";i:1;s:10:\"09-17-2025\";i:2;s:10:\"09-18-2025\";i:1;s:10:\"09-23-2025\";i:1;s:10:\"09-26-2025\";i:1;s:10:\"09-27-2025\";i:2;s:10:\"09-28-2025\";i:1;s:10:\"10-02-2025\";i:1;s:10:\"10-07-2025\";i:1;s:10:\"10-12-2025\";i:1;s:10:\"10-13-2025\";i:1;s:10:\"10-17-2025\";i:1;s:10:\"10-21-2025\";i:1;s:10:\"11-01-2025\";i:1;s:10:\"11-03-2025\";i:1;s:10:\"11-14-2025\";i:1;s:10:\"11-17-2025\";i:1;s:10:\"11-19-2025\";i:1;s:10:\"11-30-2025\";i:1;s:10:\"12-03-2025\";i:1;s:10:\"12-09-2025\";i:1;s:10:\"12-10-2025\";i:1;s:10:\"12-12-2025\";i:1;s:10:\"12-15-2025\";i:1;s:10:\"12-20-2025\";i:1;s:10:\"12-25-2025\";i:1;s:10:\"01-04-2026\";i:1;s:10:\"01-09-2026\";i:1;s:10:\"01-11-2026\";i:1;s:10:\"01-12-2026\";i:1;s:10:\"01-25-2026\";i:1;s:10:\"01-30-2026\";i:1;s:10:\"02-04-2026\";i:1;s:10:\"02-06-2026\";i:1;s:10:\"02-14-2026\";i:1;s:10:\"02-17-2026\";i:1;s:10:\"02-21-2026\";i:1;s:10:\"03-05-2026\";i:1;s:10:\"03-11-2026\";i:2;s:10:\"03-17-2026\";i:1;s:10:\"03-18-2026\";i:3;s:10:\"03-21-2026\";i:1;s:10:\"03-22-2026\";i:1;s:10:\"03-27-2026\";i:1;s:10:\"04-01-2026\";i:1;s:10:\"04-07-2026\";i:1;s:10:\"04-12-2026\";i:4;s:10:\"04-17-2026\";i:1;s:10:\"04-22-2026\";i:1;s:10:\"04-27-2026\";i:1;s:10:\"04-28-2026\";i:4;}"],"houzez_recently_viewed":["2026-04-28 19:54:27"],"_elementor_page_assets":["a:0:{}"]},"_links":{"self":[{"href":"https:\/\/myhomeproperty.es\/fr\/wp-json\/wp\/v2\/properties\/32374","targetHints":{"allow":["GET"]}}],"collection":[{"href":"https:\/\/myhomeproperty.es\/fr\/wp-json\/wp\/v2\/properties"}],"about":[{"href":"https:\/\/myhomeproperty.es\/fr\/wp-json\/wp\/v2\/types\/property"}],"author":[{"embeddable":true,"href":"https:\/\/myhomeproperty.es\/fr\/wp-json\/wp\/v2\/users\/3"}],"version-history":[{"count":1,"href":"https:\/\/myhomeproperty.es\/fr\/wp-json\/wp\/v2\/properties\/32374\/revisions"}],"predecessor-version":[{"id":32375,"href":"https:\/\/myhomeproperty.es\/fr\/wp-json\/wp\/v2\/properties\/32374\/revisions\/32375"}],"wp:featuredmedia":[{"embeddable":true,"href":"https:\/\/myhomeproperty.es\/fr\/wp-json\/wp\/v2\/media\/32313"}],"wp:attachment":[{"href":"https:\/\/myhomeproperty.es\/fr\/wp-json\/wp\/v2\/media?parent=32374"}],"wp:term":[{"taxonomy":"property_type","embeddable":true,"href":"https:\/\/myhomeproperty.es\/fr\/wp-json\/wp\/v2\/property_type?post=32374"},{"taxonomy":"property_status","embeddable":true,"href":"https:\/\/myhomeproperty.es\/fr\/wp-json\/wp\/v2\/property_status?post=32374"},{"taxonomy":"property_feature","embeddable":true,"href":"https:\/\/myhomeproperty.es\/fr\/wp-json\/wp\/v2\/property_feature?post=32374"},{"taxonomy":"property_label","embeddable":true,"href":"https:\/\/myhomeproperty.es\/fr\/wp-json\/wp\/v2\/property_label?post=32374"},{"taxonomy":"property_country","embeddable":true,"href":"https:\/\/myhomeproperty.es\/fr\/wp-json\/wp\/v2\/property_country?post=32374"},{"taxonomy":"property_state","embeddable":true,"href":"https:\/\/myhomeproperty.es\/fr\/wp-json\/wp\/v2\/property_state?post=32374"},{"taxonomy":"property_city","embeddable":true,"href":"https:\/\/myhomeproperty.es\/fr\/wp-json\/wp\/v2\/property_city?post=32374"},{"taxonomy":"property_area","embeddable":true,"href":"https:\/\/myhomeproperty.es\/fr\/wp-json\/wp\/v2\/property_area?post=32374"}],"curies":[{"name":"wp","href":"https:\/\/api.w.org\/{rel}","templated":true}]}}

Maison de ville nouvelle construction à San Pedro del Pinatar

<p>Nous vous présentons une maison jumelée avec piscine privée, terrasse, solarium, patio intérieur et place de parking.</p>

<p>Les appartements de 3 chambres et 2 salles de bains sont conçus dans un style contemporain avec un concept ouvert, et comprennent une cuisine entièrement équipée et un salon/salle à manger.</p>

<p>Il est situé à San Pedro del Pinatar, Murcia, entouré de tous les services et installations sportives, à proximité de plusieurs terrains de golf et à 5 minutes de la mer Méditerranée et des plages de la Mar Menor.</p>

<p>Le logement répond aux normes les plus élevées et comprend</p>

<ul class="wp-block-list">
<li>Piscine privée avec douche extérieure.</li>



<li>Cuisine entièrement équipée avec four et micro-ondes en colonne, lave-vaisselle intégré, réfrigérateur, plaque vitrocéramique et hotte aspirante.</li>



<li>Éclairage LED : à l&#8217;intérieur de la maison (salle à manger, cuisine, couloirs et salles de bains) ainsi que dans les espaces extérieurs.</li>



<li>Prises TV dans toutes les chambres, le jardin et le solarium.</li>



<li>Armoires encastrées avec tiroirs.</li>



<li>Salles de bains entièrement équipées avec lavabo, toilettes, miroir avec lumière, douche et écrans. Pré-installation de la climatisation.</li>



<li>Cour intérieure en aluminium avec portes coulissantes.</li>



<li>Cuisine d&#8217;été et solarium avec pré-installation pour machine à laver.</li>
</ul>

<p>Nous vous présentons une maison jumelée avec piscine privée, terrasse, solarium, patio intérieur et place de parking. Les appartements de 3 chambres et 2 salles de bains sont conçus dans un style contemporain avec un concept ouvert, et comprennent une cuisine entièrement équipée et un salon/salle à manger. Il est situé à San Pedro del [&hellip;]</p>

San Pedro del Pinatar, Campo de Cartagena y Mar Menor, Région de Murcie, 30740, Espagne
