{"id":32727,"date":"2025-07-15T12:57:47","date_gmt":"2025-07-15T12:57:47","guid":{"rendered":"https:\/\/myhomeproperty.es\/property\/villa-moderne-exclusive-a-avileses\/"},"modified":"2025-12-04T11:58:13","modified_gmt":"2025-12-04T11:58:13","slug":"villa-moderne-exclusive-a-avileses","status":"publish","type":"property","link":"https:\/\/myhomeproperty.es\/fr\/property\/villa-moderne-exclusive-a-avileses\/","title":{"rendered":"Villa moderne exclusive \u00e0 Avileses"},"content":{"rendered":"\n<p>D\u00e9couvrez cette \u00e9l\u00e9gante villa d&#8217;angle contemporaine, con\u00e7ue pour offrir confort, fonctionnalit\u00e9 et un style de vie d\u00e9contract\u00e9. Distribu\u00e9 sur un seul \u00e9tage, il dispose :<\/p>\n\n<ul class=\"wp-block-list\">\n<li>\ud83d\udecf\ufe0f 3 chambres spacieuses, dont une suite parentale avec salle de bain priv\u00e9e et placards.<\/li>\n\n\n\n<li>\ud83d\udebf 2 salles de bains compl\u00e8tes, avec des finitions modernes et des mat\u00e9riaux de haute qualit\u00e9.<\/li>\n\n\n\n<li>\ud83c\udf7d\ufe0f Cuisine ouverte, enti\u00e8rement am\u00e9nag\u00e9e et \u00e9quip\u00e9e, int\u00e9gr\u00e9e \u00e0 un salon spacieux et lumineux.<\/li>\n\n\n\n<li>\ud83c\udfca\u200d\u2642\ufe0f Piscine priv\u00e9e de 20 m\u00b2, id\u00e9ale pour profiter du soleil et du beau temps.<\/li>\n\n\n\n<li>\u2600\ufe0f Impressionnant solarium de 76 m\u00b2, id\u00e9al pour les r\u00e9unions, la d\u00e9tente et les bains de soleil.<\/li>\n\n\n\n<li>\ud83d\udcd0 Terrain de 183 m\u00b2 avec 90 m\u00b2 de surface construite, con\u00e7u pour maximiser chaque coin.<\/li>\n<\/ul>\n\n<p>\ud83d\udcb0 Prix : 289.000 \u20ac.<\/p>\n\n<p>Avileses est un charmant hameau de la municipalit\u00e9 de Murcie qui allie la tranquillit\u00e9 d&#8217;un environnement rural \u00e0 d&#8217;excellentes connexions avec les services, les plages et les a\u00e9roports. Il est id\u00e9al \u00e0 la fois comme r\u00e9sidence permanente et comme investissement de vacances. <\/p>\n\n<p>\ud83d\udccd Lieu privil\u00e9gi\u00e9<\/p>\n\n<ul class=\"wp-block-list\">\n<li>Zone r\u00e9sidentielle calme, avec une atmosph\u00e8re familiale et une faible densit\u00e9 de population.<\/li>\n\n\n\n<li>Entour\u00e9 de nature, de terrains de golf et de grands espaces.<\/li>\n\n\n\n<li>Communaut\u00e9 accueillante avec des services de base \u00e0 proximit\u00e9 : supermarch\u00e9s, restaurants, \u00e9coles et centres sportifs.<\/li>\n<\/ul>\n\n<p>\u2708\ufe0f Connectivit\u00e9<\/p>\n\n<ul class=\"wp-block-list\">\n<li>\u00c0 seulement 25 minutes (24 km) de l&#8217;a\u00e9roport international de Murcie (RMU) \u207d\u00b9\u207e.<\/li>\n\n\n\n<li>50 minutes (75 km) de l&#8217;a\u00e9roport Alicante-Elche (ALC), id\u00e9al pour les vols internationaux.<\/li>\n<\/ul>\n\n<p>\ud83c\udfd6\ufe0f Proximit\u00e9 des plages<\/p>\n\n<ul class=\"wp-block-list\">\n<li>\u00c0 15 minutes (13 km) des plages de la Mar Menor, telles que Los Alc\u00e1zares et San Pedro del Pinatar, parfaites pour profiter du soleil et des sports nautiques\u207d\u00b2\u207e.<\/li>\n\n\n\n<li>\u00c0 30 minutes des plages m\u00e9diterran\u00e9ennes, telles que La Manga et Calblanque, r\u00e9put\u00e9es pour leur beaut\u00e9 naturelle et leurs eaux cristallines\u207d\u00b3\u207e.<\/li>\n<\/ul>\n\n<p>\ud83d\ude97 Raccourcis<\/p>\n\n<ul class=\"wp-block-list\">\n<li>Liaison routi\u00e8re directe avec Murcia (30 minutes) et Carthag\u00e8ne (25 minutes).<\/li>\n\n\n\n<li>Acc\u00e8s facile aux autoroutes RM-19 et A-30.<\/li>\n<\/ul>\n\n<p>Une maison id\u00e9ale pour ceux qui recherchent le confort, le design moderne et l&#8217;intimit\u00e9, pr\u00eate \u00e0 \u00eatre emm\u00e9nag\u00e9e ! <\/p>\n","protected":false},"excerpt":{"rendered":"<p>D\u00e9couvrez cette \u00e9l\u00e9gante villa d&#8217;angle contemporaine, con\u00e7ue pour offrir confort, fonctionnalit\u00e9 et un style de vie d\u00e9contract\u00e9. Distribu\u00e9 sur un seul \u00e9tage, il dispose : \ud83d\udcb0 Prix : 289.000 \u20ac. Avileses est un charmant hameau de la municipalit\u00e9 de Murcie qui allie la tranquillit\u00e9 d&#8217;un environnement rural \u00e0 d&#8217;excellentes connexions avec les services, les plages [&hellip;]<\/p>\n","protected":false},"author":3,"featured_media":32624,"parent":0,"menu_order":0,"template":"","property_type":[198],"property_status":[44],"property_feature":[43,287,241],"property_label":[],"property_country":[32],"property_state":[39],"property_city":[286],"property_area":[318],"class_list":["post-32727","property","type-property","status-publish","has-post-thumbnail","hentry","property_type-villa-fr","property_status-en-vente","property_feature-piscina-fr","property_feature-solarium-fr","property_feature-terrasse","property_country-spain-fr","property_state-region-de-murcie","property_city-murcie","property_area-aviles"],"property_meta":{"fave_featured":["1"],"houzez_featured_listing_date":["2025-07-15 14:24:47"],"fave_property_images":["32492","32672","32627","32622","32677","32617","32607","32612","32662","32632","32497","32502","32507","32527","32517","32522","32532","32707","32697","32512","32577","32712","32702","32582","32592","32587","32542","32547","32687","32552","32557","32562","32567","32572","32597","32717","32602","32537","32692","32682","32637","32652","32642","32647","32657","32667"],"fave_single_top_area":["global"],"_top_nav_excluded":[""],"_cms_nav_minihome":[""],"houzez_geolocation_lat":["37.8488494"],"houzez_geolocation_long":["-0.9421205"],"_thumbnail_id":["32624"],"_last_translation_edit_mode":["translation-editor"],"houzez_manual_expire":["0"],"_houzez_expiration_date_status":["saved"],"houzez_total_property_views":["116"],"houzez_views_by_date":["a:61:{s:10:\"09-13-2025\";i:1;s:10:\"09-14-2025\";i:1;s:10:\"09-16-2025\";i:1;s:10:\"09-17-2025\";i:1;s:10:\"09-18-2025\";i:1;s:10:\"09-23-2025\";i:1;s:10:\"09-26-2025\";i:1;s:10:\"09-27-2025\";i:1;s:10:\"09-28-2025\";i:2;s:10:\"10-03-2025\";i:1;s:10:\"10-05-2025\";i:1;s:10:\"10-07-2025\";i:1;s:10:\"10-12-2025\";i:1;s:10:\"10-17-2025\";i:1;s:10:\"10-22-2025\";i:1;s:10:\"11-01-2025\";i:1;s:10:\"11-02-2025\";i:3;s:10:\"11-11-2025\";i:1;s:10:\"11-14-2025\";i:1;s:10:\"11-17-2025\";i:1;s:10:\"11-22-2025\";i:1;s:10:\"11-26-2025\";i:1;s:10:\"12-03-2025\";i:1;s:10:\"12-07-2025\";i:1;s:10:\"12-10-2025\";i:1;s:10:\"12-11-2025\";i:1;s:10:\"12-15-2025\";i:1;s:10:\"12-17-2025\";i:1;s:10:\"12-18-2025\";i:1;s:10:\"12-20-2025\";i:1;s:10:\"12-21-2025\";i:1;s:10:\"12-25-2025\";i:1;s:10:\"12-30-2025\";i:1;s:10:\"01-04-2026\";i:1;s:10:\"01-09-2026\";i:1;s:10:\"01-11-2026\";i:4;s:10:\"01-22-2026\";i:1;s:10:\"01-24-2026\";i:1;s:10:\"01-29-2026\";i:1;s:10:\"02-02-2026\";i:1;s:10:\"02-03-2026\";i:3;s:10:\"02-11-2026\";i:1;s:10:\"02-16-2026\";i:1;s:10:\"02-20-2026\";i:2;s:10:\"03-01-2026\";i:1;s:10:\"03-07-2026\";i:1;s:10:\"03-11-2026\";i:2;s:10:\"03-14-2026\";i:1;s:10:\"03-16-2026\";i:1;s:10:\"03-21-2026\";i:1;s:10:\"03-23-2026\";i:1;s:10:\"03-26-2026\";i:1;s:10:\"03-30-2026\";i:2;s:10:\"04-08-2026\";i:2;s:10:\"04-10-2026\";i:1;s:10:\"04-18-2026\";i:1;s:10:\"04-21-2026\";i:1;s:10:\"04-22-2026\";i:1;s:10:\"04-24-2026\";i:2;s:10:\"04-27-2026\";i:1;s:10:\"04-28-2026\";i:3;}"],"houzez_recently_viewed":["2026-04-28 20:55:04"],"_elementor_page_assets":["a:0:{}"],"fave_property_price":["289000"],"fave_property_size":["90"],"fave_property_land":["185"],"fave_property_bedrooms":["3"],"fave_property_bathrooms":["2"],"fave_property_id":["3063MHR"],"fave_property_map":["1"],"fave_property_map_address":["Avileses, Jer\u00f3nimos y Avileses, Jer\u00f3nimos y Avileses y Balsicas de Arriba, Murcia, Campo de Cartagena y Mar Menor, Regi\u00f3n de Murcia, 30591, Spain"],"fave_property_location":["37.8488494,-0.9421205,15"],"fave_property_map_street_view":["cacher"],"fave_property_zip":["30590"],"fave_agent_display_option":["auteur_info"],"fave_prop_homeslider":["non"],"fave_private_note":["RODRIGO MAISONS EN REVENTE \u00c0 AVILESES"]},"_links":{"self":[{"href":"https:\/\/myhomeproperty.es\/fr\/wp-json\/wp\/v2\/properties\/32727","targetHints":{"allow":["GET"]}}],"collection":[{"href":"https:\/\/myhomeproperty.es\/fr\/wp-json\/wp\/v2\/properties"}],"about":[{"href":"https:\/\/myhomeproperty.es\/fr\/wp-json\/wp\/v2\/types\/property"}],"author":[{"embeddable":true,"href":"https:\/\/myhomeproperty.es\/fr\/wp-json\/wp\/v2\/users\/3"}],"version-history":[{"count":2,"href":"https:\/\/myhomeproperty.es\/fr\/wp-json\/wp\/v2\/properties\/32727\/revisions"}],"predecessor-version":[{"id":32735,"href":"https:\/\/myhomeproperty.es\/fr\/wp-json\/wp\/v2\/properties\/32727\/revisions\/32735"}],"wp:featuredmedia":[{"embeddable":true,"href":"https:\/\/myhomeproperty.es\/fr\/wp-json\/wp\/v2\/media\/32624"}],"wp:attachment":[{"href":"https:\/\/myhomeproperty.es\/fr\/wp-json\/wp\/v2\/media?parent=32727"}],"wp:term":[{"taxonomy":"property_type","embeddable":true,"href":"https:\/\/myhomeproperty.es\/fr\/wp-json\/wp\/v2\/property_type?post=32727"},{"taxonomy":"property_status","embeddable":true,"href":"https:\/\/myhomeproperty.es\/fr\/wp-json\/wp\/v2\/property_status?post=32727"},{"taxonomy":"property_feature","embeddable":true,"href":"https:\/\/myhomeproperty.es\/fr\/wp-json\/wp\/v2\/property_feature?post=32727"},{"taxonomy":"property_label","embeddable":true,"href":"https:\/\/myhomeproperty.es\/fr\/wp-json\/wp\/v2\/property_label?post=32727"},{"taxonomy":"property_country","embeddable":true,"href":"https:\/\/myhomeproperty.es\/fr\/wp-json\/wp\/v2\/property_country?post=32727"},{"taxonomy":"property_state","embeddable":true,"href":"https:\/\/myhomeproperty.es\/fr\/wp-json\/wp\/v2\/property_state?post=32727"},{"taxonomy":"property_city","embeddable":true,"href":"https:\/\/myhomeproperty.es\/fr\/wp-json\/wp\/v2\/property_city?post=32727"},{"taxonomy":"property_area","embeddable":true,"href":"https:\/\/myhomeproperty.es\/fr\/wp-json\/wp\/v2\/property_area?post=32727"}],"curies":[{"name":"wp","href":"https:\/\/api.w.org\/{rel}","templated":true}]}}

Villa moderne exclusive à Avileses

<p>Découvrez cette élégante villa d&#8217;angle contemporaine, conçue pour offrir confort, fonctionnalité et un style de vie décontracté. Distribué sur un seul étage, il dispose :</p>

<ul class="wp-block-list">
<li>🛏️ 3 chambres spacieuses, dont une suite parentale avec salle de bain privée et placards.</li>



<li>🚿 2 salles de bains complètes, avec des finitions modernes et des matériaux de haute qualité.</li>



<li>🍽️ Cuisine ouverte, entièrement aménagée et équipée, intégrée à un salon spacieux et lumineux.</li>



<li>🏊‍♂️ Piscine privée de 20 m², idéale pour profiter du soleil et du beau temps.</li>



<li>☀️ Impressionnant solarium de 76 m², idéal pour les réunions, la détente et les bains de soleil.</li>



<li>📐 Terrain de 183 m² avec 90 m² de surface construite, conçu pour maximiser chaque coin.</li>
</ul>

<p>💰 Prix : 289.000 €.</p>

<p>Avileses est un charmant hameau de la municipalité de Murcie qui allie la tranquillité d&#8217;un environnement rural à d&#8217;excellentes connexions avec les services, les plages et les aéroports. Il est idéal à la fois comme résidence permanente et comme investissement de vacances. </p>

<p>📍 Lieu privilégié</p>

<ul class="wp-block-list">
<li>Zone résidentielle calme, avec une atmosphère familiale et une faible densité de population.</li>



<li>Entouré de nature, de terrains de golf et de grands espaces.</li>



<li>Communauté accueillante avec des services de base à proximité : supermarchés, restaurants, écoles et centres sportifs.</li>
</ul>

<p>✈️ Connectivité</p>

<ul class="wp-block-list">
<li>À seulement 25 minutes (24 km) de l&#8217;aéroport international de Murcie (RMU) ⁽¹⁾.</li>



<li>50 minutes (75 km) de l&#8217;aéroport Alicante-Elche (ALC), idéal pour les vols internationaux.</li>
</ul>

<p>🏖️ Proximité des plages</p>

<ul class="wp-block-list">
<li>À 15 minutes (13 km) des plages de la Mar Menor, telles que Los Alcázares et San Pedro del Pinatar, parfaites pour profiter du soleil et des sports nautiques⁽²⁾.</li>



<li>À 30 minutes des plages méditerranéennes, telles que La Manga et Calblanque, réputées pour leur beauté naturelle et leurs eaux cristallines⁽³⁾.</li>
</ul>

<p>🚗 Raccourcis</p>

<ul class="wp-block-list">
<li>Liaison routière directe avec Murcia (30 minutes) et Carthagène (25 minutes).</li>



<li>Accès facile aux autoroutes RM-19 et A-30.</li>
</ul>

<p>Une maison idéale pour ceux qui recherchent le confort, le design moderne et l&#8217;intimité, prête à être emménagée ! </p>

<p>Découvrez cette élégante villa d&#8217;angle contemporaine, conçue pour offrir confort, fonctionnalité et un style de vie décontracté. Distribué sur un seul étage, il dispose : 💰 Prix : 289.000 €. Avileses est un charmant hameau de la municipalité de Murcie qui allie la tranquillité d&#8217;un environnement rural à d&#8217;excellentes connexions avec les services, les plages [&hellip;]</p>

Avileses, Jerónimos y Avileses, Jerónimos y Avileses y Balsicas de Arriba, Murcia, Campo de Cartagena y Mar Menor, Región de Murcia, 30591, Spain

RODRIGO MAISONS EN REVENTE À AVILESES
