{"id":32979,"date":"2025-07-16T16:46:27","date_gmt":"2025-07-16T16:46:27","guid":{"rendered":"https:\/\/myhomeproperty.es\/property\/appartement-de-2-chambres-a-coucher-a-algorfa\/"},"modified":"2025-07-16T16:52:09","modified_gmt":"2025-07-16T16:52:09","slug":"appartement-de-2-chambres-a-coucher-a-algorfa","status":"publish","type":"property","link":"https:\/\/myhomeproperty.es\/fr\/property\/appartement-de-2-chambres-a-coucher-a-algorfa\/","title":{"rendered":"Appartement de 2 chambres \u00e0 coucher \u00e0 Algorfa"},"content":{"rendered":"\n<p>Tr\u00e8s proche des zones sportives et de loisirs, des bars, des restaurants et des magasins du village, vous trouverez ce bel appartement lumineux au premier \u00e9tage, orient\u00e9 sud-sud-ouest et faisant face \u00e0 la piscine communale et aux grandes zones sportives municipales.<br\/><\/p>\n\n<p>L&#8217;urbanisation b\u00e9n\u00e9ficie d&#8217;espaces paysagers et d&#8217;une piscine commune \u00e0 l&#8217;avant et de garages en sous-sol. La propri\u00e9t\u00e9 elle-m\u00eame entre par un escalier d&#8217;acc\u00e8s commun, qui donne directement sur la terrasse priv\u00e9e et les espaces communs, avec du soleil pratiquement toute la journ\u00e9e, ce qui la rend tr\u00e8s confortable en hiver car elle b\u00e9n\u00e9ficie d&#8217;un rayonnement solaire direct, ainsi qu&#8217;en \u00e9t\u00e9, o\u00f9 elle re\u00e7oit la brise, car il n&#8217;y a pas de b\u00e2timents devant elle et elle est tr\u00e8s ouverte. Depuis cette grande terrasse, vous b\u00e9n\u00e9ficiez d&#8217;une vue imprenable. <br\/><\/p>\n\n<p>Comme indiqu\u00e9 ci-dessus, l&#8217;entr\u00e9e se fait par l&#8217;escalier commun et l&#8217;on acc\u00e8de par un petit couloir au salon\/salle \u00e0 manger ouvert avec diff\u00e9rents espaces et \u00e0 la cuisine ouverte, carrel\u00e9e du sol au plafond et facile \u00e0 nettoyer, qui dispose de tous ses \u00e9l\u00e9ments de cuisine et appareils \u00e9lectrom\u00e9nagers, ainsi que d&#8217;un patio-buanderie vitr\u00e9 pour emp\u00eacher la poussi\u00e8re et la salet\u00e9 de p\u00e9n\u00e9trer dans l&#8217;aire de lavage.<br\/><\/p>\n\n<p>La propri\u00e9t\u00e9 dispose de deux grandes chambres avec placards et fen\u00eatres donnant sur l&#8217;ext\u00e9rieur, ainsi que d&#8217;une salle de bains compl\u00e8te avec douche.<br\/><\/p>\n\n<p>Il est en tr\u00e8s bon \u00e9tat, enti\u00e8rement meubl\u00e9 et pr\u00eat \u00e0 \u00eatre emm\u00e9nag\u00e9 et dispose d&#8217;une place de parking dans le garage commun avec porte automatique sous le b\u00e2timent pour votre v\u00e9hicule et d&#8217;une pi\u00e8ce de stockage s\u00e9par\u00e9e avec sa propre porte o\u00f9 vous pouvez laisser des valises, des v\u00e9los et tout ce que vous ne savez jamais o\u00f9 laisser dans la maison.<br\/><\/p>\n\n<p>Qu&#8217;il s&#8217;agisse d&#8217;y vivre toute l&#8217;ann\u00e9e, d&#8217;y passer des vacances occasionnelles ou d&#8217;en tirer un revenu locatif, il vaut la peine de le visiter pour en d\u00e9couvrir le potentiel.<\/p>\n","protected":false},"excerpt":{"rendered":"<p>Tr\u00e8s proche des zones sportives et de loisirs, des bars, des restaurants et des magasins du village, vous trouverez ce bel appartement lumineux au premier \u00e9tage, orient\u00e9 sud-sud-ouest et faisant face \u00e0 la piscine communale et aux grandes zones sportives municipales. L&#8217;urbanisation b\u00e9n\u00e9ficie d&#8217;espaces paysagers et d&#8217;une piscine commune \u00e0 l&#8217;avant et de garages en [&hellip;]<\/p>\n","protected":false},"author":3,"featured_media":32920,"parent":0,"menu_order":0,"template":"","property_type":[183],"property_status":[44],"property_feature":[43,241],"property_label":[],"property_country":[],"property_state":[52],"property_city":[321],"property_area":[],"class_list":["post-32979","property","type-property","status-publish","has-post-thumbnail","hentry","property_type-appartement","property_status-en-vente","property_feature-piscina-fr","property_feature-terrasse","property_state-alicante-fr","property_city-algorfa-fr"],"property_meta":{"fave_featured":["0"],"houzez_featured_listing_date":[""],"fave_property_images":["32918","32888","32743","32753","32803","32758","32768","32813","32818","32823","32748","32763","32808","32773","32778","32783","32788","32793","32798","32848","32828","32833","32838","32843","32868","32883","32873","32878","32853","32858","32863","32913","32923","32938","32948","32963","32968","32953","32738"],"fave_single_top_area":["global"],"_top_nav_excluded":[""],"_cms_nav_minihome":[""],"houzez_geolocation_lat":["38.0862119"],"houzez_geolocation_long":["-0.796152"],"_thumbnail_id":["32920"],"_last_translation_edit_mode":["translation-editor"],"fave_property_price":["119900"],"fave_property_size":["70"],"fave_property_bedrooms":["2"],"fave_property_bathrooms":["1"],"fave_property_id":["3064MHJ"],"fave_property_map":["1"],"fave_property_map_address":["Algorfa, el Baix Segura \/ La Vega Baja, Alacant \/ Alicante, Comunitat Valenciana, Espagne"],"fave_property_location":["38.0862119,-0.796152,15"],"fave_property_map_street_view":["cacher"],"fave_agent_display_option":["auteur_info"],"fave_prop_homeslider":["non"],"houzez_manual_expire":["0"],"_houzez_expiration_date_status":["saved"],"houzez_total_property_views":["82"],"houzez_views_by_date":["a:61:{s:10:\"08-17-2025\";i:1;s:10:\"08-18-2025\";i:1;s:10:\"08-19-2025\";i:1;s:10:\"08-25-2025\";i:1;s:10:\"08-29-2025\";i:1;s:10:\"08-30-2025\";i:1;s:10:\"08-31-2025\";i:1;s:10:\"09-05-2025\";i:1;s:10:\"09-06-2025\";i:3;s:10:\"09-11-2025\";i:1;s:10:\"09-16-2025\";i:2;s:10:\"09-17-2025\";i:1;s:10:\"09-20-2025\";i:1;s:10:\"09-25-2025\";i:1;s:10:\"09-30-2025\";i:1;s:10:\"10-03-2025\";i:1;s:10:\"10-05-2025\";i:1;s:10:\"10-06-2025\";i:1;s:10:\"10-10-2025\";i:1;s:10:\"10-15-2025\";i:1;s:10:\"10-20-2025\";i:1;s:10:\"10-30-2025\";i:1;s:10:\"11-13-2025\";i:1;s:10:\"11-17-2025\";i:1;s:10:\"11-18-2025\";i:1;s:10:\"11-20-2025\";i:1;s:10:\"11-27-2025\";i:1;s:10:\"12-03-2025\";i:1;s:10:\"12-10-2025\";i:1;s:10:\"12-13-2025\";i:1;s:10:\"12-16-2025\";i:1;s:10:\"12-20-2025\";i:1;s:10:\"12-25-2025\";i:1;s:10:\"12-27-2025\";i:1;s:10:\"01-01-2026\";i:1;s:10:\"01-04-2026\";i:1;s:10:\"01-09-2026\";i:1;s:10:\"01-11-2026\";i:2;s:10:\"01-19-2026\";i:2;s:10:\"01-29-2026\";i:1;s:10:\"01-31-2026\";i:1;s:10:\"02-02-2026\";i:1;s:10:\"02-07-2026\";i:1;s:10:\"02-18-2026\";i:1;s:10:\"02-20-2026\";i:1;s:10:\"02-24-2026\";i:1;s:10:\"03-03-2026\";i:1;s:10:\"03-11-2026\";i:2;s:10:\"03-15-2026\";i:1;s:10:\"03-16-2026\";i:1;s:10:\"03-18-2026\";i:1;s:10:\"03-21-2026\";i:1;s:10:\"03-22-2026\";i:1;s:10:\"03-26-2026\";i:2;s:10:\"03-30-2026\";i:1;s:10:\"04-05-2026\";i:2;s:10:\"04-11-2026\";i:2;s:10:\"04-15-2026\";i:1;s:10:\"04-20-2026\";i:1;s:10:\"04-24-2026\";i:1;s:10:\"04-28-2026\";i:2;}"],"houzez_recently_viewed":["2026-04-28 19:54:26"],"_elementor_page_assets":["a:0:{}"]},"_links":{"self":[{"href":"https:\/\/myhomeproperty.es\/fr\/wp-json\/wp\/v2\/properties\/32979","targetHints":{"allow":["GET"]}}],"collection":[{"href":"https:\/\/myhomeproperty.es\/fr\/wp-json\/wp\/v2\/properties"}],"about":[{"href":"https:\/\/myhomeproperty.es\/fr\/wp-json\/wp\/v2\/types\/property"}],"author":[{"embeddable":true,"href":"https:\/\/myhomeproperty.es\/fr\/wp-json\/wp\/v2\/users\/3"}],"version-history":[{"count":2,"href":"https:\/\/myhomeproperty.es\/fr\/wp-json\/wp\/v2\/properties\/32979\/revisions"}],"predecessor-version":[{"id":32990,"href":"https:\/\/myhomeproperty.es\/fr\/wp-json\/wp\/v2\/properties\/32979\/revisions\/32990"}],"wp:featuredmedia":[{"embeddable":true,"href":"https:\/\/myhomeproperty.es\/fr\/wp-json\/wp\/v2\/media\/32920"}],"wp:attachment":[{"href":"https:\/\/myhomeproperty.es\/fr\/wp-json\/wp\/v2\/media?parent=32979"}],"wp:term":[{"taxonomy":"property_type","embeddable":true,"href":"https:\/\/myhomeproperty.es\/fr\/wp-json\/wp\/v2\/property_type?post=32979"},{"taxonomy":"property_status","embeddable":true,"href":"https:\/\/myhomeproperty.es\/fr\/wp-json\/wp\/v2\/property_status?post=32979"},{"taxonomy":"property_feature","embeddable":true,"href":"https:\/\/myhomeproperty.es\/fr\/wp-json\/wp\/v2\/property_feature?post=32979"},{"taxonomy":"property_label","embeddable":true,"href":"https:\/\/myhomeproperty.es\/fr\/wp-json\/wp\/v2\/property_label?post=32979"},{"taxonomy":"property_country","embeddable":true,"href":"https:\/\/myhomeproperty.es\/fr\/wp-json\/wp\/v2\/property_country?post=32979"},{"taxonomy":"property_state","embeddable":true,"href":"https:\/\/myhomeproperty.es\/fr\/wp-json\/wp\/v2\/property_state?post=32979"},{"taxonomy":"property_city","embeddable":true,"href":"https:\/\/myhomeproperty.es\/fr\/wp-json\/wp\/v2\/property_city?post=32979"},{"taxonomy":"property_area","embeddable":true,"href":"https:\/\/myhomeproperty.es\/fr\/wp-json\/wp\/v2\/property_area?post=32979"}],"curies":[{"name":"wp","href":"https:\/\/api.w.org\/{rel}","templated":true}]}}

Appartement de 2 chambres à coucher à Algorfa

<p>Très proche des zones sportives et de loisirs, des bars, des restaurants et des magasins du village, vous trouverez ce bel appartement lumineux au premier étage, orienté sud-sud-ouest et faisant face à la piscine communale et aux grandes zones sportives municipales.<br/></p>

<p>L&#8217;urbanisation bénéficie d&#8217;espaces paysagers et d&#8217;une piscine commune à l&#8217;avant et de garages en sous-sol. La propriété elle-même entre par un escalier d&#8217;accès commun, qui donne directement sur la terrasse privée et les espaces communs, avec du soleil pratiquement toute la journée, ce qui la rend très confortable en hiver car elle bénéficie d&#8217;un rayonnement solaire direct, ainsi qu&#8217;en été, où elle reçoit la brise, car il n&#8217;y a pas de bâtiments devant elle et elle est très ouverte. Depuis cette grande terrasse, vous bénéficiez d&#8217;une vue imprenable. <br/></p>

<p>Comme indiqué ci-dessus, l&#8217;entrée se fait par l&#8217;escalier commun et l&#8217;on accède par un petit couloir au salon/salle à manger ouvert avec différents espaces et à la cuisine ouverte, carrelée du sol au plafond et facile à nettoyer, qui dispose de tous ses éléments de cuisine et appareils électroménagers, ainsi que d&#8217;un patio-buanderie vitré pour empêcher la poussière et la saleté de pénétrer dans l&#8217;aire de lavage.<br/></p>

<p>La propriété dispose de deux grandes chambres avec placards et fenêtres donnant sur l&#8217;extérieur, ainsi que d&#8217;une salle de bains complète avec douche.<br/></p>

<p>Il est en très bon état, entièrement meublé et prêt à être emménagé et dispose d&#8217;une place de parking dans le garage commun avec porte automatique sous le bâtiment pour votre véhicule et d&#8217;une pièce de stockage séparée avec sa propre porte où vous pouvez laisser des valises, des vélos et tout ce que vous ne savez jamais où laisser dans la maison.<br/></p>

<p>Qu&#8217;il s&#8217;agisse d&#8217;y vivre toute l&#8217;année, d&#8217;y passer des vacances occasionnelles ou d&#8217;en tirer un revenu locatif, il vaut la peine de le visiter pour en découvrir le potentiel.</p>

<p>Très proche des zones sportives et de loisirs, des bars, des restaurants et des magasins du village, vous trouverez ce bel appartement lumineux au premier étage, orienté sud-sud-ouest et faisant face à la piscine communale et aux grandes zones sportives municipales. L&#8217;urbanisation bénéficie d&#8217;espaces paysagers et d&#8217;une piscine commune à l&#8217;avant et de garages en [&hellip;]</p>
