{"id":33344,"date":"2025-10-01T10:48:01","date_gmt":"2025-10-01T10:48:01","guid":{"rendered":"https:\/\/myhomeproperty.es\/property\/villa-dans-balsicas\/"},"modified":"2025-12-04T11:59:39","modified_gmt":"2025-12-04T11:59:39","slug":"villa-dans-balsicas","status":"publish","type":"property","link":"https:\/\/myhomeproperty.es\/fr\/property\/villa-dans-balsicas\/","title":{"rendered":"Villa dans Balsicas"},"content":{"rendered":"\n<p>Nous vous pr\u00e9sentons cette villa de plain-pied avec terrasse, piscine priv\u00e9e et solarium avec cuisine d&#8217;\u00e9t\u00e9 pour profiter du soleil toute l&#8217;ann\u00e9e.<\/p>\n\n<p>La propri\u00e9t\u00e9 comprend trois chambres et deux salles de bains, ainsi qu&#8217;un parking. Elle pr\u00e9sente un design moderne et ouvert et comprend une cuisine enti\u00e8rement \u00e9quip\u00e9e et un salon-salle \u00e0 manger. <\/p>\n\n<p>Situ\u00e9 \u00e0 Balsicas (Murcie), \u00e0 proximit\u00e9 d&#8217;espaces verts, de services, de parcs et d&#8217;installations sportives, ainsi que de la plage et de plusieurs terrains de golf.<\/p>\n\n<p>Cuisine enti\u00e8rement \u00e9quip\u00e9e avec four, r\u00e9frig\u00e9rateur int\u00e9gr\u00e9, lave-vaisselle, plaque de cuisson et hotte aspirante. Ilot de cuisine comme espace de travail, \u00e9clairage : int\u00e9rieur (salle \u00e0 manger, cuisine, couloirs et salles de bains) et ext\u00e9rieur, armoires doubl\u00e9es avec tiroirs, salles de bains compl\u00e8tes avec toilettes, lavabo, miroir et douche avec \u00e9cran, pr\u00e9-installation pour l&#8217;air conditionn\u00e9. <\/p>\n\n<p>Le solarium dispose d&#8217;une cuisine d&#8217;\u00e9t\u00e9, d&#8217;une pr\u00e9-installation d&#8217;appareils \u00e9lectriques et de portes coulissantes.<\/p>\n\n<p>Nous serons heureux de vous fournir de plus amples informations et d&#8217;organiser une visite.<\/p>\n\n<p><\/p>\n","protected":false},"excerpt":{"rendered":"<p>Nous vous pr\u00e9sentons cette villa de plain-pied avec terrasse, piscine priv\u00e9e et solarium avec cuisine d&#8217;\u00e9t\u00e9 pour profiter du soleil toute l&#8217;ann\u00e9e. La propri\u00e9t\u00e9 comprend trois chambres et deux salles de bains, ainsi qu&#8217;un parking. Elle pr\u00e9sente un design moderne et ouvert et comprend une cuisine enti\u00e8rement \u00e9quip\u00e9e et un salon-salle \u00e0 manger. Situ\u00e9 \u00e0 [&hellip;]<\/p>\n","protected":false},"author":3,"featured_media":33309,"parent":0,"menu_order":0,"template":"","property_type":[198],"property_status":[44],"property_feature":[218,43,287,241],"property_label":[],"property_country":[32],"property_state":[39],"property_city":[333],"property_area":[],"class_list":["post-33344","property","type-property","status-publish","has-post-thumbnail","hentry","property_type-villa-fr","property_status-en-vente","property_feature-jardin-fr","property_feature-piscina-fr","property_feature-solarium-fr","property_feature-terrasse","property_country-spain-fr","property_state-region-de-murcie","property_city-balsicas-fr"],"property_meta":{"fave_featured":["1"],"houzez_featured_listing_date":["2025-10-01 10:48:23"],"fave_property_images":["33312","33307","33302","33332","33327","33322","33317","33247","33242","33297","33257","33272","33262","33267","33292","33287","33282","33277","33252","33237","33232"],"fave_single_top_area":["global"],"_top_nav_excluded":[""],"_cms_nav_minihome":[""],"houzez_geolocation_lat":["37.816768110822"],"houzez_geolocation_long":["-0.95443778412385"],"_last_translation_edit_mode":["translation-editor"],"_thumbnail_id":["33309"],"houzez_total_property_views":["66"],"houzez_views_by_date":["a:49:{s:10:\"10-01-2025\";i:7;s:10:\"10-02-2025\";i:1;s:10:\"10-04-2025\";i:2;s:10:\"10-06-2025\";i:1;s:10:\"10-08-2025\";i:1;s:10:\"10-10-2025\";i:1;s:10:\"10-12-2025\";i:1;s:10:\"10-13-2025\";i:1;s:10:\"10-14-2025\";i:2;s:10:\"10-22-2025\";i:1;s:10:\"10-24-2025\";i:1;s:10:\"10-30-2025\";i:1;s:10:\"11-09-2025\";i:1;s:10:\"11-17-2025\";i:1;s:10:\"11-22-2025\";i:1;s:10:\"11-28-2025\";i:1;s:10:\"12-02-2025\";i:1;s:10:\"12-04-2025\";i:1;s:10:\"12-09-2025\";i:1;s:10:\"12-12-2025\";i:1;s:10:\"12-14-2025\";i:1;s:10:\"12-27-2025\";i:1;s:10:\"01-01-2026\";i:2;s:10:\"01-06-2026\";i:2;s:10:\"01-07-2026\";i:1;s:10:\"01-11-2026\";i:2;s:10:\"01-19-2026\";i:1;s:10:\"01-24-2026\";i:1;s:10:\"01-28-2026\";i:1;s:10:\"02-02-2026\";i:1;s:10:\"02-06-2026\";i:1;s:10:\"02-20-2026\";i:1;s:10:\"02-24-2026\";i:1;s:10:\"03-11-2026\";i:2;s:10:\"03-12-2026\";i:1;s:10:\"03-16-2026\";i:1;s:10:\"03-18-2026\";i:1;s:10:\"03-22-2026\";i:2;s:10:\"03-25-2026\";i:1;s:10:\"03-27-2026\";i:1;s:10:\"03-31-2026\";i:1;s:10:\"04-03-2026\";i:1;s:10:\"04-05-2026\";i:1;s:10:\"04-06-2026\";i:1;s:10:\"04-11-2026\";i:1;s:10:\"04-15-2026\";i:2;s:10:\"04-20-2026\";i:3;s:10:\"04-24-2026\";i:1;s:10:\"04-28-2026\";i:2;}"],"houzez_recently_viewed":["2026-04-28 20:55:05"],"houzez_manual_expire":["0"],"_houzez_expiration_date_status":["saved"],"_elementor_page_assets":["a:0:{}"],"fave_property_price":["325000"],"fave_property_size":["96"],"fave_property_land":["223"],"fave_property_bedrooms":["3"],"fave_property_bathrooms":["2"],"fave_property_id":["3065MHP"],"fave_property_map":["1"],"fave_property_map_address":["Balsicas, Torre Pacheco, Campo de Cartagena y Mar Menor, R\u00e9gion de Murcie, 30591, Espagne"],"fave_property_location":["37.816768110822,-0.95443778412385,15"],"fave_property_map_street_view":["cacher"],"fave_property_zip":["30590"],"fave_video_url":["https:\/\/youtu.be\/z0L_oBF6rrQ"],"fave_agent_display_option":["auteur_info"],"fave_prop_homeslider":["non"],"fave_private_note":["BREATHE III Paco Albaladejo \u00e0 Balsicas"]},"_links":{"self":[{"href":"https:\/\/myhomeproperty.es\/fr\/wp-json\/wp\/v2\/properties\/33344","targetHints":{"allow":["GET"]}}],"collection":[{"href":"https:\/\/myhomeproperty.es\/fr\/wp-json\/wp\/v2\/properties"}],"about":[{"href":"https:\/\/myhomeproperty.es\/fr\/wp-json\/wp\/v2\/types\/property"}],"author":[{"embeddable":true,"href":"https:\/\/myhomeproperty.es\/fr\/wp-json\/wp\/v2\/users\/3"}],"version-history":[{"count":2,"href":"https:\/\/myhomeproperty.es\/fr\/wp-json\/wp\/v2\/properties\/33344\/revisions"}],"predecessor-version":[{"id":33348,"href":"https:\/\/myhomeproperty.es\/fr\/wp-json\/wp\/v2\/properties\/33344\/revisions\/33348"}],"wp:featuredmedia":[{"embeddable":true,"href":"https:\/\/myhomeproperty.es\/fr\/wp-json\/wp\/v2\/media\/33309"}],"wp:attachment":[{"href":"https:\/\/myhomeproperty.es\/fr\/wp-json\/wp\/v2\/media?parent=33344"}],"wp:term":[{"taxonomy":"property_type","embeddable":true,"href":"https:\/\/myhomeproperty.es\/fr\/wp-json\/wp\/v2\/property_type?post=33344"},{"taxonomy":"property_status","embeddable":true,"href":"https:\/\/myhomeproperty.es\/fr\/wp-json\/wp\/v2\/property_status?post=33344"},{"taxonomy":"property_feature","embeddable":true,"href":"https:\/\/myhomeproperty.es\/fr\/wp-json\/wp\/v2\/property_feature?post=33344"},{"taxonomy":"property_label","embeddable":true,"href":"https:\/\/myhomeproperty.es\/fr\/wp-json\/wp\/v2\/property_label?post=33344"},{"taxonomy":"property_country","embeddable":true,"href":"https:\/\/myhomeproperty.es\/fr\/wp-json\/wp\/v2\/property_country?post=33344"},{"taxonomy":"property_state","embeddable":true,"href":"https:\/\/myhomeproperty.es\/fr\/wp-json\/wp\/v2\/property_state?post=33344"},{"taxonomy":"property_city","embeddable":true,"href":"https:\/\/myhomeproperty.es\/fr\/wp-json\/wp\/v2\/property_city?post=33344"},{"taxonomy":"property_area","embeddable":true,"href":"https:\/\/myhomeproperty.es\/fr\/wp-json\/wp\/v2\/property_area?post=33344"}],"curies":[{"name":"wp","href":"https:\/\/api.w.org\/{rel}","templated":true}]}}

<p>Nous vous présentons cette villa de plain-pied avec terrasse, piscine privée et solarium avec cuisine d&#8217;été pour profiter du soleil toute l&#8217;année.</p>

<p>La propriété comprend trois chambres et deux salles de bains, ainsi qu&#8217;un parking. Elle présente un design moderne et ouvert et comprend une cuisine entièrement équipée et un salon-salle à manger. </p>

<p>Situé à Balsicas (Murcie), à proximité d&#8217;espaces verts, de services, de parcs et d&#8217;installations sportives, ainsi que de la plage et de plusieurs terrains de golf.</p>

<p>Cuisine entièrement équipée avec four, réfrigérateur intégré, lave-vaisselle, plaque de cuisson et hotte aspirante. Ilot de cuisine comme espace de travail, éclairage : intérieur (salle à manger, cuisine, couloirs et salles de bains) et extérieur, armoires doublées avec tiroirs, salles de bains complètes avec toilettes, lavabo, miroir et douche avec écran, pré-installation pour l&#8217;air conditionné. </p>

<p>Le solarium dispose d&#8217;une cuisine d&#8217;été, d&#8217;une pré-installation d&#8217;appareils électriques et de portes coulissantes.</p>

<p>Nous serons heureux de vous fournir de plus amples informations et d&#8217;organiser une visite.</p>

<p></p>

<p>Nous vous présentons cette villa de plain-pied avec terrasse, piscine privée et solarium avec cuisine d&#8217;été pour profiter du soleil toute l&#8217;année. La propriété comprend trois chambres et deux salles de bains, ainsi qu&#8217;un parking. Elle présente un design moderne et ouvert et comprend une cuisine entièrement équipée et un salon-salle à manger. Situé à [&hellip;]</p>

Balsicas, Torre Pacheco, Campo de Cartagena y Mar Menor, Région de Murcie, 30591, Espagne

BREATHE III Paco Albaladejo à Balsicas
