{"id":3382,"date":"2024-07-29T09:03:26","date_gmt":"2024-07-29T09:03:26","guid":{"rendered":"https:\/\/myhomeproperty.es\/property\/bungalows-de-2-chambres-a-pilar-de-la-horadada\/"},"modified":"2024-09-27T13:51:48","modified_gmt":"2024-09-27T13:51:48","slug":"bungalows-de-2-chambres-a-pilar-de-la-horadada","status":"publish","type":"property","link":"https:\/\/myhomeproperty.es\/fr\/property\/bungalows-de-2-chambres-a-pilar-de-la-horadada\/","title":{"rendered":"BUNGALOWS DE 2 CHAMBRES \u00c0 PILAR DE LA HORADADA"},"content":{"rendered":"\n<p>Nous vous pr\u00e9sentons cette nouvelle r\u00e9sidence d&#8217;appartements \u00e0 Pilar de la Horadada.<br\/>Les propri\u00e9t\u00e9s disposent de 2 chambres et de 2 salles de bains, d&#8217;un salon-salle \u00e0 manger avec cuisine, d&#8217;une terrasse ou d&#8217;un solarium.<br\/>Situ\u00e9 dans un bon quartier, \u00e0 distance de marche de toutes les commodit\u00e9s, \u00e0 seulement 2 km des plages de Torre de la Horadada et Mil Palmeras et avec un bon acc\u00e8s \u00e0 l&#8217;autoroute.<br\/>La r\u00e9sidence comprendra 3 blocs au total, 2 d&#8217;entre eux avec 2 \u00e9tages et le troisi\u00e8me avec 3 \u00e9tages.<br\/>Les appartements des rez-de-chauss\u00e9e des blocs 1 et 2 disposent d&#8217;un jardin et d&#8217;une terrasse priv\u00e9s et les \u00e9tages sup\u00e9rieurs d&#8217;un solarium priv\u00e9 avec auvent et cuisine d&#8217;\u00e9t\u00e9.<br\/>Dans le 3e bloc, les rez-de-chauss\u00e9e disposent d&#8217;un jardin priv\u00e9, les premiers \u00e9tages d&#8217;une grande terrasse et les penthouses d&#8217;une grande terrasse ainsi que d&#8217;un solarium priv\u00e9 avec auvent et cuisine d&#8217;\u00e9t\u00e9, d&#8217;un jacuzzi priv\u00e9 et d&#8217;un gazon artificiel.<br\/>Avec des espaces communs am\u00e9nag\u00e9s, une grande piscine et une aire de jeux pour les enfants.\nTous les appartements disposent d&#8217;un parking souterrain et d&#8217;une salle de stockage. <\/p>\n\n<p>Lieux d&#8217;int\u00e9r\u00eat :<\/p>\n\n<ul class=\"wp-block-list\">\n<li>Plages 2 km<\/li>\n\n\n\n<li>Centre ville : 1,5 km<\/li>\n\n\n\n<li>Centre commercial DOS MARES 10 minutes<\/li>\n\n\n\n<li>Centre commercial LA ZENIA BOULEVARD : 15 minutes<\/li>\n\n\n\n<li>A\u00e9roport Covera Murcia : 30 minutes<\/li>\n\n\n\n<li>A\u00e9roport d&#8217;Alicante : 50 minutes<\/li>\n<\/ul>\n","protected":false},"excerpt":{"rendered":"<p>Nous vous pr\u00e9sentons cette nouvelle r\u00e9sidence d&#8217;appartements \u00e0 Pilar de la Horadada.Les propri\u00e9t\u00e9s disposent de 2 chambres et de 2 salles de bains, d&#8217;un salon-salle \u00e0 manger avec cuisine, d&#8217;une terrasse ou d&#8217;un solarium.Situ\u00e9 dans un bon quartier, \u00e0 distance de marche de toutes les commodit\u00e9s, \u00e0 seulement 2 km des plages de Torre de [&hellip;]<\/p>\n","protected":false},"author":3,"featured_media":3225,"parent":0,"menu_order":0,"template":"","property_type":[],"property_status":[140],"property_feature":[43],"property_label":[],"property_country":[32],"property_state":[52],"property_city":[61],"property_area":[],"class_list":["post-3382","property","type-property","status-publish","has-post-thumbnail","hentry","property_status-vendu","property_feature-piscina-fr","property_country-spain-fr","property_state-alicante-fr","property_city-pilar-de-la-horadada-fr"],"property_meta":{"fave_featured":["1"],"houzez_featured_listing_date":["2024-07-29 09:03:31"],"fave_property_images":["3235","3247","3199","3193","3205","3211","3163","3217","3229","3241","3223","3169","3259","3253","3175","3187","3181","3325","3319","3313","3337","3265","3331","3271","3283","3277","3289","3295","3301","3307","3373","3367","3361"],"fave_single_top_area":["global"],"_top_nav_excluded":[""],"_cms_nav_minihome":[""],"houzez_geolocation_lat":["37.8675489"],"houzez_geolocation_long":["-0.7925673"],"_last_translation_edit_mode":["translation-editor"],"_thumbnail_id":["3225"],"houzez_manual_expire":["0"],"_houzez_expiration_date_status":["saved"],"houzez_total_property_views":["135"],"houzez_views_by_date":["a:61:{s:10:\"05-29-2025\";i:1;s:10:\"06-04-2025\";i:1;s:10:\"06-09-2025\";i:1;s:10:\"06-12-2025\";i:1;s:10:\"07-03-2025\";i:1;s:10:\"07-12-2025\";i:1;s:10:\"07-14-2025\";i:1;s:10:\"07-21-2025\";i:1;s:10:\"07-28-2025\";i:1;s:10:\"08-03-2025\";i:1;s:10:\"08-18-2025\";i:1;s:10:\"08-23-2025\";i:1;s:10:\"08-30-2025\";i:3;s:10:\"09-06-2025\";i:1;s:10:\"09-07-2025\";i:1;s:10:\"09-11-2025\";i:1;s:10:\"09-17-2025\";i:1;s:10:\"09-22-2025\";i:1;s:10:\"09-27-2025\";i:2;s:10:\"09-28-2025\";i:1;s:10:\"10-03-2025\";i:1;s:10:\"10-05-2025\";i:1;s:10:\"10-09-2025\";i:2;s:10:\"10-16-2025\";i:1;s:10:\"10-22-2025\";i:1;s:10:\"11-20-2025\";i:1;s:10:\"12-08-2025\";i:1;s:10:\"12-14-2025\";i:1;s:10:\"12-16-2025\";i:1;s:10:\"12-24-2025\";i:1;s:10:\"12-27-2025\";i:1;s:10:\"01-02-2026\";i:1;s:10:\"01-08-2026\";i:1;s:10:\"01-12-2026\";i:2;s:10:\"01-25-2026\";i:1;s:10:\"01-27-2026\";i:1;s:10:\"01-30-2026\";i:1;s:10:\"02-01-2026\";i:1;s:10:\"02-04-2026\";i:1;s:10:\"02-18-2026\";i:1;s:10:\"02-23-2026\";i:1;s:10:\"02-28-2026\";i:1;s:10:\"03-06-2026\";i:1;s:10:\"03-07-2026\";i:1;s:10:\"03-11-2026\";i:2;s:10:\"03-12-2026\";i:1;s:10:\"03-14-2026\";i:1;s:10:\"03-15-2026\";i:2;s:10:\"03-19-2026\";i:1;s:10:\"03-20-2026\";i:1;s:10:\"03-25-2026\";i:2;s:10:\"03-26-2026\";i:1;s:10:\"03-30-2026\";i:1;s:10:\"04-06-2026\";i:1;s:10:\"04-09-2026\";i:1;s:10:\"04-11-2026\";i:1;s:10:\"04-16-2026\";i:2;s:10:\"04-21-2026\";i:1;s:10:\"04-22-2026\";i:1;s:10:\"04-27-2026\";i:1;s:10:\"04-28-2026\";i:2;}"],"houzez_recently_viewed":["2026-04-28 23:00:56"],"fave_property_price":["249000"],"fave_property_price_prefix":["De"],"fave_property_size":["60"],"fave_property_land":["100"],"fave_property_bedrooms":["2"],"fave_property_bathrooms":["2"],"fave_property_id":["3014MHL"],"fave_property_map":["1"],"fave_property_map_address":["Pilar de la Horadada, el Baix Segura \/ La Vega Baja del Segura, Alacant \/ Alicante, Comunitat Valenciana, Espagne"],"fave_property_location":["37.8675489,-0.7925673,15"],"fave_property_map_street_view":["cacher"],"fave_property_zip":["03190"],"fave_video_url":["https:\/\/youtu.be\/UDaEIKri3Tg"],"fave_agent_display_option":["auteur_info"],"fave_prop_homeslider":["oui"],"fave_private_note":["LAMAR VII KEAY READY PACO ALBALADEJO - PILAR DE LA HORADADA FAIRGROUNDS AREA"],"floor_plans":["a:3:{i:0;a:2:{s:15:\"fave_plan_title\";s:17:\"BLOC 1 LOGEMENT 5\";s:15:\"fave_plan_image\";s:60:\"https:\/\/myhomeproperty.es\/wp-content\/uploads\/2024\/07\/5-3.jpg\";}i:1;a:2:{s:15:\"fave_plan_title\";s:16:\"BLOC 1 VVIENDA 7\";s:15:\"fave_plan_image\";s:60:\"https:\/\/myhomeproperty.es\/wp-content\/uploads\/2024\/07\/7-3.jpg\";}i:2;a:2:{s:15:\"fave_plan_title\";s:17:\"BLOC 1 LOGEMENT 8\";s:15:\"fave_plan_image\";s:60:\"https:\/\/myhomeproperty.es\/wp-content\/uploads\/2024\/07\/8-3.jpg\";}}"],"_elementor_page_assets":["a:0:{}"]},"_links":{"self":[{"href":"https:\/\/myhomeproperty.es\/fr\/wp-json\/wp\/v2\/properties\/3382","targetHints":{"allow":["GET"]}}],"collection":[{"href":"https:\/\/myhomeproperty.es\/fr\/wp-json\/wp\/v2\/properties"}],"about":[{"href":"https:\/\/myhomeproperty.es\/fr\/wp-json\/wp\/v2\/types\/property"}],"author":[{"embeddable":true,"href":"https:\/\/myhomeproperty.es\/fr\/wp-json\/wp\/v2\/users\/3"}],"version-history":[{"count":2,"href":"https:\/\/myhomeproperty.es\/fr\/wp-json\/wp\/v2\/properties\/3382\/revisions"}],"predecessor-version":[{"id":5263,"href":"https:\/\/myhomeproperty.es\/fr\/wp-json\/wp\/v2\/properties\/3382\/revisions\/5263"}],"wp:featuredmedia":[{"embeddable":true,"href":"https:\/\/myhomeproperty.es\/fr\/wp-json\/wp\/v2\/media\/3225"}],"wp:attachment":[{"href":"https:\/\/myhomeproperty.es\/fr\/wp-json\/wp\/v2\/media?parent=3382"}],"wp:term":[{"taxonomy":"property_type","embeddable":true,"href":"https:\/\/myhomeproperty.es\/fr\/wp-json\/wp\/v2\/property_type?post=3382"},{"taxonomy":"property_status","embeddable":true,"href":"https:\/\/myhomeproperty.es\/fr\/wp-json\/wp\/v2\/property_status?post=3382"},{"taxonomy":"property_feature","embeddable":true,"href":"https:\/\/myhomeproperty.es\/fr\/wp-json\/wp\/v2\/property_feature?post=3382"},{"taxonomy":"property_label","embeddable":true,"href":"https:\/\/myhomeproperty.es\/fr\/wp-json\/wp\/v2\/property_label?post=3382"},{"taxonomy":"property_country","embeddable":true,"href":"https:\/\/myhomeproperty.es\/fr\/wp-json\/wp\/v2\/property_country?post=3382"},{"taxonomy":"property_state","embeddable":true,"href":"https:\/\/myhomeproperty.es\/fr\/wp-json\/wp\/v2\/property_state?post=3382"},{"taxonomy":"property_city","embeddable":true,"href":"https:\/\/myhomeproperty.es\/fr\/wp-json\/wp\/v2\/property_city?post=3382"},{"taxonomy":"property_area","embeddable":true,"href":"https:\/\/myhomeproperty.es\/fr\/wp-json\/wp\/v2\/property_area?post=3382"}],"curies":[{"name":"wp","href":"https:\/\/api.w.org\/{rel}","templated":true}]}}

BUNGALOWS DE 2 CHAMBRES À PILAR DE LA HORADADA

<p>Nous vous présentons cette nouvelle résidence d&#8217;appartements à Pilar de la Horadada.<br/>Les propriétés disposent de 2 chambres et de 2 salles de bains, d&#8217;un salon-salle à manger avec cuisine, d&#8217;une terrasse ou d&#8217;un solarium.<br/>Situé dans un bon quartier, à distance de marche de toutes les commodités, à seulement 2 km des plages de Torre de la Horadada et Mil Palmeras et avec un bon accès à l&#8217;autoroute.<br/>La résidence comprendra 3 blocs au total, 2 d&#8217;entre eux avec 2 étages et le troisième avec 3 étages.<br/>Les appartements des rez-de-chaussée des blocs 1 et 2 disposent d&#8217;un jardin et d&#8217;une terrasse privés et les étages supérieurs d&#8217;un solarium privé avec auvent et cuisine d&#8217;été.<br/>Dans le 3e bloc, les rez-de-chaussée disposent d&#8217;un jardin privé, les premiers étages d&#8217;une grande terrasse et les penthouses d&#8217;une grande terrasse ainsi que d&#8217;un solarium privé avec auvent et cuisine d&#8217;été, d&#8217;un jacuzzi privé et d&#8217;un gazon artificiel.<br/>Avec des espaces communs aménagés, une grande piscine et une aire de jeux pour les enfants.
Tous les appartements disposent d&#8217;un parking souterrain et d&#8217;une salle de stockage. </p>

<p>Lieux d&#8217;intérêt :</p>

<ul class="wp-block-list">
<li>Plages 2 km</li>



<li>Centre ville : 1,5 km</li>



<li>Centre commercial DOS MARES 10 minutes</li>



<li>Centre commercial LA ZENIA BOULEVARD : 15 minutes</li>



<li>Aéroport Covera Murcia : 30 minutes</li>



<li>Aéroport d&#8217;Alicante : 50 minutes</li>
</ul>

<p>Nous vous présentons cette nouvelle résidence d&#8217;appartements à Pilar de la Horadada.Les propriétés disposent de 2 chambres et de 2 salles de bains, d&#8217;un salon-salle à manger avec cuisine, d&#8217;une terrasse ou d&#8217;un solarium.Situé dans un bon quartier, à distance de marche de toutes les commodités, à seulement 2 km des plages de Torre de [&hellip;]</p>
