{"id":34908,"date":"2025-11-24T18:39:15","date_gmt":"2025-11-24T18:39:15","guid":{"rendered":"https:\/\/myhomeproperty.es\/property\/appartements-de-1-2-ou-3-chambres-a-coucher-a-avileses\/"},"modified":"2026-01-05T12:20:55","modified_gmt":"2026-01-05T12:20:55","slug":"appartements-de-1-2-ou-3-chambres-a-coucher-a-avileses","status":"publish","type":"property","link":"https:\/\/myhomeproperty.es\/fr\/property\/appartements-de-1-2-ou-3-chambres-a-coucher-a-avileses\/","title":{"rendered":"Appartements de 1, 2 ou 3 chambres \u00e0 coucher \u00e0 Avileses"},"content":{"rendered":"\n<p>Nous vous pr\u00e9sentons ce programme exclusif de logements dans le village d&#8217;Avileses, id\u00e9al pour ceux qui recherchent une qualit\u00e9 de vie dans un environnement naturel et bien desservi par les transports. Il s&#8217;agit d&#8217;appartements neufs avec des finitions de haute qualit\u00e9 et un excellent rapport qualit\u00e9-prix. <\/p>\n\n<p>Nous avons des appartements avec 1 ou 2 chambres \u00e0 coucher avec 1 salle de bain ou 3 chambres \u00e0 coucher avec 2 salles de bain. Des places de parking sont disponibles.   <\/p>\n\n<p>\ud83d\udccd Lieu privil\u00e9gi\u00e9<\/p>\n\n<ul class=\"wp-block-list\">\n<li>\u00c0 seulement 8 km de plusieurs terrains de golf<\/li>\n\n\n\n<li>12 km de San Javier<\/li>\n\n\n\n<li>10 km de l&#8217;h\u00f4pital g\u00e9n\u00e9ral universitaire Los Arcos del Mar Menor<\/li>\n\n\n\n<li>13 km des plages de Mar Menor<\/li>\n<\/ul>\n\n<p>\ud83d\udcb6 Prix \u00e0 partir de 73.000\u20ac.<\/p>\n\n<p>OFFRE BLACKFRIDAY : Avec l&#8217;achat de la maison, nous offrons un SMART TV 55&#8243;.<\/p>\n\n<p>Les images correspondent \u00e0 l&#8217;appartement t\u00e9moin avec 2 chambres et 1 salle de bain, avec place de parking, qui est livr\u00e9 meubl\u00e9 et avec des appareils \u00e9lectrom\u00e9nagers. PRIX DE L&#8217;APPARTEMENT POLOTO : 112.000\u20ac.  <\/p>\n\n<p><\/p>\n","protected":false},"excerpt":{"rendered":"<p>Nous vous pr\u00e9sentons ce programme exclusif de logements dans le village d&#8217;Avileses, id\u00e9al pour ceux qui recherchent une qualit\u00e9 de vie dans un environnement naturel et bien desservi par les transports. Il s&#8217;agit d&#8217;appartements neufs avec des finitions de haute qualit\u00e9 et un excellent rapport qualit\u00e9-prix. Nous avons des appartements avec 1 ou 2 chambres [&hellip;]<\/p>\n","protected":false},"author":3,"featured_media":34895,"parent":0,"menu_order":0,"template":"","property_type":[183],"property_status":[44],"property_feature":[],"property_label":[],"property_country":[32],"property_state":[39],"property_city":[342,286],"property_area":[318],"class_list":["post-34908","property","type-property","status-publish","has-post-thumbnail","hentry","property_type-appartement","property_status-en-vente","property_country-spain-fr","property_state-region-de-murcie","property_city-aviles","property_city-murcie","property_area-aviles"],"property_meta":{"fave_featured":["0"],"houzez_featured_listing_date":[""],"fave_property_images":["34898","34893","34873","34888","34828","34833","34838","34813","34788","34848","34818","34783","34843","34868","34863","34808","34803","34858","34853","34793","34823","34798"],"fave_single_top_area":["global"],"_top_nav_excluded":[""],"_cms_nav_minihome":[""],"houzez_geolocation_lat":["37.8488494"],"houzez_geolocation_long":["-0.9421205"],"_thumbnail_id":["34895"],"_last_translation_edit_mode":["translation-editor"],"houzez_total_property_views":["51"],"houzez_views_by_date":["a:42:{s:10:\"11-25-2025\";i:2;s:10:\"11-26-2025\";i:3;s:10:\"11-30-2025\";i:1;s:10:\"12-01-2025\";i:1;s:10:\"12-02-2025\";i:1;s:10:\"12-10-2025\";i:1;s:10:\"12-15-2025\";i:1;s:10:\"12-20-2025\";i:1;s:10:\"12-25-2025\";i:2;s:10:\"12-27-2025\";i:1;s:10:\"01-01-2026\";i:1;s:10:\"01-04-2026\";i:1;s:10:\"01-08-2026\";i:1;s:10:\"01-11-2026\";i:2;s:10:\"01-18-2026\";i:1;s:10:\"01-23-2026\";i:1;s:10:\"01-27-2026\";i:1;s:10:\"02-04-2026\";i:1;s:10:\"02-05-2026\";i:1;s:10:\"02-17-2026\";i:1;s:10:\"02-18-2026\";i:2;s:10:\"02-21-2026\";i:1;s:10:\"02-23-2026\";i:1;s:10:\"02-24-2026\";i:1;s:10:\"02-25-2026\";i:1;s:10:\"02-26-2026\";i:1;s:10:\"03-04-2026\";i:1;s:10:\"03-05-2026\";i:1;s:10:\"03-11-2026\";i:2;s:10:\"03-13-2026\";i:1;s:10:\"03-16-2026\";i:1;s:10:\"03-20-2026\";i:1;s:10:\"03-21-2026\";i:1;s:10:\"03-26-2026\";i:1;s:10:\"03-30-2026\";i:1;s:10:\"04-04-2026\";i:1;s:10:\"04-09-2026\";i:1;s:10:\"04-10-2026\";i:1;s:10:\"04-14-2026\";i:1;s:10:\"04-18-2026\";i:1;s:10:\"04-19-2026\";i:1;s:10:\"04-28-2026\";i:3;}"],"houzez_recently_viewed":["2026-04-28 18:56:36"],"_elementor_page_assets":["a:0:{}"],"fave_property_price":["78000"],"fave_property_id":["3070MHH"],"fave_property_map":["1"],"fave_property_map_address":["Avileses, Jer\u00f3nimos y Avileses, Jer\u00f3nimos y Avileses y Balsicas de Arriba, Murcia, Campo de Cartagena y Mar Menor, Regi\u00f3n de Murcia, 30590, Spain"],"fave_property_location":["37.8488494,-0.9421205,15"],"fave_property_map_street_view":["cacher"],"fave_agent_display_option":["auteur_info"],"fave_prop_homeslider":["non"],"houzez_manual_expire":["0"],"_houzez_expiration_date_status":["saved"]},"_links":{"self":[{"href":"https:\/\/myhomeproperty.es\/fr\/wp-json\/wp\/v2\/properties\/34908","targetHints":{"allow":["GET"]}}],"collection":[{"href":"https:\/\/myhomeproperty.es\/fr\/wp-json\/wp\/v2\/properties"}],"about":[{"href":"https:\/\/myhomeproperty.es\/fr\/wp-json\/wp\/v2\/types\/property"}],"author":[{"embeddable":true,"href":"https:\/\/myhomeproperty.es\/fr\/wp-json\/wp\/v2\/users\/3"}],"version-history":[{"count":2,"href":"https:\/\/myhomeproperty.es\/fr\/wp-json\/wp\/v2\/properties\/34908\/revisions"}],"predecessor-version":[{"id":34917,"href":"https:\/\/myhomeproperty.es\/fr\/wp-json\/wp\/v2\/properties\/34908\/revisions\/34917"}],"wp:featuredmedia":[{"embeddable":true,"href":"https:\/\/myhomeproperty.es\/fr\/wp-json\/wp\/v2\/media\/34895"}],"wp:attachment":[{"href":"https:\/\/myhomeproperty.es\/fr\/wp-json\/wp\/v2\/media?parent=34908"}],"wp:term":[{"taxonomy":"property_type","embeddable":true,"href":"https:\/\/myhomeproperty.es\/fr\/wp-json\/wp\/v2\/property_type?post=34908"},{"taxonomy":"property_status","embeddable":true,"href":"https:\/\/myhomeproperty.es\/fr\/wp-json\/wp\/v2\/property_status?post=34908"},{"taxonomy":"property_feature","embeddable":true,"href":"https:\/\/myhomeproperty.es\/fr\/wp-json\/wp\/v2\/property_feature?post=34908"},{"taxonomy":"property_label","embeddable":true,"href":"https:\/\/myhomeproperty.es\/fr\/wp-json\/wp\/v2\/property_label?post=34908"},{"taxonomy":"property_country","embeddable":true,"href":"https:\/\/myhomeproperty.es\/fr\/wp-json\/wp\/v2\/property_country?post=34908"},{"taxonomy":"property_state","embeddable":true,"href":"https:\/\/myhomeproperty.es\/fr\/wp-json\/wp\/v2\/property_state?post=34908"},{"taxonomy":"property_city","embeddable":true,"href":"https:\/\/myhomeproperty.es\/fr\/wp-json\/wp\/v2\/property_city?post=34908"},{"taxonomy":"property_area","embeddable":true,"href":"https:\/\/myhomeproperty.es\/fr\/wp-json\/wp\/v2\/property_area?post=34908"}],"curies":[{"name":"wp","href":"https:\/\/api.w.org\/{rel}","templated":true}]}}

Appartements de 1, 2 ou 3 chambres à coucher à Avileses

<p>Nous vous présentons ce programme exclusif de logements dans le village d&#8217;Avileses, idéal pour ceux qui recherchent une qualité de vie dans un environnement naturel et bien desservi par les transports. Il s&#8217;agit d&#8217;appartements neufs avec des finitions de haute qualité et un excellent rapport qualité-prix. </p>

<p>Nous avons des appartements avec 1 ou 2 chambres à coucher avec 1 salle de bain ou 3 chambres à coucher avec 2 salles de bain. Des places de parking sont disponibles.   </p>

<p>📍 Lieu privilégié</p>

<ul class="wp-block-list">
<li>À seulement 8 km de plusieurs terrains de golf</li>



<li>12 km de San Javier</li>



<li>10 km de l&#8217;hôpital général universitaire Los Arcos del Mar Menor</li>



<li>13 km des plages de Mar Menor</li>
</ul>

<p>💶 Prix à partir de 73.000€.</p>

<p>OFFRE BLACKFRIDAY : Avec l&#8217;achat de la maison, nous offrons un SMART TV 55&#8243;.</p>

<p>Les images correspondent à l&#8217;appartement témoin avec 2 chambres et 1 salle de bain, avec place de parking, qui est livré meublé et avec des appareils électroménagers. PRIX DE L&#8217;APPARTEMENT POLOTO : 112.000€.  </p>

<p></p>

<p>Nous vous présentons ce programme exclusif de logements dans le village d&#8217;Avileses, idéal pour ceux qui recherchent une qualité de vie dans un environnement naturel et bien desservi par les transports. Il s&#8217;agit d&#8217;appartements neufs avec des finitions de haute qualité et un excellent rapport qualité-prix. Nous avons des appartements avec 1 ou 2 chambres [&hellip;]</p>

Avileses, Jerónimos y Avileses, Jerónimos y Avileses y Balsicas de Arriba, Murcia, Campo de Cartagena y Mar Menor, Región de Murcia, 30590, Spain
