{"id":3580,"date":"2024-08-01T08:08:49","date_gmt":"2024-08-01T08:08:49","guid":{"rendered":"https:\/\/myhomeproperty.es\/property\/bungalow-au-rez-de-chaussee-a-pilar-de-la-horada\/"},"modified":"2024-10-18T08:13:50","modified_gmt":"2024-10-18T08:13:50","slug":"bungalow-au-rez-de-chaussee-a-pilar-de-la-horada","status":"publish","type":"property","link":"https:\/\/myhomeproperty.es\/fr\/property\/bungalow-au-rez-de-chaussee-a-pilar-de-la-horada\/","title":{"rendered":"Appartement de luxe \u00e0 Pilar de la Horadada"},"content":{"rendered":"\n<p>Nous vous pr\u00e9sentons ce luxueux complexe de 12 bungalows avec piscine commune pour profiter des heures de soleil tout au long de l&#8217;ann\u00e9e.<\/p>\n\n<p>Le complexe r\u00e9sidentiel offre la possibilit\u00e9 d&#8217;appartements de 1 chambre \/ 1 salle de bain, 2 chambres \/ 2 salles de bain ainsi que 3 chambres \/ 2 salles de bain. De belles maisons avec parking, jardin et acc\u00e8s direct \u00e0 la piscine commune. Terrasse au rez-de-chauss\u00e9e et magnifique solarium \u00e0 l&#8217;\u00e9tage.  <\/p>\n\n<p>Cette fantastique r\u00e9sidence est con\u00e7ue dans un style contemporain avec un concept ouvert, compos\u00e9 d&#8217;une cuisine enti\u00e8rement \u00e9quip\u00e9e et d&#8217;un salon-salle \u00e0 manger.<\/p>\n\n<p>Le d\u00e9veloppement est situ\u00e9 \u00e0 Pilar de la Horadada, Alicante, entour\u00e9 de tous les services, d&#8217;installations sportives et \u00e0 proximit\u00e9 de la plage et de plusieurs terrains de golf.<\/p>\n\n<p>Les maisons r\u00e9pondront aux normes les plus \u00e9lev\u00e9es et seront \u00e9quip\u00e9es de : Piscine commune, cascade artificielle et douche solaire.<br\/>Cuisine enti\u00e8rement am\u00e9nag\u00e9e et \u00e9quip\u00e9e.<br\/>Stores motoris\u00e9s.<br\/>\u00c9clairage : \u00e0 l&#8217;int\u00e9rieur de la maison et \u00e0 l&#8217;ext\u00e9rieur.<br\/>Armoires avec portes battantes, bloc-tiroirs, \u00e9tag\u00e8res et rail de suspension.<br\/>Salles de bains enti\u00e8rement \u00e9quip\u00e9es avec lavabo, toilettes, miroir et douche.<br\/>Chauffage au sol dans les salles de bains.<br\/>Pr\u00e9-installation de la climatisation en gaine.<br\/>Solarium aux \u00e9tages sup\u00e9rieurs.<br\/>Terrasse au rez-de-chauss\u00e9e.<br\/>Place de parking.<br\/>Cuisine d&#8217;\u00e9t\u00e9 avec plan de travail en granit, \u00e9vier et sous plan de travail avec portes en aluminium blanc dans le solarium.<\/p>\n\n<p>Nous nous ferons un plaisir de vous fournir tous les d\u00e9tails et d&#8217;organiser une visite.<\/p>\n\n<p>Lieux d&#8217;int\u00e9r\u00eat :  <\/p>\n\n<ul class=\"wp-block-list\">\n<li>Centre ville : quelques minutes \u00e0 pied<\/li>\n\n\n\n<li>Plages 3,5 km<\/li>\n\n\n\n<li>Centre commercial Dos Mares 10 minutes<\/li>\n\n\n\n<li>Centre commercial La Zenia Boulevard : 15 minutes<\/li>\n\n\n\n<li>A\u00e9roport de Corvera (Murcia) 35 minutes<\/li>\n\n\n\n<li>A\u00e9roport d&#8217;Alicante 50 minutes<\/li>\n<\/ul>\n","protected":false},"excerpt":{"rendered":"<p>Nous vous pr\u00e9sentons ce luxueux complexe de 12 bungalows avec piscine commune pour profiter des heures de soleil tout au long de l&#8217;ann\u00e9e. Le complexe r\u00e9sidentiel offre la possibilit\u00e9 d&#8217;appartements de 1 chambre \/ 1 salle de bain, 2 chambres \/ 2 salles de bain ainsi que 3 chambres \/ 2 salles de bain. De [&hellip;]<\/p>\n","protected":false},"author":3,"featured_media":3519,"parent":0,"menu_order":0,"template":"","property_type":[115],"property_status":[44],"property_feature":[43],"property_label":[],"property_country":[32],"property_state":[52],"property_city":[61],"property_area":[],"class_list":["post-3580","property","type-property","status-publish","has-post-thumbnail","hentry","property_type-bungalow-fr","property_status-en-vente","property_feature-piscina-fr","property_country-spain-fr","property_state-alicante-fr","property_city-pilar-de-la-horadada-fr"],"property_meta":{"fave_featured":["0"],"houzez_featured_listing_date":[""],"fave_single_top_area":["global"],"_top_nav_excluded":[""],"_cms_nav_minihome":[""],"houzez_geolocation_lat":["37.8675489"],"houzez_geolocation_long":["-0.7925673"],"_last_translation_edit_mode":["translation-editor"],"_thumbnail_id":["3519"],"houzez_total_property_views":["112"],"houzez_views_by_date":["a:61:{s:10:\"02-02-2025\";i:1;s:10:\"02-09-2025\";i:1;s:10:\"02-18-2025\";i:1;s:10:\"03-01-2025\";i:1;s:10:\"03-18-2025\";i:1;s:10:\"03-26-2025\";i:1;s:10:\"05-09-2025\";i:1;s:10:\"05-13-2025\";i:1;s:10:\"05-20-2025\";i:3;s:10:\"05-30-2025\";i:1;s:10:\"06-05-2025\";i:1;s:10:\"06-12-2025\";i:2;s:10:\"07-02-2025\";i:1;s:10:\"07-04-2025\";i:1;s:10:\"07-12-2025\";i:1;s:10:\"07-14-2025\";i:2;s:10:\"07-16-2025\";i:1;s:10:\"07-22-2025\";i:2;s:10:\"07-29-2025\";i:1;s:10:\"08-04-2025\";i:1;s:10:\"08-24-2025\";i:1;s:10:\"08-30-2025\";i:2;s:10:\"08-31-2025\";i:1;s:10:\"09-06-2025\";i:2;s:10:\"09-12-2025\";i:1;s:10:\"09-17-2025\";i:1;s:10:\"09-22-2025\";i:1;s:10:\"09-23-2025\";i:1;s:10:\"09-26-2025\";i:1;s:10:\"09-28-2025\";i:1;s:10:\"10-04-2025\";i:1;s:10:\"10-10-2025\";i:1;s:10:\"11-20-2025\";i:1;s:10:\"12-03-2025\";i:1;s:10:\"12-04-2025\";i:1;s:10:\"12-11-2025\";i:1;s:10:\"12-22-2025\";i:1;s:10:\"12-25-2025\";i:1;s:10:\"12-27-2025\";i:1;s:10:\"01-01-2026\";i:2;s:10:\"01-07-2026\";i:1;s:10:\"01-12-2026\";i:3;s:10:\"01-28-2026\";i:1;s:10:\"02-02-2026\";i:1;s:10:\"02-11-2026\";i:1;s:10:\"02-16-2026\";i:1;s:10:\"02-21-2026\";i:1;s:10:\"03-09-2026\";i:1;s:10:\"03-11-2026\";i:3;s:10:\"03-15-2026\";i:1;s:10:\"03-18-2026\";i:1;s:10:\"03-20-2026\";i:1;s:10:\"03-22-2026\";i:1;s:10:\"03-28-2026\";i:1;s:10:\"04-03-2026\";i:1;s:10:\"04-09-2026\";i:2;s:10:\"04-14-2026\";i:1;s:10:\"04-15-2026\";i:1;s:10:\"04-20-2026\";i:1;s:10:\"04-24-2026\";i:1;s:10:\"04-28-2026\";i:2;}"],"houzez_recently_viewed":["2026-04-28 23:10:30"],"fave_property_price":["180900"],"fave_property_price_prefix":["De"],"fave_property_size":["75"],"fave_property_land":["85"],"fave_property_bedrooms":["1"],"fave_property_bathrooms":["1"],"fave_property_id":["3015MHM"],"fave_property_map":["1"],"fave_property_map_address":["Pilar de la Horadada, el Baix Segura \/ La Vega Baja del Segura, Alacant \/ Alicante, Comunitat Valenciana, Espagne"],"fave_property_location":["37.8675489,-0.7925673,15"],"fave_property_map_street_view":["cacher"],"fave_property_zip":["03190"],"fave_agent_display_option":["author_info"],"fave_prop_homeslider":["non"],"fave_private_note":["MARVIC II - CALLE MATAMOROS il n'y a que deux appartements disponibles 2 rez-de-chauss\u00e9e et 5 rez-de-chauss\u00e9e avec solarium PACO ALBALADEJO  "],"floor_plans":["a:2:{i:0;a:2:{s:15:\"fave_plan_title\";s:16:\"REZ-DE-CHAUSS\u00c9E\";s:15:\"fave_plan_image\";s:62:\"https:\/\/myhomeproperty.es\/wp-content\/uploads\/2024\/08\/N.2-2.jpg\";}i:1;a:2:{s:15:\"fave_plan_title\";s:14:\"PLAN G\u00c9N\u00c9RAL\";s:15:\"fave_plan_image\";s:63:\"https:\/\/myhomeproperty.es\/wp-content\/uploads\/2024\/08\/Plot-1.jpg\";}}"],"_wpml_word_count":["{\"total\":373,\"to_translate\":{\"en\":373,\"de\":373,\"es\":373,\"sv\":373}}"],"_elementor_page_assets":["a:0:{}"]},"_links":{"self":[{"href":"https:\/\/myhomeproperty.es\/fr\/wp-json\/wp\/v2\/properties\/3580","targetHints":{"allow":["GET"]}}],"collection":[{"href":"https:\/\/myhomeproperty.es\/fr\/wp-json\/wp\/v2\/properties"}],"about":[{"href":"https:\/\/myhomeproperty.es\/fr\/wp-json\/wp\/v2\/types\/property"}],"author":[{"embeddable":true,"href":"https:\/\/myhomeproperty.es\/fr\/wp-json\/wp\/v2\/users\/3"}],"version-history":[{"count":4,"href":"https:\/\/myhomeproperty.es\/fr\/wp-json\/wp\/v2\/properties\/3580\/revisions"}],"predecessor-version":[{"id":7825,"href":"https:\/\/myhomeproperty.es\/fr\/wp-json\/wp\/v2\/properties\/3580\/revisions\/7825"}],"wp:featuredmedia":[{"embeddable":true,"href":"https:\/\/myhomeproperty.es\/fr\/wp-json\/wp\/v2\/media\/3519"}],"wp:attachment":[{"href":"https:\/\/myhomeproperty.es\/fr\/wp-json\/wp\/v2\/media?parent=3580"}],"wp:term":[{"taxonomy":"property_type","embeddable":true,"href":"https:\/\/myhomeproperty.es\/fr\/wp-json\/wp\/v2\/property_type?post=3580"},{"taxonomy":"property_status","embeddable":true,"href":"https:\/\/myhomeproperty.es\/fr\/wp-json\/wp\/v2\/property_status?post=3580"},{"taxonomy":"property_feature","embeddable":true,"href":"https:\/\/myhomeproperty.es\/fr\/wp-json\/wp\/v2\/property_feature?post=3580"},{"taxonomy":"property_label","embeddable":true,"href":"https:\/\/myhomeproperty.es\/fr\/wp-json\/wp\/v2\/property_label?post=3580"},{"taxonomy":"property_country","embeddable":true,"href":"https:\/\/myhomeproperty.es\/fr\/wp-json\/wp\/v2\/property_country?post=3580"},{"taxonomy":"property_state","embeddable":true,"href":"https:\/\/myhomeproperty.es\/fr\/wp-json\/wp\/v2\/property_state?post=3580"},{"taxonomy":"property_city","embeddable":true,"href":"https:\/\/myhomeproperty.es\/fr\/wp-json\/wp\/v2\/property_city?post=3580"},{"taxonomy":"property_area","embeddable":true,"href":"https:\/\/myhomeproperty.es\/fr\/wp-json\/wp\/v2\/property_area?post=3580"}],"curies":[{"name":"wp","href":"https:\/\/api.w.org\/{rel}","templated":true}]}}

Appartement de luxe à Pilar de la Horadada

<p>Nous vous présentons ce luxueux complexe de 12 bungalows avec piscine commune pour profiter des heures de soleil tout au long de l&#8217;année.</p>

<p>Le complexe résidentiel offre la possibilité d&#8217;appartements de 1 chambre / 1 salle de bain, 2 chambres / 2 salles de bain ainsi que 3 chambres / 2 salles de bain. De belles maisons avec parking, jardin et accès direct à la piscine commune. Terrasse au rez-de-chaussée et magnifique solarium à l&#8217;étage.  </p>

<p>Cette fantastique résidence est conçue dans un style contemporain avec un concept ouvert, composé d&#8217;une cuisine entièrement équipée et d&#8217;un salon-salle à manger.</p>

<p>Le développement est situé à Pilar de la Horadada, Alicante, entouré de tous les services, d&#8217;installations sportives et à proximité de la plage et de plusieurs terrains de golf.</p>

<p>Les maisons répondront aux normes les plus élevées et seront équipées de : Piscine commune, cascade artificielle et douche solaire.<br/>Cuisine entièrement aménagée et équipée.<br/>Stores motorisés.<br/>Éclairage : à l&#8217;intérieur de la maison et à l&#8217;extérieur.<br/>Armoires avec portes battantes, bloc-tiroirs, étagères et rail de suspension.<br/>Salles de bains entièrement équipées avec lavabo, toilettes, miroir et douche.<br/>Chauffage au sol dans les salles de bains.<br/>Pré-installation de la climatisation en gaine.<br/>Solarium aux étages supérieurs.<br/>Terrasse au rez-de-chaussée.<br/>Place de parking.<br/>Cuisine d&#8217;été avec plan de travail en granit, évier et sous plan de travail avec portes en aluminium blanc dans le solarium.</p>

<p>Nous nous ferons un plaisir de vous fournir tous les détails et d&#8217;organiser une visite.</p>

<p>Lieux d&#8217;intérêt :  </p>

<ul class="wp-block-list">
<li>Centre ville : quelques minutes à pied</li>



<li>Plages 3,5 km</li>



<li>Centre commercial Dos Mares 10 minutes</li>



<li>Centre commercial La Zenia Boulevard : 15 minutes</li>



<li>Aéroport de Corvera (Murcia) 35 minutes</li>



<li>Aéroport d&#8217;Alicante 50 minutes</li>
</ul>

<p>Nous vous présentons ce luxueux complexe de 12 bungalows avec piscine commune pour profiter des heures de soleil tout au long de l&#8217;année. Le complexe résidentiel offre la possibilité d&#8217;appartements de 1 chambre / 1 salle de bain, 2 chambres / 2 salles de bain ainsi que 3 chambres / 2 salles de bain. De [&hellip;]</p>

MARVIC II - CALLE MATAMOROS il n'y a que deux appartements disponibles 2 rez-de-chaussée et 5 rez-de-chaussée avec solarium PACO ALBALADEJO

a:2:{i:0;a:2:{s:15:"fave_plan_title";s:16:"REZ-DE-CHAUSSÉE";s:15:"fave_plan_image";s:62:"https://myhomeproperty.es/wp-content/uploads/2024/08/N.2-2.jpg";}i:1;a:2:{s:15:"fave_plan_title";s:14:"PLAN GÉNÉRAL";s:15:"fave_plan_image";s:63:"https://myhomeproperty.es/wp-content/uploads/2024/08/Plot-1.jpg";}}
