{"id":35964,"date":"2026-02-16T18:03:12","date_gmt":"2026-02-16T18:03:12","guid":{"rendered":"https:\/\/myhomeproperty.es\/property\/appartement-flambant-neuf-dans-le-quartier-de-la-rambla\/"},"modified":"2026-02-19T20:49:37","modified_gmt":"2026-02-19T20:49:37","slug":"appartement-flambant-neuf-dans-le-quartier-de-la-rambla","status":"publish","type":"property","link":"https:\/\/myhomeproperty.es\/fr\/property\/appartement-flambant-neuf-dans-le-quartier-de-la-rambla\/","title":{"rendered":"Appartement flambant neuf dans le quartier de la Rambla"},"content":{"rendered":"\n<p>Propri\u00e9t\u00e9 flambant neuve dans l&#8217;un des meilleurs quartiers de la commune.<\/p>\n\n<p>Situ\u00e9 dans l&#8217;un des quartiers les plus pris\u00e9s de cette charmante ville c\u00f4ti\u00e8re, avec tous les services, les commerces et l&#8217;acc\u00e8s \u00e0 une marche. Une occasion unique d&#8217;avoir une propri\u00e9t\u00e9 toute neuve, car elle n&#8217;a jamais \u00e9t\u00e9 habit\u00e9e. Les meubles qui apparaissent actuellement font partie d&#8217;un transfert de biens m\u00e9nagers et ne font pas partie de la vente.  <\/p>\n\n<p>La propri\u00e9t\u00e9 offre pr\u00e8s de 100 m\u00b2 d&#8217;espace habitable, r\u00e9parti de mani\u00e8re tr\u00e8s confortable et fonctionnelle en 3 chambres spacieuses, 2 salles de bains, une cuisine s\u00e9par\u00e9e, un salon-salle \u00e0 manger lumineux, un couloir et une buanderie.<\/p>\n\n<p>Un appartement comme on n&#8217;en trouve plus : des pi\u00e8ces g\u00e9n\u00e9reuses, une bonne construction et un agencement con\u00e7u pour une vie confortable.<\/p>\n\n<p>Le prix comprend \u00e9galement une place de parking facilement accessible.<\/p>\n\n<p>Une propri\u00e9t\u00e9 pr\u00eate \u00e0 devenir votre nouvelle maison ou un excellent investissement.<\/p>\n","protected":false},"excerpt":{"rendered":"<p>Propri\u00e9t\u00e9 flambant neuve dans l&#8217;un des meilleurs quartiers de la commune. Situ\u00e9 dans l&#8217;un des quartiers les plus pris\u00e9s de cette charmante ville c\u00f4ti\u00e8re, avec tous les services, les commerces et l&#8217;acc\u00e8s \u00e0 une marche. Une occasion unique d&#8217;avoir une propri\u00e9t\u00e9 toute neuve, car elle n&#8217;a jamais \u00e9t\u00e9 habit\u00e9e. Les meubles qui apparaissent actuellement font [&hellip;]<\/p>\n","protected":false},"author":3,"featured_media":35958,"parent":0,"menu_order":0,"template":"","property_type":[182],"property_status":[44],"property_feature":[241],"property_label":[],"property_country":[],"property_state":[52],"property_city":[61],"property_area":[],"class_list":["post-35964","property","type-property","status-publish","has-post-thumbnail","hentry","property_type-sol","property_status-en-vente","property_feature-terrasse","property_state-alicante-fr","property_city-pilar-de-la-horadada-fr"],"property_meta":{"fave_featured":["0"],"houzez_featured_listing_date":[""],"fave_property_images":["35956","35896","35876","35886","35926","35911","35901","35936","35891","35931","35916","35921","35946","35951"],"fave_single_top_area":["global"],"_top_nav_excluded":[""],"_cms_nav_minihome":[""],"houzez_geolocation_lat":["37.8675489"],"houzez_geolocation_long":["-0.7925673"],"_thumbnail_id":["35958"],"_last_translation_edit_mode":["translation-editor"],"houzez_total_property_views":["26"],"houzez_views_by_date":["a:19:{s:10:\"02-17-2026\";i:3;s:10:\"02-20-2026\";i:1;s:10:\"02-22-2026\";i:2;s:10:\"02-24-2026\";i:1;s:10:\"03-03-2026\";i:1;s:10:\"03-07-2026\";i:1;s:10:\"03-09-2026\";i:1;s:10:\"03-11-2026\";i:2;s:10:\"03-13-2026\";i:1;s:10:\"03-15-2026\";i:1;s:10:\"03-19-2026\";i:1;s:10:\"03-24-2026\";i:1;s:10:\"03-29-2026\";i:1;s:10:\"04-03-2026\";i:2;s:10:\"04-09-2026\";i:1;s:10:\"04-14-2026\";i:1;s:10:\"04-18-2026\";i:1;s:10:\"04-21-2026\";i:1;s:10:\"04-28-2026\";i:3;}"],"houzez_recently_viewed":["2026-04-28 16:46:42"],"_elementor_page_assets":["a:0:{}"],"fave_property_price":["150000"],"fave_property_size":["100"],"fave_property_bedrooms":["3"],"fave_property_bathrooms":["2"],"fave_property_id":["3074MH"],"fave_property_map":["1"],"fave_property_map_address":["Pilar de la Horadada, el Baix Segura \/ La Vega Baja, Alacant \/ Alicante, Comunitat Valenciana, Espagne"],"fave_property_location":["37.8675489,-0.7925673,15"],"fave_property_map_street_view":["cacher"],"fave_video_url":["https:\/\/youtu.be\/BPR-lnzSckI"],"fave_agent_display_option":["auteur_info"],"fave_prop_homeslider":["non"],"houzez_manual_expire":["0"],"_houzez_expiration_date_status":["saved"]},"_links":{"self":[{"href":"https:\/\/myhomeproperty.es\/fr\/wp-json\/wp\/v2\/properties\/35964","targetHints":{"allow":["GET"]}}],"collection":[{"href":"https:\/\/myhomeproperty.es\/fr\/wp-json\/wp\/v2\/properties"}],"about":[{"href":"https:\/\/myhomeproperty.es\/fr\/wp-json\/wp\/v2\/types\/property"}],"author":[{"embeddable":true,"href":"https:\/\/myhomeproperty.es\/fr\/wp-json\/wp\/v2\/users\/3"}],"version-history":[{"count":1,"href":"https:\/\/myhomeproperty.es\/fr\/wp-json\/wp\/v2\/properties\/35964\/revisions"}],"predecessor-version":[{"id":35965,"href":"https:\/\/myhomeproperty.es\/fr\/wp-json\/wp\/v2\/properties\/35964\/revisions\/35965"}],"wp:featuredmedia":[{"embeddable":true,"href":"https:\/\/myhomeproperty.es\/fr\/wp-json\/wp\/v2\/media\/35958"}],"wp:attachment":[{"href":"https:\/\/myhomeproperty.es\/fr\/wp-json\/wp\/v2\/media?parent=35964"}],"wp:term":[{"taxonomy":"property_type","embeddable":true,"href":"https:\/\/myhomeproperty.es\/fr\/wp-json\/wp\/v2\/property_type?post=35964"},{"taxonomy":"property_status","embeddable":true,"href":"https:\/\/myhomeproperty.es\/fr\/wp-json\/wp\/v2\/property_status?post=35964"},{"taxonomy":"property_feature","embeddable":true,"href":"https:\/\/myhomeproperty.es\/fr\/wp-json\/wp\/v2\/property_feature?post=35964"},{"taxonomy":"property_label","embeddable":true,"href":"https:\/\/myhomeproperty.es\/fr\/wp-json\/wp\/v2\/property_label?post=35964"},{"taxonomy":"property_country","embeddable":true,"href":"https:\/\/myhomeproperty.es\/fr\/wp-json\/wp\/v2\/property_country?post=35964"},{"taxonomy":"property_state","embeddable":true,"href":"https:\/\/myhomeproperty.es\/fr\/wp-json\/wp\/v2\/property_state?post=35964"},{"taxonomy":"property_city","embeddable":true,"href":"https:\/\/myhomeproperty.es\/fr\/wp-json\/wp\/v2\/property_city?post=35964"},{"taxonomy":"property_area","embeddable":true,"href":"https:\/\/myhomeproperty.es\/fr\/wp-json\/wp\/v2\/property_area?post=35964"}],"curies":[{"name":"wp","href":"https:\/\/api.w.org\/{rel}","templated":true}]}}

<p>Propriété flambant neuve dans l&#8217;un des meilleurs quartiers de la commune.</p>

<p>Situé dans l&#8217;un des quartiers les plus prisés de cette charmante ville côtière, avec tous les services, les commerces et l&#8217;accès à une marche. Une occasion unique d&#8217;avoir une propriété toute neuve, car elle n&#8217;a jamais été habitée. Les meubles qui apparaissent actuellement font partie d&#8217;un transfert de biens ménagers et ne font pas partie de la vente.  </p>

<p>La propriété offre près de 100 m² d&#8217;espace habitable, réparti de manière très confortable et fonctionnelle en 3 chambres spacieuses, 2 salles de bains, une cuisine séparée, un salon-salle à manger lumineux, un couloir et une buanderie.</p>

<p>Un appartement comme on n&#8217;en trouve plus : des pièces généreuses, une bonne construction et un agencement conçu pour une vie confortable.</p>

<p>Le prix comprend également une place de parking facilement accessible.</p>

<p>Une propriété prête à devenir votre nouvelle maison ou un excellent investissement.</p>

<p>Propriété flambant neuve dans l&#8217;un des meilleurs quartiers de la commune. Situé dans l&#8217;un des quartiers les plus prisés de cette charmante ville côtière, avec tous les services, les commerces et l&#8217;accès à une marche. Une occasion unique d&#8217;avoir une propriété toute neuve, car elle n&#8217;a jamais été habitée. Les meubles qui apparaissent actuellement font [&hellip;]</p>
