{"id":4215,"date":"2024-08-30T08:07:39","date_gmt":"2024-08-30T08:07:39","guid":{"rendered":"https:\/\/myhomeproperty.es\/property\/maison-jumelee-a-roda\/"},"modified":"2024-10-16T14:52:02","modified_gmt":"2024-10-16T14:52:02","slug":"maison-jumelee-a-roda","status":"publish","type":"property","link":"https:\/\/myhomeproperty.es\/fr\/property\/maison-jumelee-a-roda\/","title":{"rendered":"Maison jumel\u00e9e \u00e0 Roda"},"content":{"rendered":"\n<p>Nous vous pr\u00e9sentons cette charmante maison mitoyenne \u00e0 Roda.<\/p>\n\n<p>Il est distribu\u00e9 sur 2 \u00e9tages et un solarium.\nIl dispose d&#8217;un salon-salle \u00e0 manger, d&#8217;une cuisine ouverte, de 2 chambres \u00e0 coucher, d&#8217;une salle de bain compl\u00e8te, d&#8217;un WC, d&#8217;une grande terrasse avant de 40m2 avec suffisamment d&#8217;espace pour garer un v\u00e9hicule et d&#8217;un solarium. <\/p>\n\n<p>Au premier \u00e9tage se trouvent le salon-salle \u00e0 manger, la cuisine et les toilettes.\nAu premier \u00e9tage, vous trouverez deux chambres et une salle de bains enti\u00e8rement r\u00e9nov\u00e9e. <\/p>\n\n<p>Il dispose d&#8217;un patio andalou commun, accessible par la porte arri\u00e8re, qui peut \u00eatre utilis\u00e9 \u00e0 des fins personnelles, ainsi que d&#8217;une piscine commune et d&#8217;un solarium avec de belles vues.<\/p>\n\n<p>Situ\u00e9 dans le Se\u00f1orio de Roda, \u00e0 seulement 1,5 km de Los Alcazares, une charmante ville c\u00f4ti\u00e8re sur la Mar Menor, dans une zone tranquille mais en m\u00eame temps proche de toutes les commodit\u00e9s, supermarch\u00e9s, restaurants, bars, \u00e9coles et centres m\u00e9dicaux.<\/p>\n\n<div class=\"wp-block-columns are-vertically-aligned-center is-layout-flex wp-container-core-columns-is-layout-9d6595d7 wp-block-columns-is-layout-flex\">\n<div class=\"wp-block-column is-vertically-aligned-center is-layout-flow wp-block-column-is-layout-flow\" style=\"flex-basis:100%\">\n<div class=\"wp-block-group is-vertical is-layout-flex wp-container-core-group-is-layout-8cf370e7 wp-block-group-is-layout-flex\">\n<p>DISTANCES<\/p>\n\n\n\n<p>Terrain de golf (Roda Golf) : 1km<\/p>\n\n\n\n<p>Plage : 2Km<\/p>\n\n\n\n<p>Centre commercial Dos Mares : 15 minutes<\/p>\n\n\n\n<p>Centre commercial La Zenia Bouolevard : 20 minutes<\/p>\n\n\n\n<p>A\u00e9roport de Corvera (Murcia) : 40 minutes<\/p>\n\n\n\n<p>A\u00e9roport d&#8217;Alicante : 50 minutes<\/p>\n<\/div>\n<\/div>\n<\/div>\n\n<p><\/p>\n","protected":false},"excerpt":{"rendered":"<p>Nous vous pr\u00e9sentons cette charmante maison mitoyenne \u00e0 Roda. Il est distribu\u00e9 sur 2 \u00e9tages et un solarium. Il dispose d&#8217;un salon-salle \u00e0 manger, d&#8217;une cuisine ouverte, de 2 chambres \u00e0 coucher, d&#8217;une salle de bain compl\u00e8te, d&#8217;un WC, d&#8217;une grande terrasse avant de 40m2 avec suffisamment d&#8217;espace pour garer un v\u00e9hicule et d&#8217;un solarium. [&hellip;]<\/p>\n","protected":false},"author":3,"featured_media":3979,"parent":0,"menu_order":0,"template":"","property_type":[],"property_status":[44],"property_feature":[43],"property_label":[],"property_country":[],"property_state":[39],"property_city":[38],"property_area":[],"class_list":["post-4215","property","type-property","status-publish","has-post-thumbnail","hentry","property_status-en-vente","property_feature-piscina-fr","property_state-region-de-murcie","property_city-san-javier-fr"],"property_meta":{"fave_featured":["0"],"houzez_featured_listing_date":[""],"fave_property_images":["3977","3785","3983","4031","4049","4043","4037","4055","3815","4067","4079","4206","4115","4121","4103","4097","4091","4127","4085","4109","4025","4169","4181","4157","4151","4139","4133","4019","4001","4013","4194","4200"],"fave_single_top_area":["global"],"_top_nav_excluded":[""],"_cms_nav_minihome":[""],"houzez_geolocation_lat":["37.7713415"],"houzez_geolocation_long":["-0.8596869"],"_last_translation_edit_mode":["translation-editor"],"_thumbnail_id":["3979"],"fave_property_price":["145900"],"fave_property_size":["90"],"fave_property_land":["100"],"fave_property_bedrooms":["2"],"fave_property_bathrooms":["2"],"fave_property_id":["3017MH"],"fave_property_map":["1"],"fave_property_map_address":["Roda, Avenida Marqu\u00e9s de Rozalejo, El Lugarico, Roda, San Javier, Campo de Cartagena y Mar Menor, Regi\u00f3n de Murcia, 32000, Spain"],"fave_property_location":["37.7713415,-0.8596869,15"],"fave_property_map_street_view":["cacher"],"fave_property_zip":["30730"],"fave_video_url":["https:\/\/youtu.be\/hkZSF_2sN_U?si=edbhT7JkcR2x8cyU"],"fave_agent_display_option":["none"],"fave_prop_homeslider":["oui"],"fave_private_note":["WILLEM Infanta Cristina 44 Roda IBI 153\u20ac Cominudad 107 quarter 3% commission  "],"fave_energy_class":["G"],"fave_energy_global_index":["56"],"houzez_manual_expire":["0"],"_houzez_expiration_date_status":["saved"],"houzez_total_property_views":["146"],"houzez_views_by_date":["a:61:{s:10:\"06-22-2025\";i:2;s:10:\"07-01-2025\";i:2;s:10:\"07-03-2025\";i:1;s:10:\"07-09-2025\";i:2;s:10:\"07-12-2025\";i:1;s:10:\"07-14-2025\";i:2;s:10:\"07-21-2025\";i:1;s:10:\"07-24-2025\";i:1;s:10:\"07-26-2025\";i:1;s:10:\"07-28-2025\";i:1;s:10:\"08-03-2025\";i:1;s:10:\"08-23-2025\";i:2;s:10:\"08-30-2025\";i:3;s:10:\"09-05-2025\";i:1;s:10:\"09-11-2025\";i:1;s:10:\"09-12-2025\";i:2;s:10:\"09-16-2025\";i:1;s:10:\"09-21-2025\";i:3;s:10:\"09-27-2025\";i:1;s:10:\"09-29-2025\";i:2;s:10:\"09-30-2025\";i:1;s:10:\"10-02-2025\";i:1;s:10:\"10-07-2025\";i:2;s:10:\"10-08-2025\";i:1;s:10:\"10-15-2025\";i:2;s:10:\"10-21-2025\";i:1;s:10:\"11-03-2025\";i:1;s:10:\"11-12-2025\";i:2;s:10:\"11-26-2025\";i:1;s:10:\"12-01-2025\";i:1;s:10:\"12-08-2025\";i:1;s:10:\"12-13-2025\";i:1;s:10:\"12-15-2025\";i:1;s:10:\"12-21-2025\";i:1;s:10:\"01-01-2026\";i:1;s:10:\"01-04-2026\";i:1;s:10:\"01-14-2026\";i:1;s:10:\"01-20-2026\";i:1;s:10:\"01-26-2026\";i:1;s:10:\"02-01-2026\";i:1;s:10:\"02-13-2026\";i:1;s:10:\"02-19-2026\";i:1;s:10:\"02-21-2026\";i:1;s:10:\"02-25-2026\";i:1;s:10:\"03-11-2026\";i:2;s:10:\"03-12-2026\";i:1;s:10:\"03-17-2026\";i:2;s:10:\"03-19-2026\";i:1;s:10:\"03-24-2026\";i:1;s:10:\"03-25-2026\";i:1;s:10:\"03-29-2026\";i:1;s:10:\"04-01-2026\";i:1;s:10:\"04-05-2026\";i:1;s:10:\"04-11-2026\";i:3;s:10:\"04-15-2026\";i:1;s:10:\"04-16-2026\";i:1;s:10:\"04-20-2026\";i:2;s:10:\"04-21-2026\";i:1;s:10:\"04-24-2026\";i:1;s:10:\"04-27-2026\";i:1;s:10:\"04-28-2026\";i:4;}"],"houzez_recently_viewed":["2026-04-28 23:10:53"],"_elementor_page_assets":["a:0:{}"]},"_links":{"self":[{"href":"https:\/\/myhomeproperty.es\/fr\/wp-json\/wp\/v2\/properties\/4215","targetHints":{"allow":["GET"]}}],"collection":[{"href":"https:\/\/myhomeproperty.es\/fr\/wp-json\/wp\/v2\/properties"}],"about":[{"href":"https:\/\/myhomeproperty.es\/fr\/wp-json\/wp\/v2\/types\/property"}],"author":[{"embeddable":true,"href":"https:\/\/myhomeproperty.es\/fr\/wp-json\/wp\/v2\/users\/3"}],"version-history":[{"count":1,"href":"https:\/\/myhomeproperty.es\/fr\/wp-json\/wp\/v2\/properties\/4215\/revisions"}],"predecessor-version":[{"id":4216,"href":"https:\/\/myhomeproperty.es\/fr\/wp-json\/wp\/v2\/properties\/4215\/revisions\/4216"}],"wp:featuredmedia":[{"embeddable":true,"href":"https:\/\/myhomeproperty.es\/fr\/wp-json\/wp\/v2\/media\/3979"}],"wp:attachment":[{"href":"https:\/\/myhomeproperty.es\/fr\/wp-json\/wp\/v2\/media?parent=4215"}],"wp:term":[{"taxonomy":"property_type","embeddable":true,"href":"https:\/\/myhomeproperty.es\/fr\/wp-json\/wp\/v2\/property_type?post=4215"},{"taxonomy":"property_status","embeddable":true,"href":"https:\/\/myhomeproperty.es\/fr\/wp-json\/wp\/v2\/property_status?post=4215"},{"taxonomy":"property_feature","embeddable":true,"href":"https:\/\/myhomeproperty.es\/fr\/wp-json\/wp\/v2\/property_feature?post=4215"},{"taxonomy":"property_label","embeddable":true,"href":"https:\/\/myhomeproperty.es\/fr\/wp-json\/wp\/v2\/property_label?post=4215"},{"taxonomy":"property_country","embeddable":true,"href":"https:\/\/myhomeproperty.es\/fr\/wp-json\/wp\/v2\/property_country?post=4215"},{"taxonomy":"property_state","embeddable":true,"href":"https:\/\/myhomeproperty.es\/fr\/wp-json\/wp\/v2\/property_state?post=4215"},{"taxonomy":"property_city","embeddable":true,"href":"https:\/\/myhomeproperty.es\/fr\/wp-json\/wp\/v2\/property_city?post=4215"},{"taxonomy":"property_area","embeddable":true,"href":"https:\/\/myhomeproperty.es\/fr\/wp-json\/wp\/v2\/property_area?post=4215"}],"curies":[{"name":"wp","href":"https:\/\/api.w.org\/{rel}","templated":true}]}}

Maison jumelée à Roda

<p>Nous vous présentons cette charmante maison mitoyenne à Roda.</p>

<p>Il est distribué sur 2 étages et un solarium.
Il dispose d&#8217;un salon-salle à manger, d&#8217;une cuisine ouverte, de 2 chambres à coucher, d&#8217;une salle de bain complète, d&#8217;un WC, d&#8217;une grande terrasse avant de 40m2 avec suffisamment d&#8217;espace pour garer un véhicule et d&#8217;un solarium. </p>

<p>Au premier étage se trouvent le salon-salle à manger, la cuisine et les toilettes.
Au premier étage, vous trouverez deux chambres et une salle de bains entièrement rénovée. </p>

<p>Il dispose d&#8217;un patio andalou commun, accessible par la porte arrière, qui peut être utilisé à des fins personnelles, ainsi que d&#8217;une piscine commune et d&#8217;un solarium avec de belles vues.</p>

<p>Situé dans le Señorio de Roda, à seulement 1,5 km de Los Alcazares, une charmante ville côtière sur la Mar Menor, dans une zone tranquille mais en même temps proche de toutes les commodités, supermarchés, restaurants, bars, écoles et centres médicaux.</p>

<div class="wp-block-columns are-vertically-aligned-center is-layout-flex wp-container-core-columns-is-layout-9d6595d7 wp-block-columns-is-layout-flex">
<div class="wp-block-column is-vertically-aligned-center is-layout-flow wp-block-column-is-layout-flow" style="flex-basis:100%">
<div class="wp-block-group is-vertical is-layout-flex wp-container-core-group-is-layout-8cf370e7 wp-block-group-is-layout-flex">
<p>DISTANCES</p>



<p>Terrain de golf (Roda Golf) : 1km</p>



<p>Plage : 2Km</p>



<p>Centre commercial Dos Mares : 15 minutes</p>



<p>Centre commercial La Zenia Bouolevard : 20 minutes</p>



<p>Aéroport de Corvera (Murcia) : 40 minutes</p>



<p>Aéroport d&#8217;Alicante : 50 minutes</p>
</div>
</div>
</div>

<p></p>

<p>Nous vous présentons cette charmante maison mitoyenne à Roda. Il est distribué sur 2 étages et un solarium. Il dispose d&#8217;un salon-salle à manger, d&#8217;une cuisine ouverte, de 2 chambres à coucher, d&#8217;une salle de bain complète, d&#8217;un WC, d&#8217;une grande terrasse avant de 40m2 avec suffisamment d&#8217;espace pour garer un véhicule et d&#8217;un solarium. [&hellip;]</p>

Roda, Avenida Marqués de Rozalejo, El Lugarico, Roda, San Javier, Campo de Cartagena y Mar Menor, Región de Murcia, 32000, Spain
