{"id":480,"date":"2024-07-05T10:52:15","date_gmt":"2024-07-05T10:52:15","guid":{"rendered":"https:\/\/myhomeproperty.es\/property\/villas-jumelees-avec-piscine-privee-a-santiago-de-la-ribera\/"},"modified":"2024-07-24T11:00:42","modified_gmt":"2024-07-24T11:00:42","slug":"villas-jumelees-avec-piscine-privee-a-santiago-de-la-ribera","status":"publish","type":"property","link":"https:\/\/myhomeproperty.es\/fr\/property\/villas-jumelees-avec-piscine-privee-a-santiago-de-la-ribera\/","title":{"rendered":"Villas jumel\u00e9es avec piscine priv\u00e9e \u00e0 Santiago de la Ribera"},"content":{"rendered":"\n<p>Villas jumel\u00e9es et semi-d\u00e9tach\u00e9es avec piscine priv\u00e9e (\u00e0 650 m\u00e8tres des plages)<\/p>\n\n<figure class=\"wp-block-image size-large\"><img fetchpriority=\"high\" decoding=\"async\" width=\"1024\" height=\"576\" src=\"https:\/\/myhomeproperty.es\/wp-content\/uploads\/2024\/07\/5_3-Photo-1024x576.jpg\" alt=\"\" class=\"wp-image-184\" srcset=\"https:\/\/myhomeproperty.es\/wp-content\/uploads\/2024\/07\/5_3-Photo-1024x576.jpg 1024w, https:\/\/myhomeproperty.es\/wp-content\/uploads\/2024\/07\/5_3-Photo-300x169.jpg 300w, https:\/\/myhomeproperty.es\/wp-content\/uploads\/2024\/07\/5_3-Photo-768x432.jpg 768w, https:\/\/myhomeproperty.es\/wp-content\/uploads\/2024\/07\/5_3-Photo-1536x864.jpg 1536w, https:\/\/myhomeproperty.es\/wp-content\/uploads\/2024\/07\/5_3-Photo-2048x1152.jpg 2048w, https:\/\/myhomeproperty.es\/wp-content\/uploads\/2024\/07\/5_3-Photo-1067x600.jpg 1067w, https:\/\/myhomeproperty.es\/wp-content\/uploads\/2024\/07\/5_3-Photo-496x279.jpg 496w\" sizes=\"(max-width: 1024px) 100vw, 1024px\" \/><\/figure>\n\n<p>Une grande villa reli\u00e9e et 8 villas semi-d\u00e9tach\u00e9es &#8211; toutes con\u00e7ues pour offrir le meilleur espace de vie ouvert, avec des doubles portes coulissantes en verre qui s&#8217;ouvrent directement sur une grande terrasse avec piscine priv\u00e9e, terrasse et aire de stationnement.<\/p>\n\n<p>Les deux villas disposent de 3 chambres de taille g\u00e9n\u00e9reuse (au premier \u00e9tage avec salle de bains), et d&#8217;une salle de bains suppl\u00e9mentaire au rez-de-chauss\u00e9e avec douche \u00e0 l&#8217;italienne. La zone de vie du rez-de-chauss\u00e9e comprend une cuisine enti\u00e8rement \u00e9quip\u00e9e avec une table rabattable, un salon\/salle \u00e0 manger ouvert, une zone de cuisine enti\u00e8rement \u00e9quip\u00e9e avec des appareils, un espace de stockage ext\u00e9rieur et des terrasses sur le c\u00f4t\u00e9 de la villa, depuis la chambre principale et depuis le salon.<\/p>\n\n<p>Parfaitement situ\u00e9es&#8230; Ces villas se trouvent \u00e0 quelques minutes de marche des plages de San Javier et \u00e0 seulement 5 minutes du centre. Le march\u00e9 du mercredi et du samedi se trouve \u00e0 seulement 150 m\u00e8tres.<\/p>\n\n<p>Parfait pour les loisirs&#8230; Des kilom\u00e8tres et des kilom\u00e8tres de paseo \u00e0 explorer&#8230; c&#8217;est vraiment un endroit incroyable pour se promener, que ce soit en journ\u00e9e ou en soir\u00e9e, avec d&#8217;innombrables restaurants parmi lesquels choisir, et de superbes petits bars \u00e0 tapas juste au bord de la mer, pourquoi ne pas visiter le club de voile. Cette r\u00e9gion offre une vari\u00e9t\u00e9 d&#8217;activit\u00e9s sportives, y compris des sports nautiques saisonniers &#8230; Avec des terrains de golf particuli\u00e8rement bien situ\u00e9s \u00e0 proximit\u00e9 !<\/p>\n\n<p class=\"has-text-align-left\">Ville : San Javier (Costa Calida)<br\/>R\u00e9gion : Costa Calida (MURCIA)<br\/>Zone : Ville (10 minutes \u00e0 pied) Plage (5 minutes \u00e0 pied)<br\/>Vues : Ville, C\u00f4te<br\/>Type : Villas (semi-d\u00e9tach\u00e9es et li\u00e9es)<br\/>Piscine : Piscine priv\u00e9e<br\/>Chambres \u00e0 coucher : 3<br\/>Salles de bains : 2<br\/>Statut : Nouvelle construction<br\/>Taille de la propri\u00e9t\u00e9 : 94,00 m2<br\/>Taille des parcelles : 120,00 m2 \u00e0 220,00 m2<br\/>Jardin : Priv\u00e9<\/p>\n","protected":false},"excerpt":{"rendered":"<p>Villas jumel\u00e9es et semi-d\u00e9tach\u00e9es avec piscine priv\u00e9e (\u00e0 650 m\u00e8tres des plages) Une grande villa reli\u00e9e et 8 villas semi-d\u00e9tach\u00e9es &#8211; toutes con\u00e7ues pour offrir le meilleur espace de vie ouvert, avec des doubles portes coulissantes en verre qui s&#8217;ouvrent directement sur une grande terrasse avec piscine priv\u00e9e, terrasse et aire de stationnement. Les deux [&hellip;]<\/p>\n","protected":false},"author":3,"featured_media":0,"parent":0,"menu_order":0,"template":"","property_type":[],"property_status":[44],"property_feature":[],"property_label":[],"property_country":[32],"property_state":[39],"property_city":[38],"property_area":[],"class_list":["post-480","property","type-property","status-publish","hentry","property_status-en-vente","property_country-spain-fr","property_state-region-de-murcie","property_city-san-javier-fr"],"property_meta":{"fave_featured":["1"],"houzez_featured_listing_date":["2024-07-05 19:24:47"],"fave_property_images":["165","169","167","170","168","185","186","184","183","180","176","178","174","171","182","181","177","179","173","172","175","164","163","166"],"fave_single_top_area":["global"],"_top_nav_excluded":[""],"_cms_nav_minihome":[""],"houzez_geolocation_lat":["37.7972232"],"houzez_geolocation_long":["-0.8048727"],"_last_translation_edit_mode":["translation-editor"],"houzez_total_property_views":["140"],"houzez_views_by_date":["a:61:{s:10:\"08-30-2025\";i:3;s:10:\"09-03-2025\";i:1;s:10:\"09-05-2025\";i:2;s:10:\"09-07-2025\";i:1;s:10:\"09-11-2025\";i:2;s:10:\"09-12-2025\";i:1;s:10:\"09-13-2025\";i:1;s:10:\"09-15-2025\";i:1;s:10:\"09-16-2025\";i:2;s:10:\"09-17-2025\";i:1;s:10:\"09-18-2025\";i:2;s:10:\"09-19-2025\";i:1;s:10:\"09-20-2025\";i:1;s:10:\"09-22-2025\";i:2;s:10:\"09-28-2025\";i:1;s:10:\"10-01-2025\";i:2;s:10:\"10-03-2025\";i:1;s:10:\"10-09-2025\";i:1;s:10:\"10-16-2025\";i:1;s:10:\"10-21-2025\";i:2;s:10:\"10-29-2025\";i:1;s:10:\"11-07-2025\";i:1;s:10:\"11-19-2025\";i:1;s:10:\"11-27-2025\";i:1;s:10:\"12-06-2025\";i:1;s:10:\"12-13-2025\";i:1;s:10:\"12-15-2025\";i:1;s:10:\"12-19-2025\";i:1;s:10:\"12-25-2025\";i:1;s:10:\"12-27-2025\";i:1;s:10:\"01-06-2026\";i:1;s:10:\"01-09-2026\";i:1;s:10:\"01-11-2026\";i:2;s:10:\"01-12-2026\";i:1;s:10:\"01-16-2026\";i:1;s:10:\"01-24-2026\";i:1;s:10:\"01-28-2026\";i:1;s:10:\"02-02-2026\";i:1;s:10:\"02-04-2026\";i:1;s:10:\"02-16-2026\";i:1;s:10:\"02-18-2026\";i:1;s:10:\"02-21-2026\";i:1;s:10:\"03-02-2026\";i:1;s:10:\"03-07-2026\";i:1;s:10:\"03-11-2026\";i:2;s:10:\"03-14-2026\";i:2;s:10:\"03-18-2026\";i:1;s:10:\"03-19-2026\";i:1;s:10:\"03-23-2026\";i:1;s:10:\"03-24-2026\";i:1;s:10:\"03-25-2026\";i:1;s:10:\"03-29-2026\";i:1;s:10:\"03-31-2026\";i:1;s:10:\"04-05-2026\";i:1;s:10:\"04-11-2026\";i:1;s:10:\"04-16-2026\";i:1;s:10:\"04-19-2026\";i:1;s:10:\"04-20-2026\";i:1;s:10:\"04-21-2026\";i:1;s:10:\"04-26-2026\";i:1;s:10:\"04-28-2026\";i:1;}"],"houzez_recently_viewed":["2026-04-28 18:55:20"],"houzez_manual_expire":["0"],"_houzez_expiration_date_status":["saved"],"fave_property_price":["319950"],"fave_property_size":["95"],"fave_property_land":["120"],"fave_property_bedrooms":["3"],"fave_property_bathrooms":["2"],"fave_property_id":["3002MH1"],"fave_property_map":["1"],"fave_property_map_address":["Santiago de La Ribera, Avenida Sandoval, Santiago de la Ribera, San Javier, Campo de Cartagena y Mar Menor, 30720, Espa\u00f1a"],"fave_property_location":["37.7972232,-0.8048727,15"],"fave_property_map_street_view":["cacher"],"fave_video_url":["https:\/\/youtu.be\/H4Y0GWs_JDQ?si=R5euiVsgWP1MgcXx"],"fave_agent_display_option":["none"],"fave_prop_homeslider":["oui"],"fave_private_note":["ELISA BEACH GROUP 1 - SAN BLAS EN LA RIBERA 5\/7\/2024\n"],"additional_features":["a:4:{i:0;a:1:{s:29:\"fave_additional_feature_title\";s:16:\"600m de la plage\";}i:1;a:1:{s:29:\"fave_additional_feature_title\";s:38:\"A proximit\u00e9 de restaurants et de bars\";}i:2;a:1:{s:29:\"fave_additional_feature_title\";s:20:\"Pr\u00e8s de l'a\u00e9roport\";}i:3;a:1:{s:29:\"fave_additional_feature_title\";s:15:\"Piscine priv\u00e9e\";}}"],"floor_plans":["a:1:{i:0;a:1:{s:15:\"fave_plan_image\";s:96:\"https:\/\/myhomeproperty.es\/wp-content\/uploads\/2024\/07\/Captura-de-pantalla-2024-07-05-123202-1.png\";}}"],"_elementor_page_assets":["a:0:{}"]},"_links":{"self":[{"href":"https:\/\/myhomeproperty.es\/fr\/wp-json\/wp\/v2\/properties\/480","targetHints":{"allow":["GET"]}}],"collection":[{"href":"https:\/\/myhomeproperty.es\/fr\/wp-json\/wp\/v2\/properties"}],"about":[{"href":"https:\/\/myhomeproperty.es\/fr\/wp-json\/wp\/v2\/types\/property"}],"author":[{"embeddable":true,"href":"https:\/\/myhomeproperty.es\/fr\/wp-json\/wp\/v2\/users\/3"}],"version-history":[{"count":4,"href":"https:\/\/myhomeproperty.es\/fr\/wp-json\/wp\/v2\/properties\/480\/revisions"}],"predecessor-version":[{"id":2445,"href":"https:\/\/myhomeproperty.es\/fr\/wp-json\/wp\/v2\/properties\/480\/revisions\/2445"}],"wp:attachment":[{"href":"https:\/\/myhomeproperty.es\/fr\/wp-json\/wp\/v2\/media?parent=480"}],"wp:term":[{"taxonomy":"property_type","embeddable":true,"href":"https:\/\/myhomeproperty.es\/fr\/wp-json\/wp\/v2\/property_type?post=480"},{"taxonomy":"property_status","embeddable":true,"href":"https:\/\/myhomeproperty.es\/fr\/wp-json\/wp\/v2\/property_status?post=480"},{"taxonomy":"property_feature","embeddable":true,"href":"https:\/\/myhomeproperty.es\/fr\/wp-json\/wp\/v2\/property_feature?post=480"},{"taxonomy":"property_label","embeddable":true,"href":"https:\/\/myhomeproperty.es\/fr\/wp-json\/wp\/v2\/property_label?post=480"},{"taxonomy":"property_country","embeddable":true,"href":"https:\/\/myhomeproperty.es\/fr\/wp-json\/wp\/v2\/property_country?post=480"},{"taxonomy":"property_state","embeddable":true,"href":"https:\/\/myhomeproperty.es\/fr\/wp-json\/wp\/v2\/property_state?post=480"},{"taxonomy":"property_city","embeddable":true,"href":"https:\/\/myhomeproperty.es\/fr\/wp-json\/wp\/v2\/property_city?post=480"},{"taxonomy":"property_area","embeddable":true,"href":"https:\/\/myhomeproperty.es\/fr\/wp-json\/wp\/v2\/property_area?post=480"}],"curies":[{"name":"wp","href":"https:\/\/api.w.org\/{rel}","templated":true}]}}

Villas jumelées avec piscine privée à Santiago de la Ribera

<p>Villas jumelées et semi-détachées avec piscine privée (à 650 mètres des plages)</p>

<figure class="wp-block-image size-large"><img fetchpriority="high" decoding="async" width="1024" height="576" src="https://myhomeproperty.es/wp-content/uploads/2024/07/5_3-Photo-1024x576.jpg" alt="" class="wp-image-184" srcset="https://myhomeproperty.es/wp-content/uploads/2024/07/5_3-Photo-1024x576.jpg 1024w, https://myhomeproperty.es/wp-content/uploads/2024/07/5_3-Photo-300x169.jpg 300w, https://myhomeproperty.es/wp-content/uploads/2024/07/5_3-Photo-768x432.jpg 768w, https://myhomeproperty.es/wp-content/uploads/2024/07/5_3-Photo-1536x864.jpg 1536w, https://myhomeproperty.es/wp-content/uploads/2024/07/5_3-Photo-2048x1152.jpg 2048w, https://myhomeproperty.es/wp-content/uploads/2024/07/5_3-Photo-1067x600.jpg 1067w, https://myhomeproperty.es/wp-content/uploads/2024/07/5_3-Photo-496x279.jpg 496w" sizes="(max-width: 1024px) 100vw, 1024px" /></figure>

<p>Une grande villa reliée et 8 villas semi-détachées &#8211; toutes conçues pour offrir le meilleur espace de vie ouvert, avec des doubles portes coulissantes en verre qui s&#8217;ouvrent directement sur une grande terrasse avec piscine privée, terrasse et aire de stationnement.</p>

<p>Les deux villas disposent de 3 chambres de taille généreuse (au premier étage avec salle de bains), et d&#8217;une salle de bains supplémentaire au rez-de-chaussée avec douche à l&#8217;italienne. La zone de vie du rez-de-chaussée comprend une cuisine entièrement équipée avec une table rabattable, un salon/salle à manger ouvert, une zone de cuisine entièrement équipée avec des appareils, un espace de stockage extérieur et des terrasses sur le côté de la villa, depuis la chambre principale et depuis le salon.</p>

<p>Parfaitement situées&#8230; Ces villas se trouvent à quelques minutes de marche des plages de San Javier et à seulement 5 minutes du centre. Le marché du mercredi et du samedi se trouve à seulement 150 mètres.</p>

<p>Parfait pour les loisirs&#8230; Des kilomètres et des kilomètres de paseo à explorer&#8230; c&#8217;est vraiment un endroit incroyable pour se promener, que ce soit en journée ou en soirée, avec d&#8217;innombrables restaurants parmi lesquels choisir, et de superbes petits bars à tapas juste au bord de la mer, pourquoi ne pas visiter le club de voile. Cette région offre une variété d&#8217;activités sportives, y compris des sports nautiques saisonniers &#8230; Avec des terrains de golf particulièrement bien situés à proximité !</p>

<p class="has-text-align-left">Ville : San Javier (Costa Calida)<br/>Région : Costa Calida (MURCIA)<br/>Zone : Ville (10 minutes à pied) Plage (5 minutes à pied)<br/>Vues : Ville, Côte<br/>Type : Villas (semi-détachées et liées)<br/>Piscine : Piscine privée<br/>Chambres à coucher : 3<br/>Salles de bains : 2<br/>Statut : Nouvelle construction<br/>Taille de la propriété : 94,00 m2<br/>Taille des parcelles : 120,00 m2 à 220,00 m2<br/>Jardin : Privé</p>

<p>Villas jumelées et semi-détachées avec piscine privée (à 650 mètres des plages) Une grande villa reliée et 8 villas semi-détachées &#8211; toutes conçues pour offrir le meilleur espace de vie ouvert, avec des doubles portes coulissantes en verre qui s&#8217;ouvrent directement sur une grande terrasse avec piscine privée, terrasse et aire de stationnement. Les deux [&hellip;]</p>

Santiago de La Ribera, Avenida Sandoval, Santiago de la Ribera, San Javier, Campo de Cartagena y Mar Menor, 30720, España

a:4:{i:0;a:1:{s:29:"fave_additional_feature_title";s:16:"600m de la plage";}i:1;a:1:{s:29:"fave_additional_feature_title";s:38:"A proximité de restaurants et de bars";}i:2;a:1:{s:29:"fave_additional_feature_title";s:20:"Près de l'aéroport";}i:3;a:1:{s:29:"fave_additional_feature_title";s:15:"Piscine privée";}}
