{"id":493,"date":"2024-07-05T08:45:03","date_gmt":"2024-07-05T08:45:03","guid":{"rendered":"https:\/\/myhomeproperty.es\/property\/villa-de-luxe-a-san-pedro-del-pinatar\/"},"modified":"2024-07-12T11:29:30","modified_gmt":"2024-07-12T11:29:30","slug":"villa-de-luxe-a-san-pedro-del-pinatar","status":"publish","type":"property","link":"https:\/\/myhomeproperty.es\/fr\/property\/villa-de-luxe-a-san-pedro-del-pinatar\/","title":{"rendered":"VILLA DE LUXE \u00c0 SAN PEDRO DEL PINATAR"},"content":{"rendered":"\n<p>Ces superbes villas de plain-pied avec des parcelles g\u00e9n\u00e9reuses sont situ\u00e9es dans un quartier r\u00e9sidentiel \u00e0 c\u00f4t\u00e9 d&#8217;un parc \u00e0 San Pedro del Pinatar.<\/p>\n\n<p>Villas ind\u00e9pendantes CONTEMPORAINES de 3 chambres avec une magnifique piscine priv\u00e9e, un grand solarium sur le toit, des terrasses ensoleill\u00e9es \u00e0 l&#8217;avant, sur les c\u00f4t\u00e9s et \u00e0 l&#8217;arri\u00e8re, et un parking hors route.<\/p>\n\n<p>Nous sommes heureux d&#8217;annoncer une nouvelle phase de ces fabuleuses villas de luxe de style &#8221; signature &#8220;, ind\u00e9pendantes et reli\u00e9es, avec piscine priv\u00e9e, dans la ville c\u00f4ti\u00e8re populaire de San Pedro del Pinatar (Murcie).<\/p>\n\n<p>Les villas sont con\u00e7ues sur un seul niveau avec un plafond sur\u00e9lev\u00e9 pour le salon\/cuisine, chaque villa dispose d&#8217;une terrasse enveloppante \/ zones ensoleill\u00e9es au rez-de-chauss\u00e9e et d&#8217;un grand solarium priv\u00e9 au premier \u00e9tage pour profiter des heures d&#8217;ensoleillement, tout au long de l&#8217;ann\u00e9e.<\/p>\n\n<p>3 chambres (la chambre principale en-suite) et une salle de bain familiale s\u00e9par\u00e9e&#8230; con\u00e7u avec un style contemporain &#8216;\u00e9co&#8217; et un concept ouvert, comprenant une cuisine \u00e9quip\u00e9e et un salon-salle \u00e0 manger, un patio d&#8217;\u00e9t\u00e9 priv\u00e9. Les villas sont \u00e9quip\u00e9es de : piscine priv\u00e9e avec douche ext\u00e9rieure, solarium, terrasses, cuisine et salles de bains enti\u00e8rement \u00e9quip\u00e9es avec miroir led, armoires doubl\u00e9es avec tiroirs, \u00e9clairage int\u00e9rieur\/ext\u00e9rieur, climatisation install\u00e9e, volets roulants \u00e9lectriques dans chaque pi\u00e8ce.<\/p>\n\n<p>Le projet est situ\u00e9 dans un quartier r\u00e9sidentiel de San Pedro del Pinatar, entour\u00e9 de services, de parcs, d&#8217;installations sportives, \u00e0 proximit\u00e9 de plusieurs terrains de golf tels que Roda Golf, Lo Romero et La Serena Golf et \u00e0 seulement 5 minutes des superbes plages de la M\u00e9diterran\u00e9e ou de la Mar Menor.<\/p>\n\n<p>Un d\u00e9veloppement de style signature s\u00e9lectionn\u00e9 &#8211; JUST 6 villas contemporaines de plain-pied &#8211; Toutes b\u00e9n\u00e9ficiant de parcelles g\u00e9n\u00e9reuses, d&#8217;une piscine priv\u00e9e et d&#8217;un solarium sur le toit.<\/p>\n\n<p>Ville : San Pedro del Pinatar<br\/>R\u00e9gion : MURCIA<br\/>Zone : Ville (1 minute \u00e0 pied)<br\/>Vues : Plage (15 minutes \u00e0 pied)<br\/>Type : Villas<br\/>Piscine priv\u00e9e : Oui<br\/>Parking : Oui<br\/>Chambres \u00e0 coucher : 3<br\/>Salles de bains : 2<br\/>Statut : Nouvelle construction<br\/>Taille de la propri\u00e9t\u00e9 : 100 m2<br\/>Solarium sur le toit : Oui 38.00m2<br\/>Le jardin : Oui<br\/>Salle de stockage : Oui<\/p>\n","protected":false},"excerpt":{"rendered":"<p>Ces superbes villas de plain-pied avec des parcelles g\u00e9n\u00e9reuses sont situ\u00e9es dans un quartier r\u00e9sidentiel \u00e0 c\u00f4t\u00e9 d&#8217;un parc \u00e0 San Pedro del Pinatar. Villas ind\u00e9pendantes CONTEMPORAINES de 3 chambres avec une magnifique piscine priv\u00e9e, un grand solarium sur le toit, des terrasses ensoleill\u00e9es \u00e0 l&#8217;avant, sur les c\u00f4t\u00e9s et \u00e0 l&#8217;arri\u00e8re, et un parking [&hellip;]<\/p>\n","protected":false},"author":3,"featured_media":0,"parent":0,"menu_order":0,"template":"","property_type":[],"property_status":[44],"property_feature":[],"property_label":[],"property_country":[32],"property_state":[39],"property_city":[42],"property_area":[],"class_list":["post-493","property","type-property","status-publish","hentry","property_status-en-vente","property_country-spain-fr","property_state-region-de-murcie","property_city-san-pedro-del-pinatar-fr"],"property_meta":{"fave_featured":["1"],"houzez_featured_listing_date":["2024-07-05 19:24:52"],"fave_property_images":["107","108","109","110","111","112","113","114","115","147","146","133","132","120","135","136","139","137","138","142","144","141","143","150","151","121","145","140","149","125","126","116","117","156","155"],"fave_single_top_area":["global"],"_top_nav_excluded":[""],"_cms_nav_minihome":[""],"houzez_geolocation_lat":["37.8353328"],"houzez_geolocation_long":["-0.7916121"],"_last_translation_edit_mode":["translation-editor"],"houzez_total_property_views":["116"],"houzez_views_by_date":["a:61:{s:10:\"05-12-2025\";i:1;s:10:\"05-20-2025\";i:2;s:10:\"05-25-2025\";i:2;s:10:\"05-28-2025\";i:1;s:10:\"06-03-2025\";i:2;s:10:\"06-11-2025\";i:1;s:10:\"06-19-2025\";i:2;s:10:\"07-03-2025\";i:1;s:10:\"07-12-2025\";i:1;s:10:\"07-14-2025\";i:3;s:10:\"07-22-2025\";i:1;s:10:\"07-29-2025\";i:1;s:10:\"08-04-2025\";i:1;s:10:\"08-08-2025\";i:1;s:10:\"08-24-2025\";i:1;s:10:\"08-30-2025\";i:2;s:10:\"09-01-2025\";i:2;s:10:\"09-08-2025\";i:1;s:10:\"09-14-2025\";i:3;s:10:\"09-19-2025\";i:1;s:10:\"09-22-2025\";i:1;s:10:\"09-25-2025\";i:1;s:10:\"10-01-2025\";i:1;s:10:\"10-07-2025\";i:1;s:10:\"10-13-2025\";i:1;s:10:\"10-20-2025\";i:1;s:10:\"10-26-2025\";i:1;s:10:\"11-19-2025\";i:1;s:10:\"12-02-2025\";i:1;s:10:\"12-07-2025\";i:1;s:10:\"12-10-2025\";i:1;s:10:\"12-14-2025\";i:1;s:10:\"12-21-2025\";i:1;s:10:\"12-28-2025\";i:1;s:10:\"01-03-2026\";i:1;s:10:\"01-09-2026\";i:1;s:10:\"01-11-2026\";i:2;s:10:\"01-12-2026\";i:1;s:10:\"01-23-2026\";i:1;s:10:\"01-31-2026\";i:1;s:10:\"02-02-2026\";i:1;s:10:\"02-06-2026\";i:1;s:10:\"02-07-2026\";i:1;s:10:\"02-10-2026\";i:1;s:10:\"02-19-2026\";i:1;s:10:\"02-21-2026\";i:1;s:10:\"03-09-2026\";i:1;s:10:\"03-11-2026\";i:2;s:10:\"03-19-2026\";i:1;s:10:\"03-24-2026\";i:1;s:10:\"03-25-2026\";i:1;s:10:\"03-26-2026\";i:2;s:10:\"03-29-2026\";i:1;s:10:\"04-04-2026\";i:1;s:10:\"04-10-2026\";i:1;s:10:\"04-14-2026\";i:1;s:10:\"04-16-2026\";i:1;s:10:\"04-20-2026\";i:2;s:10:\"04-21-2026\";i:2;s:10:\"04-26-2026\";i:1;s:10:\"04-28-2026\";i:2;}"],"houzez_recently_viewed":["2026-04-28 19:53:51"],"fave_virtual_tour":["https:\/\/youtu.be\/u70I0OXa-Xg"],"houzez_manual_expire":["0"],"_houzez_expiration_date_status":["saved"],"fave_property_price":["419950\u20ac"],"fave_property_price_prefix":["De"],"fave_property_size":["100"],"fave_property_land":["260"],"fave_property_bedrooms":["3"],"fave_property_bathrooms":["2"],"fave_property_year":["2024"],"fave_property_id":["3001MH1"],"fave_property_map_address":["San Pedro del Pinatar, Campo de Cartagena y Mar Menor, Regi\u00f3n de Murcia, 30740, Espa\u00f1a"],"fave_property_location":["37.8353328,-0.7916121,15"],"fave_property_map_street_view":["cacher"],"fave_property_zip":["30740"],"fave_video_url":["https:\/\/youtu.be\/u70I0OXa-Xg"],"fave_agent_display_option":["none"],"fave_prop_homeslider":["oui"],"fave_private_note":["MONTEVISTA LUX GRUPO 1 05.07.2024 - zona Av. de Taibilla SP"],"additional_features":["a:6:{i:0;a:1:{s:29:\"fave_additional_feature_title\";s:9:\"Piscine  \";}i:1;a:1:{s:29:\"fave_additional_feature_title\";s:13:\"Nexto au golf\";}i:2;a:1:{s:29:\"fave_additional_feature_title\";s:17:\"Nexto \u00e0 la plage\";}i:3;a:1:{s:29:\"fave_additional_feature_title\";s:20:\"Nexto \u00e0 l'a\u00e9roport\";}i:4;a:1:{s:29:\"fave_additional_feature_title\";s:4:\"Luxe\";}i:5;a:1:{s:29:\"fave_additional_feature_title\";s:14:\"Design moderne\";}}"],"floor_plans":["a:1:{i:0;a:1:{s:15:\"fave_plan_image\";s:92:\"https:\/\/myhomeproperty.es\/wp-content\/uploads\/2024\/07\/MonteVista-Villas-Plano-Tipo-scaled.jpg\";}}"],"_elementor_page_assets":["a:0:{}"]},"_links":{"self":[{"href":"https:\/\/myhomeproperty.es\/fr\/wp-json\/wp\/v2\/properties\/493","targetHints":{"allow":["GET"]}}],"collection":[{"href":"https:\/\/myhomeproperty.es\/fr\/wp-json\/wp\/v2\/properties"}],"about":[{"href":"https:\/\/myhomeproperty.es\/fr\/wp-json\/wp\/v2\/types\/property"}],"author":[{"embeddable":true,"href":"https:\/\/myhomeproperty.es\/fr\/wp-json\/wp\/v2\/users\/3"}],"version-history":[{"count":2,"href":"https:\/\/myhomeproperty.es\/fr\/wp-json\/wp\/v2\/properties\/493\/revisions"}],"predecessor-version":[{"id":1139,"href":"https:\/\/myhomeproperty.es\/fr\/wp-json\/wp\/v2\/properties\/493\/revisions\/1139"}],"wp:attachment":[{"href":"https:\/\/myhomeproperty.es\/fr\/wp-json\/wp\/v2\/media?parent=493"}],"wp:term":[{"taxonomy":"property_type","embeddable":true,"href":"https:\/\/myhomeproperty.es\/fr\/wp-json\/wp\/v2\/property_type?post=493"},{"taxonomy":"property_status","embeddable":true,"href":"https:\/\/myhomeproperty.es\/fr\/wp-json\/wp\/v2\/property_status?post=493"},{"taxonomy":"property_feature","embeddable":true,"href":"https:\/\/myhomeproperty.es\/fr\/wp-json\/wp\/v2\/property_feature?post=493"},{"taxonomy":"property_label","embeddable":true,"href":"https:\/\/myhomeproperty.es\/fr\/wp-json\/wp\/v2\/property_label?post=493"},{"taxonomy":"property_country","embeddable":true,"href":"https:\/\/myhomeproperty.es\/fr\/wp-json\/wp\/v2\/property_country?post=493"},{"taxonomy":"property_state","embeddable":true,"href":"https:\/\/myhomeproperty.es\/fr\/wp-json\/wp\/v2\/property_state?post=493"},{"taxonomy":"property_city","embeddable":true,"href":"https:\/\/myhomeproperty.es\/fr\/wp-json\/wp\/v2\/property_city?post=493"},{"taxonomy":"property_area","embeddable":true,"href":"https:\/\/myhomeproperty.es\/fr\/wp-json\/wp\/v2\/property_area?post=493"}],"curies":[{"name":"wp","href":"https:\/\/api.w.org\/{rel}","templated":true}]}}

VILLA DE LUXE À SAN PEDRO DEL PINATAR

<p>Ces superbes villas de plain-pied avec des parcelles généreuses sont situées dans un quartier résidentiel à côté d&#8217;un parc à San Pedro del Pinatar.</p>

<p>Villas indépendantes CONTEMPORAINES de 3 chambres avec une magnifique piscine privée, un grand solarium sur le toit, des terrasses ensoleillées à l&#8217;avant, sur les côtés et à l&#8217;arrière, et un parking hors route.</p>

<p>Nous sommes heureux d&#8217;annoncer une nouvelle phase de ces fabuleuses villas de luxe de style &#8221; signature &#8220;, indépendantes et reliées, avec piscine privée, dans la ville côtière populaire de San Pedro del Pinatar (Murcie).</p>

<p>Les villas sont conçues sur un seul niveau avec un plafond surélevé pour le salon/cuisine, chaque villa dispose d&#8217;une terrasse enveloppante / zones ensoleillées au rez-de-chaussée et d&#8217;un grand solarium privé au premier étage pour profiter des heures d&#8217;ensoleillement, tout au long de l&#8217;année.</p>

<p>3 chambres (la chambre principale en-suite) et une salle de bain familiale séparée&#8230; conçu avec un style contemporain &#8216;éco&#8217; et un concept ouvert, comprenant une cuisine équipée et un salon-salle à manger, un patio d&#8217;été privé. Les villas sont équipées de : piscine privée avec douche extérieure, solarium, terrasses, cuisine et salles de bains entièrement équipées avec miroir led, armoires doublées avec tiroirs, éclairage intérieur/extérieur, climatisation installée, volets roulants électriques dans chaque pièce.</p>

<p>Le projet est situé dans un quartier résidentiel de San Pedro del Pinatar, entouré de services, de parcs, d&#8217;installations sportives, à proximité de plusieurs terrains de golf tels que Roda Golf, Lo Romero et La Serena Golf et à seulement 5 minutes des superbes plages de la Méditerranée ou de la Mar Menor.</p>

<p>Un développement de style signature sélectionné &#8211; JUST 6 villas contemporaines de plain-pied &#8211; Toutes bénéficiant de parcelles généreuses, d&#8217;une piscine privée et d&#8217;un solarium sur le toit.</p>

<p>Ville : San Pedro del Pinatar<br/>Région : MURCIA<br/>Zone : Ville (1 minute à pied)<br/>Vues : Plage (15 minutes à pied)<br/>Type : Villas<br/>Piscine privée : Oui<br/>Parking : Oui<br/>Chambres à coucher : 3<br/>Salles de bains : 2<br/>Statut : Nouvelle construction<br/>Taille de la propriété : 100 m2<br/>Solarium sur le toit : Oui 38.00m2<br/>Le jardin : Oui<br/>Salle de stockage : Oui</p>

<p>Ces superbes villas de plain-pied avec des parcelles généreuses sont situées dans un quartier résidentiel à côté d&#8217;un parc à San Pedro del Pinatar. Villas indépendantes CONTEMPORAINES de 3 chambres avec une magnifique piscine privée, un grand solarium sur le toit, des terrasses ensoleillées à l&#8217;avant, sur les côtés et à l&#8217;arrière, et un parking [&hellip;]</p>

San Pedro del Pinatar, Campo de Cartagena y Mar Menor, Región de Murcia, 30740, España

a:6:{i:0;a:1:{s:29:"fave_additional_feature_title";s:9:"Piscine  ";}i:1;a:1:{s:29:"fave_additional_feature_title";s:13:"Nexto au golf";}i:2;a:1:{s:29:"fave_additional_feature_title";s:17:"Nexto à la plage";}i:3;a:1:{s:29:"fave_additional_feature_title";s:20:"Nexto à l'aéroport";}i:4;a:1:{s:29:"fave_additional_feature_title";s:4:"Luxe";}i:5;a:1:{s:29:"fave_additional_feature_title";s:14:"Design moderne";}}
