{"id":5162,"date":"2024-09-25T17:08:59","date_gmt":"2024-09-25T17:08:59","guid":{"rendered":"https:\/\/myhomeproperty.es\/property\/maison-jumelee-dans-une-nouvelle-construction-a-san-javier\/"},"modified":"2024-11-29T10:51:00","modified_gmt":"2024-11-29T10:51:00","slug":"maison-jumelee-dans-une-nouvelle-construction-a-san-javier","status":"publish","type":"property","link":"https:\/\/myhomeproperty.es\/fr\/property\/maison-jumelee-dans-une-nouvelle-construction-a-san-javier\/","title":{"rendered":"Maison jumel\u00e9e dans une nouvelle construction \u00e0 San Javier"},"content":{"rendered":"\n<p>Nous vous pr\u00e9sentons ce complexe compos\u00e9 de 8 maisons jumel\u00e9es, avec piscine priv\u00e9e, terrasse et solarium priv\u00e9 dans chaque maison.<\/p>\n\n<p>Les propri\u00e9t\u00e9s disposent de 3 chambres et de 2 salles de bains et sont con\u00e7ues dans un style contemporain avec un concept ouvert, comprenant une cuisine enti\u00e8rement \u00e9quip\u00e9e et un salon-salle \u00e0 manger.<\/p>\n\n<p>Le d\u00e9veloppement est situ\u00e9 \u00e0 San Javier, Murcia, entour\u00e9 de tous les services, d&#8217;installations sportives, \u00e0 proximit\u00e9 de plusieurs terrains de golf et \u00e0 5 minutes des plages de la Mar Menor et \u00e0 10 minutes de la mer M\u00e9diterran\u00e9e.<\/p>\n\n<p>Les logements r\u00e9pondront aux normes les plus strictes et comprendront :<\/p>\n\n<ul class=\"wp-block-list\">\n<li>Piscine priv\u00e9e avec douche ext\u00e9rieure.<\/li>\n\n\n\n<li>Cuisine enti\u00e8rement \u00e9quip\u00e9e avec four, micro-ondes, lave-vaisselle int\u00e9gr\u00e9, r\u00e9frig\u00e9rateur, plaque vitroc\u00e9ramique et hotte aspirante.<\/li>\n\n\n\n<li>\u00c9clairage LED : \u00e0 l&#8217;int\u00e9rieur de la maison (salle \u00e0 manger, cuisine, couloirs et salles de bains), ainsi que dans les espaces ext\u00e9rieurs.<\/li>\n\n\n\n<li>Penderies encastr\u00e9es doubl\u00e9es de blocs-tiroirs.<\/li>\n\n\n\n<li>Salles de bains enti\u00e8rement \u00e9quip\u00e9es avec lavabo, toilettes, miroir avec lumi\u00e8re, douche et \u00e9crans.<\/li>\n\n\n\n<li>Pr\u00e9-installation de la climatisation en gaine.<\/li>\n\n\n\n<li>Gazon artificiel dans le jardin.<\/li>\n\n\n\n<li>Cuisine d&#8217;\u00e9t\u00e9 avec 3 \u00e9l\u00e9ments dans le solarium, avec pr\u00e9-installation pour machine \u00e0 laver et prise de courant.<\/li>\n<\/ul>\n\n<p>Nous nous ferons un plaisir de vous fournir tous les d\u00e9tails et d&#8217;organiser une visite.<\/p>\n\n<div class=\"wp-block-group\"><div class=\"wp-block-group__inner-container is-layout-constrained wp-block-group-is-layout-constrained\">\n<p><br\/><br\/><br\/><br\/><br\/><br\/>Distances : Plage de Mar Menor : 3km Mar Mediterraneo : 10 minutes Centre commercial de Dos Mares : 5 Centre commercial de La Zenia Boulevard : 20 minutes A\u00e9roport de Murcia Corvera : 30 minutes A\u00e9roport d&#8217;Alicante : 1 heure<\/p>\n<\/div><\/div>\n\n<p><\/p>\n","protected":false},"excerpt":{"rendered":"<p>Nous vous pr\u00e9sentons ce complexe compos\u00e9 de 8 maisons jumel\u00e9es, avec piscine priv\u00e9e, terrasse et solarium priv\u00e9 dans chaque maison. Les propri\u00e9t\u00e9s disposent de 3 chambres et de 2 salles de bains et sont con\u00e7ues dans un style contemporain avec un concept ouvert, comprenant une cuisine enti\u00e8rement \u00e9quip\u00e9e et un salon-salle \u00e0 manger. Le d\u00e9veloppement [&hellip;]<\/p>\n","protected":false},"author":3,"featured_media":8534,"parent":0,"menu_order":0,"template":"","property_type":[134],"property_status":[44],"property_feature":[43],"property_label":[],"property_country":[32],"property_state":[39],"property_city":[38],"property_area":[],"class_list":["post-5162","property","type-property","status-publish","has-post-thumbnail","hentry","property_type-maison-jumelee","property_status-en-vente","property_feature-piscina-fr","property_country-spain-fr","property_state-region-de-murcie","property_city-san-javier-fr"],"property_meta":{"fave_featured":["1"],"houzez_featured_listing_date":["2024-09-25 17:09:06"],"fave_property_images":["5038","5026","5032","4906","5020","5014","4918","5044","5050","4912","5074","5080","5062","5068","4924","4930","4936","4978","4984","4972","4966","4960","4948","4942","4954","5008","5002","4996","4990","5092","5110","5098","5086","5104","5116","5122"],"fave_single_top_area":["global"],"_top_nav_excluded":[""],"_cms_nav_minihome":[""],"houzez_geolocation_lat":["37.8096655"],"houzez_geolocation_long":["-0.8219942"],"_thumbnail_id":["8534"],"_last_translation_edit_mode":["translation-editor"],"houzez_manual_expire":["0"],"_houzez_expiration_date_status":["saved"],"houzez_total_property_views":["126"],"houzez_views_by_date":["a:61:{s:10:\"06-11-2025\";i:1;s:10:\"06-18-2025\";i:2;s:10:\"06-26-2025\";i:1;s:10:\"07-01-2025\";i:1;s:10:\"07-10-2025\";i:1;s:10:\"07-14-2025\";i:2;s:10:\"07-17-2025\";i:1;s:10:\"07-25-2025\";i:1;s:10:\"07-26-2025\";i:1;s:10:\"07-31-2025\";i:1;s:10:\"08-14-2025\";i:1;s:10:\"08-21-2025\";i:1;s:10:\"08-26-2025\";i:1;s:10:\"08-30-2025\";i:2;s:10:\"09-03-2025\";i:1;s:10:\"09-04-2025\";i:1;s:10:\"09-09-2025\";i:1;s:10:\"09-14-2025\";i:1;s:10:\"09-19-2025\";i:1;s:10:\"09-23-2025\";i:1;s:10:\"09-24-2025\";i:1;s:10:\"09-28-2025\";i:1;s:10:\"09-29-2025\";i:1;s:10:\"10-05-2025\";i:1;s:10:\"10-10-2025\";i:1;s:10:\"10-17-2025\";i:1;s:10:\"10-22-2025\";i:2;s:10:\"10-26-2025\";i:1;s:10:\"11-15-2025\";i:1;s:10:\"11-20-2025\";i:1;s:10:\"11-24-2025\";i:1;s:10:\"12-05-2025\";i:1;s:10:\"12-12-2025\";i:1;s:10:\"12-15-2025\";i:1;s:10:\"12-23-2025\";i:1;s:10:\"12-24-2025\";i:1;s:10:\"12-25-2025\";i:1;s:10:\"01-05-2026\";i:1;s:10:\"01-12-2026\";i:2;s:10:\"01-16-2026\";i:1;s:10:\"01-31-2026\";i:1;s:10:\"02-06-2026\";i:1;s:10:\"02-18-2026\";i:1;s:10:\"02-19-2026\";i:1;s:10:\"02-21-2026\";i:1;s:10:\"02-24-2026\";i:1;s:10:\"03-04-2026\";i:1;s:10:\"03-10-2026\";i:1;s:10:\"03-11-2026\";i:2;s:10:\"03-14-2026\";i:1;s:10:\"03-16-2026\";i:1;s:10:\"03-19-2026\";i:1;s:10:\"03-20-2026\";i:2;s:10:\"03-25-2026\";i:1;s:10:\"03-30-2026\";i:1;s:10:\"04-06-2026\";i:1;s:10:\"04-11-2026\";i:1;s:10:\"04-16-2026\";i:2;s:10:\"04-21-2026\";i:1;s:10:\"04-22-2026\";i:1;s:10:\"04-28-2026\";i:3;}"],"houzez_recently_viewed":["2026-04-28 22:22:41"],"fave_property_price":["245900"],"fave_property_size":["126"],"fave_property_bedrooms":["3"],"fave_property_bathrooms":["2"],"fave_property_id":["3020MHC"],"fave_property_map_address":["San Javier, Campo de Cartagena et Mar Menor, R\u00e9gion de Murcie, Espagne"],"fave_property_location":["37.8096655,-0.8219942,15"],"fave_property_map_street_view":["cacher"],"fave_property_zip":["30730"],"fave_video_url":["https:\/\/youtu.be\/Xk0Y7N-iFrQ?si=Kmualw509wFGIei4"],"fave_agent_display_option":["none"],"fave_prop_homeslider":["oui"],"fave_private_note":["Rue Residencial Carmen III San Javer Torkas"],"floor_plans":["a:2:{i:0;a:2:{s:15:\"fave_plan_title\";s:6:\"Trac\u00e9\";s:15:\"fave_plan_image\";s:70:\"https:\/\/myhomeproperty.es\/wp-content\/uploads\/2024\/09\/Plot-Carmen-3.jpg\";}i:1;a:1:{s:15:\"fave_plan_image\";s:69:\"https:\/\/myhomeproperty.es\/wp-content\/uploads\/2024\/09\/Vivenda-2468.jpg\";}}"],"_elementor_page_assets":["a:0:{}"]},"_links":{"self":[{"href":"https:\/\/myhomeproperty.es\/fr\/wp-json\/wp\/v2\/properties\/5162","targetHints":{"allow":["GET"]}}],"collection":[{"href":"https:\/\/myhomeproperty.es\/fr\/wp-json\/wp\/v2\/properties"}],"about":[{"href":"https:\/\/myhomeproperty.es\/fr\/wp-json\/wp\/v2\/types\/property"}],"author":[{"embeddable":true,"href":"https:\/\/myhomeproperty.es\/fr\/wp-json\/wp\/v2\/users\/3"}],"version-history":[{"count":1,"href":"https:\/\/myhomeproperty.es\/fr\/wp-json\/wp\/v2\/properties\/5162\/revisions"}],"predecessor-version":[{"id":5164,"href":"https:\/\/myhomeproperty.es\/fr\/wp-json\/wp\/v2\/properties\/5162\/revisions\/5164"}],"wp:featuredmedia":[{"embeddable":true,"href":"https:\/\/myhomeproperty.es\/fr\/wp-json\/wp\/v2\/media\/8534"}],"wp:attachment":[{"href":"https:\/\/myhomeproperty.es\/fr\/wp-json\/wp\/v2\/media?parent=5162"}],"wp:term":[{"taxonomy":"property_type","embeddable":true,"href":"https:\/\/myhomeproperty.es\/fr\/wp-json\/wp\/v2\/property_type?post=5162"},{"taxonomy":"property_status","embeddable":true,"href":"https:\/\/myhomeproperty.es\/fr\/wp-json\/wp\/v2\/property_status?post=5162"},{"taxonomy":"property_feature","embeddable":true,"href":"https:\/\/myhomeproperty.es\/fr\/wp-json\/wp\/v2\/property_feature?post=5162"},{"taxonomy":"property_label","embeddable":true,"href":"https:\/\/myhomeproperty.es\/fr\/wp-json\/wp\/v2\/property_label?post=5162"},{"taxonomy":"property_country","embeddable":true,"href":"https:\/\/myhomeproperty.es\/fr\/wp-json\/wp\/v2\/property_country?post=5162"},{"taxonomy":"property_state","embeddable":true,"href":"https:\/\/myhomeproperty.es\/fr\/wp-json\/wp\/v2\/property_state?post=5162"},{"taxonomy":"property_city","embeddable":true,"href":"https:\/\/myhomeproperty.es\/fr\/wp-json\/wp\/v2\/property_city?post=5162"},{"taxonomy":"property_area","embeddable":true,"href":"https:\/\/myhomeproperty.es\/fr\/wp-json\/wp\/v2\/property_area?post=5162"}],"curies":[{"name":"wp","href":"https:\/\/api.w.org\/{rel}","templated":true}]}}

Maison jumelée dans une nouvelle construction à San Javier

<p>Nous vous présentons ce complexe composé de 8 maisons jumelées, avec piscine privée, terrasse et solarium privé dans chaque maison.</p>

<p>Les propriétés disposent de 3 chambres et de 2 salles de bains et sont conçues dans un style contemporain avec un concept ouvert, comprenant une cuisine entièrement équipée et un salon-salle à manger.</p>

<p>Le développement est situé à San Javier, Murcia, entouré de tous les services, d&#8217;installations sportives, à proximité de plusieurs terrains de golf et à 5 minutes des plages de la Mar Menor et à 10 minutes de la mer Méditerranée.</p>

<p>Les logements répondront aux normes les plus strictes et comprendront :</p>

<ul class="wp-block-list">
<li>Piscine privée avec douche extérieure.</li>



<li>Cuisine entièrement équipée avec four, micro-ondes, lave-vaisselle intégré, réfrigérateur, plaque vitrocéramique et hotte aspirante.</li>



<li>Éclairage LED : à l&#8217;intérieur de la maison (salle à manger, cuisine, couloirs et salles de bains), ainsi que dans les espaces extérieurs.</li>



<li>Penderies encastrées doublées de blocs-tiroirs.</li>



<li>Salles de bains entièrement équipées avec lavabo, toilettes, miroir avec lumière, douche et écrans.</li>



<li>Pré-installation de la climatisation en gaine.</li>



<li>Gazon artificiel dans le jardin.</li>



<li>Cuisine d&#8217;été avec 3 éléments dans le solarium, avec pré-installation pour machine à laver et prise de courant.</li>
</ul>

<p>Nous nous ferons un plaisir de vous fournir tous les détails et d&#8217;organiser une visite.</p>

<div class="wp-block-group"><div class="wp-block-group__inner-container is-layout-constrained wp-block-group-is-layout-constrained">
<p><br/><br/><br/><br/><br/><br/>Distances : Plage de Mar Menor : 3km Mar Mediterraneo : 10 minutes Centre commercial de Dos Mares : 5 Centre commercial de La Zenia Boulevard : 20 minutes Aéroport de Murcia Corvera : 30 minutes Aéroport d&#8217;Alicante : 1 heure</p>
</div></div>

<p></p>

<p>Nous vous présentons ce complexe composé de 8 maisons jumelées, avec piscine privée, terrasse et solarium privé dans chaque maison. Les propriétés disposent de 3 chambres et de 2 salles de bains et sont conçues dans un style contemporain avec un concept ouvert, comprenant une cuisine entièrement équipée et un salon-salle à manger. Le développement [&hellip;]</p>

San Javier, Campo de Cartagena et Mar Menor, Région de Murcie, Espagne

a:2:{i:0;a:2:{s:15:"fave_plan_title";s:6:"Tracé";s:15:"fave_plan_image";s:70:"https://myhomeproperty.es/wp-content/uploads/2024/09/Plot-Carmen-3.jpg";}i:1;a:1:{s:15:"fave_plan_image";s:69:"https://myhomeproperty.es/wp-content/uploads/2024/09/Vivenda-2468.jpg";}}
