{"id":7832,"date":"2024-10-04T16:53:59","date_gmt":"2024-10-04T16:53:59","guid":{"rendered":"https:\/\/myhomeproperty.es\/property\/appartement-de-deux-chambres-et-deux-salles-de-bain-en-bord-de-mer-a-torre-de-la-horadada\/"},"modified":"2024-10-29T09:23:05","modified_gmt":"2024-10-29T09:23:05","slug":"appartement-de-deux-chambres-et-deux-salles-de-bain-en-bord-de-mer-a-torre-de-la-horadada","status":"publish","type":"property","link":"https:\/\/myhomeproperty.es\/fr\/property\/appartement-de-deux-chambres-et-deux-salles-de-bain-en-bord-de-mer-a-torre-de-la-horadada\/","title":{"rendered":"Appartement de deux chambres et deux salles de bain en bord de mer \u00e0 Torre de la Horadada"},"content":{"rendered":"\n<p>Nous vous pr\u00e9sentons cet appartement avec une situation exclusive et merveilleuse \u00e0 Torre de la Horadada.\nL&#8217;immeuble est situ\u00e9 sur le front de mer, avec un acc\u00e8s depuis la terrasse commune \u00e0 une petite et belle crique de la mer M\u00e9diterran\u00e9e. <\/p>\n\n<p>L&#8217;appartement se compose d&#8217;un hall d&#8217;entr\u00e9e, d&#8217;un grand salon-salle \u00e0 manger, d&#8217;une cuisine s\u00e9par\u00e9e, d&#8217;une grande buanderie, d&#8217;un balcon avec vue sur la mer, de deux chambres \u00e0 coucher, de deux salles de bains et d&#8217;un d\u00e9barras.\nLa propri\u00e9t\u00e9 comptait \u00e0 l&#8217;origine trois chambres \u00e0 coucher, de sorte que la troisi\u00e8me chambre \u00e0 coucher pourrait facilement \u00eatre r\u00e9cup\u00e9r\u00e9e pratiquement sans travaux de construction, tout en offrant d&#8217;autres possibilit\u00e9s de r\u00e9novation. <\/p>\n\n<p>En outre, la communaut\u00e9 dispose d&#8217;une grande terrasse \u00e0 l&#8217;avant avec des vues spectaculaires sur la mer, \u00e0 l&#8217;usage des propri\u00e9taires.<\/p>\n\n<p>Situ\u00e9 \u00e0 proximit\u00e9 de l&#8217;h\u00f4tel, des supermarch\u00e9s, de la pharmacie et de la station-service.\nPilar de la Horadada se trouve \u00e0 seulement 3 km et offre tous les services.\nId\u00e9al comme propri\u00e9t\u00e9 r\u00e9sidentielle pour profiter de la tranquillit\u00e9 et du soleil tout au long de l&#8217;ann\u00e9e, ou \u00e9galement pour vos escapades de d\u00e9connexion.  <\/p>\n\n<p>Si vous souhaitez nous rendre visite, contactez-nous sans engagement.<\/p>\n\n<p><br\/><br\/><br\/><br\/>Distances : Centre commercial Dos Mares : 10 minutes Centre commercial La Zenia Boulevard : 15 minutes A\u00e9roport de Corvera Murcia : 30 minutes A\u00e9roport d&#8217;Alicante : 50 minutes<\/p>\n","protected":false},"excerpt":{"rendered":"<p>Nous vous pr\u00e9sentons cet appartement avec une situation exclusive et merveilleuse \u00e0 Torre de la Horadada. L&#8217;immeuble est situ\u00e9 sur le front de mer, avec un acc\u00e8s depuis la terrasse commune \u00e0 une petite et belle crique de la mer M\u00e9diterran\u00e9e. L&#8217;appartement se compose d&#8217;un hall d&#8217;entr\u00e9e, d&#8217;un grand salon-salle \u00e0 manger, d&#8217;une cuisine s\u00e9par\u00e9e, [&hellip;]<\/p>\n","protected":false},"author":3,"featured_media":8060,"parent":0,"menu_order":0,"template":"","property_type":[],"property_status":[],"property_feature":[],"property_label":[],"property_country":[],"property_state":[],"property_city":[],"property_area":[],"class_list":["post-7832","property","type-property","status-publish","has-post-thumbnail","hentry"],"property_meta":{"fave_featured":["0"],"houzez_featured_listing_date":[""],"fave_property_images":["5495","5507","5513","5591","5603","5609","5561","5567","5531","5525","5537","5549","5555","5579","5621","5627","5633","5669","5675","5657","5687","5699","5711","5717","5729","5735","5747","5753","5759","5771","5789","5783","5705","5777","5837","5831"],"fave_single_top_area":["global"],"_top_nav_excluded":[""],"_cms_nav_minihome":[""],"fave_property_price":["249900"],"fave_property_size":["90"],"fave_property_bedrooms":["3"],"fave_property_bathrooms":["2"],"fave_property_id":["3022MH"],"fave_property_map":["1"],"fave_property_map_address":["Torre de la Horadada, Pilar de la Horadada, el Baix Segura \/ La Vega Baja del Segura, Alacant \/ Alicante, Comunitat Valenciana, 03191, Espagne"],"fave_property_location":["37.8685307,-0.7590149,12"],"houzez_geolocation_lat":["37.8685307"],"houzez_geolocation_long":["-0.7590149"],"fave_property_map_street_view":["cacher"],"fave_property_zip":["03191"],"fave_video_url":["https:\/\/youtu.be\/w-iQeA3xLzI"],"fave_agent_display_option":["agence_info"],"fave_prop_homeslider":["oui"],"_thumbnail_id":["8060"],"_last_translation_edit_mode":["translation-editor"],"houzez_total_property_views":["111"],"houzez_views_by_date":["a:61:{s:10:\"01-27-2025\";i:1;s:10:\"01-28-2025\";i:2;s:10:\"01-30-2025\";i:1;s:10:\"02-07-2025\";i:1;s:10:\"02-08-2025\";i:1;s:10:\"02-12-2025\";i:1;s:10:\"02-18-2025\";i:2;s:10:\"03-18-2025\";i:1;s:10:\"04-13-2025\";i:1;s:10:\"05-12-2025\";i:1;s:10:\"05-16-2025\";i:1;s:10:\"05-20-2025\";i:2;s:10:\"05-29-2025\";i:1;s:10:\"06-04-2025\";i:1;s:10:\"06-12-2025\";i:1;s:10:\"06-29-2025\";i:1;s:10:\"07-05-2025\";i:1;s:10:\"07-14-2025\";i:3;s:10:\"07-24-2025\";i:2;s:10:\"07-31-2025\";i:1;s:10:\"08-02-2025\";i:1;s:10:\"08-22-2025\";i:1;s:10:\"08-30-2025\";i:6;s:10:\"09-06-2025\";i:1;s:10:\"09-07-2025\";i:2;s:10:\"09-12-2025\";i:1;s:10:\"09-16-2025\";i:1;s:10:\"09-18-2025\";i:1;s:10:\"09-19-2025\";i:1;s:10:\"09-24-2025\";i:1;s:10:\"09-30-2025\";i:1;s:10:\"10-05-2025\";i:1;s:10:\"10-06-2025\";i:2;s:10:\"10-13-2025\";i:1;s:10:\"10-14-2025\";i:2;s:10:\"10-19-2025\";i:1;s:10:\"11-20-2025\";i:1;s:10:\"11-26-2025\";i:1;s:10:\"11-28-2025\";i:1;s:10:\"12-08-2025\";i:1;s:10:\"12-16-2025\";i:1;s:10:\"12-30-2025\";i:1;s:10:\"01-01-2026\";i:1;s:10:\"01-05-2026\";i:1;s:10:\"01-12-2026\";i:2;s:10:\"02-06-2026\";i:1;s:10:\"02-19-2026\";i:1;s:10:\"03-11-2026\";i:2;s:10:\"03-12-2026\";i:1;s:10:\"03-17-2026\";i:2;s:10:\"03-18-2026\";i:1;s:10:\"03-19-2026\";i:1;s:10:\"03-25-2026\";i:1;s:10:\"03-30-2026\";i:2;s:10:\"04-06-2026\";i:1;s:10:\"04-10-2026\";i:2;s:10:\"04-12-2026\";i:1;s:10:\"04-17-2026\";i:1;s:10:\"04-18-2026\";i:2;s:10:\"04-23-2026\";i:1;s:10:\"04-30-2026\";i:2;}"],"houzez_recently_viewed":["2026-04-30 10:08:07"],"houzez_manual_expire":["0"],"_houzez_expiration_date_status":["saved"],"_elementor_page_assets":["a:0:{}"]},"_links":{"self":[{"href":"https:\/\/myhomeproperty.es\/fr\/wp-json\/wp\/v2\/properties\/7832","targetHints":{"allow":["GET"]}}],"collection":[{"href":"https:\/\/myhomeproperty.es\/fr\/wp-json\/wp\/v2\/properties"}],"about":[{"href":"https:\/\/myhomeproperty.es\/fr\/wp-json\/wp\/v2\/types\/property"}],"author":[{"embeddable":true,"href":"https:\/\/myhomeproperty.es\/fr\/wp-json\/wp\/v2\/users\/3"}],"version-history":[{"count":1,"href":"https:\/\/myhomeproperty.es\/fr\/wp-json\/wp\/v2\/properties\/7832\/revisions"}],"predecessor-version":[{"id":7834,"href":"https:\/\/myhomeproperty.es\/fr\/wp-json\/wp\/v2\/properties\/7832\/revisions\/7834"}],"wp:featuredmedia":[{"embeddable":true,"href":"https:\/\/myhomeproperty.es\/fr\/wp-json\/wp\/v2\/media\/8060"}],"wp:attachment":[{"href":"https:\/\/myhomeproperty.es\/fr\/wp-json\/wp\/v2\/media?parent=7832"}],"wp:term":[{"taxonomy":"property_type","embeddable":true,"href":"https:\/\/myhomeproperty.es\/fr\/wp-json\/wp\/v2\/property_type?post=7832"},{"taxonomy":"property_status","embeddable":true,"href":"https:\/\/myhomeproperty.es\/fr\/wp-json\/wp\/v2\/property_status?post=7832"},{"taxonomy":"property_feature","embeddable":true,"href":"https:\/\/myhomeproperty.es\/fr\/wp-json\/wp\/v2\/property_feature?post=7832"},{"taxonomy":"property_label","embeddable":true,"href":"https:\/\/myhomeproperty.es\/fr\/wp-json\/wp\/v2\/property_label?post=7832"},{"taxonomy":"property_country","embeddable":true,"href":"https:\/\/myhomeproperty.es\/fr\/wp-json\/wp\/v2\/property_country?post=7832"},{"taxonomy":"property_state","embeddable":true,"href":"https:\/\/myhomeproperty.es\/fr\/wp-json\/wp\/v2\/property_state?post=7832"},{"taxonomy":"property_city","embeddable":true,"href":"https:\/\/myhomeproperty.es\/fr\/wp-json\/wp\/v2\/property_city?post=7832"},{"taxonomy":"property_area","embeddable":true,"href":"https:\/\/myhomeproperty.es\/fr\/wp-json\/wp\/v2\/property_area?post=7832"}],"curies":[{"name":"wp","href":"https:\/\/api.w.org\/{rel}","templated":true}]}}

Appartement de deux chambres et deux salles de bain en bord de mer à Torre de la Horadada

<p>Nous vous présentons cet appartement avec une situation exclusive et merveilleuse à Torre de la Horadada.
L&#8217;immeuble est situé sur le front de mer, avec un accès depuis la terrasse commune à une petite et belle crique de la mer Méditerranée. </p>

<p>L&#8217;appartement se compose d&#8217;un hall d&#8217;entrée, d&#8217;un grand salon-salle à manger, d&#8217;une cuisine séparée, d&#8217;une grande buanderie, d&#8217;un balcon avec vue sur la mer, de deux chambres à coucher, de deux salles de bains et d&#8217;un débarras.
La propriété comptait à l&#8217;origine trois chambres à coucher, de sorte que la troisième chambre à coucher pourrait facilement être récupérée pratiquement sans travaux de construction, tout en offrant d&#8217;autres possibilités de rénovation. </p>

<p>En outre, la communauté dispose d&#8217;une grande terrasse à l&#8217;avant avec des vues spectaculaires sur la mer, à l&#8217;usage des propriétaires.</p>

<p>Situé à proximité de l&#8217;hôtel, des supermarchés, de la pharmacie et de la station-service.
Pilar de la Horadada se trouve à seulement 3 km et offre tous les services.
Idéal comme propriété résidentielle pour profiter de la tranquillité et du soleil tout au long de l&#8217;année, ou également pour vos escapades de déconnexion.  </p>

<p>Si vous souhaitez nous rendre visite, contactez-nous sans engagement.</p>

<p><br/><br/><br/><br/>Distances : Centre commercial Dos Mares : 10 minutes Centre commercial La Zenia Boulevard : 15 minutes Aéroport de Corvera Murcia : 30 minutes Aéroport d&#8217;Alicante : 50 minutes</p>

<p>Nous vous présentons cet appartement avec une situation exclusive et merveilleuse à Torre de la Horadada. L&#8217;immeuble est situé sur le front de mer, avec un accès depuis la terrasse commune à une petite et belle crique de la mer Méditerranée. L&#8217;appartement se compose d&#8217;un hall d&#8217;entrée, d&#8217;un grand salon-salle à manger, d&#8217;une cuisine séparée, [&hellip;]</p>
