{"id":7865,"date":"2024-10-16T16:11:21","date_gmt":"2024-10-16T16:11:21","guid":{"rendered":"https:\/\/myhomeproperty.es\/property\/villas-de-luxe-a-100-metres-de-la-mer-a-los-nietos\/"},"modified":"2024-11-29T09:52:21","modified_gmt":"2024-11-29T09:52:21","slug":"villas-de-luxe-a-100-metres-de-la-mer-a-los-nietos","status":"publish","type":"property","link":"https:\/\/myhomeproperty.es\/fr\/property\/villas-de-luxe-a-100-metres-de-la-mer-a-los-nietos\/","title":{"rendered":"Villas de luxe \u00e0 100 m\u00e8tres de la mer \u00e0 Los Nietos"},"content":{"rendered":"\n<p>Nous vous pr\u00e9sentons ce luxueux complexe de 10 villas jumel\u00e9es avec piscine priv\u00e9e, jardin, terrasse et un grand solarium avec cuisine d&#8217;\u00e9t\u00e9 qui vous permet de profiter de toutes les heures d&#8217;ensoleillement, tous les jours de l&#8217;ann\u00e9e.<\/p>\n\n<p>Chaque villa dispose de 3 chambres et de 3 salles de bains compl\u00e8tes. Con\u00e7ues sur deux niveaux avec un style contemporain et un concept ouvert, elles se composent d&#8217;une cuisine enti\u00e8rement \u00e9quip\u00e9e et d&#8217;un salon-salle \u00e0 manger. <\/p>\n\n<p>Le projet est situ\u00e9 \u00e0 Los Nietos (Murcie), sur une plage de deuxi\u00e8me ligne entour\u00e9e de services, de parcs, d&#8217;installations sportives et de plusieurs terrains de golf.<\/p>\n\n<p>La propri\u00e9t\u00e9 r\u00e9pond aux normes les plus \u00e9lev\u00e9es et sera \u00e9quip\u00e9e de :<\/p>\n\n<p><br\/>Piscine priv\u00e9e avec douche solaire. Cuisine enti\u00e8rement \u00e9quip\u00e9e avec four, micro-ondes, r\u00e9frig\u00e9rateur, lave-vaisselle int\u00e9gr\u00e9, plaque vitroc\u00e9ramique et hotte aspirante, de marque Bosch.<br\/><br\/>Espace p\u00e9ninsule dans la cuisine. Eclairage :<br\/><br\/><br\/><br\/><br\/>LED \u00e0 l&#8217;int\u00e9rieur de la maison (salle \u00e0 manger, cuisine, couloirs et salles de bains), et dans les espaces ext\u00e9rieurs. Placards encastr\u00e9s doubl\u00e9s de blocs-tiroirs. Salles de bains enti\u00e8rement \u00e9quip\u00e9es avec lavabo encastr\u00e9, meuble-lavabo, miroir et lumi\u00e8re, douche avec \u00e9cran. Pr\u00e9-installation de l&#8217;air conditionn\u00e9 canalis\u00e9. Solarium avec cuisine d&#8217;\u00e9t\u00e9 et pr\u00e9-installation de la machine \u00e0 laver. Prises d&#8217;\u00e9clairage dans le solarium et sur la terrasse.<br\/><br\/>Prise TV dans le jardin. Pelouse artificielle dans le jardin. Installation de panneaux solaires photovolta\u00efques pour la production d&#8217;\u00e9lectricit\u00e9.  <\/p>\n\n<p><\/p>\n","protected":false},"excerpt":{"rendered":"<p>Nous vous pr\u00e9sentons ce luxueux complexe de 10 villas jumel\u00e9es avec piscine priv\u00e9e, jardin, terrasse et un grand solarium avec cuisine d&#8217;\u00e9t\u00e9 qui vous permet de profiter de toutes les heures d&#8217;ensoleillement, tous les jours de l&#8217;ann\u00e9e. Chaque villa dispose de 3 chambres et de 3 salles de bains compl\u00e8tes. Con\u00e7ues sur deux niveaux avec [&hellip;]<\/p>\n","protected":false},"author":3,"featured_media":7636,"parent":0,"menu_order":0,"template":"","property_type":[198],"property_status":[44],"property_feature":[43],"property_label":[],"property_country":[],"property_state":[],"property_city":[192],"property_area":[209],"class_list":["post-7865","property","type-property","status-publish","has-post-thumbnail","hentry","property_type-villa-fr","property_status-en-vente","property_feature-piscina-fr","property_city-carthagene","property_area-les-nietos"],"property_meta":{"fave_featured":["1"],"houzez_featured_listing_date":["2024-10-18 08:14:04"],"fave_property_images":["7640","7634","7622","7532","7628","7658","7652","7526","7664","7538","7580","7646","7592","7586","7604","7598","7568","7562","7556","7550","7544","7610","7574","7616","7772","7748","7754","7760","7766"],"fave_single_top_area":["global"],"_top_nav_excluded":[""],"_cms_nav_minihome":[""],"fave_property_price":["359900"],"fave_property_size":["130"],"fave_property_land":["230"],"fave_property_bedrooms":["3"],"fave_property_bathrooms":["3"],"fave_property_id":["3026MHC"],"fave_property_map":["1"],"fave_property_map_address":["Los Nietos, Calle Gal\u00e1n, Los Nietos, Rinc\u00f3n de San Gin\u00e9s, Cartagena, Campo de Cartagena y Mar Menor, 30368, Espagne"],"fave_property_location":["37.651859,-0.7970666,15"],"houzez_geolocation_lat":["37.651859"],"houzez_geolocation_long":["-0.7970666"],"fave_property_map_street_view":["cacher"],"fave_property_zip":["30383"],"fave_video_url":["https:\/\/youtu.be\/MZq3kB0lGFI"],"fave_agent_display_option":["agent_info"],"fave_prop_homeslider":["oui"],"fave_private_note":["Paco Albaldejo - Plage de Carrizo \u00e0 los Nietos  "],"_thumbnail_id":["7636"],"_last_translation_edit_mode":["translation-editor"],"houzez_total_property_views":["122"],"houzez_views_by_date":["a:61:{s:10:\"04-18-2025\";i:2;s:10:\"04-27-2025\";i:2;s:10:\"05-09-2025\";i:1;s:10:\"05-16-2025\";i:1;s:10:\"05-20-2025\";i:3;s:10:\"05-30-2025\";i:1;s:10:\"06-05-2025\";i:1;s:10:\"06-12-2025\";i:1;s:10:\"06-23-2025\";i:1;s:10:\"06-28-2025\";i:1;s:10:\"07-04-2025\";i:1;s:10:\"07-10-2025\";i:1;s:10:\"07-13-2025\";i:1;s:10:\"07-14-2025\";i:2;s:10:\"07-22-2025\";i:1;s:10:\"07-29-2025\";i:1;s:10:\"07-31-2025\";i:1;s:10:\"08-04-2025\";i:2;s:10:\"08-22-2025\";i:2;s:10:\"08-24-2025\";i:1;s:10:\"08-30-2025\";i:2;s:10:\"08-31-2025\";i:1;s:10:\"09-01-2025\";i:2;s:10:\"09-07-2025\";i:1;s:10:\"09-08-2025\";i:2;s:10:\"09-13-2025\";i:1;s:10:\"09-18-2025\";i:1;s:10:\"09-19-2025\";i:1;s:10:\"09-24-2025\";i:1;s:10:\"09-30-2025\";i:1;s:10:\"10-05-2025\";i:1;s:10:\"10-09-2025\";i:1;s:10:\"10-12-2025\";i:1;s:10:\"10-18-2025\";i:1;s:10:\"11-20-2025\";i:1;s:10:\"12-07-2025\";i:2;s:10:\"12-15-2025\";i:1;s:10:\"12-20-2025\";i:2;s:10:\"12-31-2025\";i:1;s:10:\"01-05-2026\";i:1;s:10:\"01-06-2026\";i:1;s:10:\"01-14-2026\";i:1;s:10:\"01-27-2026\";i:1;s:10:\"02-01-2026\";i:1;s:10:\"02-11-2026\";i:1;s:10:\"02-13-2026\";i:1;s:10:\"02-19-2026\";i:1;s:10:\"03-11-2026\";i:2;s:10:\"03-12-2026\";i:1;s:10:\"03-19-2026\";i:1;s:10:\"03-23-2026\";i:1;s:10:\"03-24-2026\";i:1;s:10:\"03-27-2026\";i:1;s:10:\"03-29-2026\";i:1;s:10:\"04-04-2026\";i:1;s:10:\"04-05-2026\";i:1;s:10:\"04-10-2026\";i:3;s:10:\"04-15-2026\";i:1;s:10:\"04-16-2026\";i:1;s:10:\"04-26-2026\";i:1;s:10:\"04-28-2026\";i:3;}"],"houzez_recently_viewed":["2026-04-28 23:14:27"],"houzez_manual_expire":["0"],"_houzez_expiration_date_status":["saved"],"_elementor_page_assets":["a:0:{}"]},"_links":{"self":[{"href":"https:\/\/myhomeproperty.es\/fr\/wp-json\/wp\/v2\/properties\/7865","targetHints":{"allow":["GET"]}}],"collection":[{"href":"https:\/\/myhomeproperty.es\/fr\/wp-json\/wp\/v2\/properties"}],"about":[{"href":"https:\/\/myhomeproperty.es\/fr\/wp-json\/wp\/v2\/types\/property"}],"author":[{"embeddable":true,"href":"https:\/\/myhomeproperty.es\/fr\/wp-json\/wp\/v2\/users\/3"}],"version-history":[{"count":1,"href":"https:\/\/myhomeproperty.es\/fr\/wp-json\/wp\/v2\/properties\/7865\/revisions"}],"predecessor-version":[{"id":7867,"href":"https:\/\/myhomeproperty.es\/fr\/wp-json\/wp\/v2\/properties\/7865\/revisions\/7867"}],"wp:featuredmedia":[{"embeddable":true,"href":"https:\/\/myhomeproperty.es\/fr\/wp-json\/wp\/v2\/media\/7636"}],"wp:attachment":[{"href":"https:\/\/myhomeproperty.es\/fr\/wp-json\/wp\/v2\/media?parent=7865"}],"wp:term":[{"taxonomy":"property_type","embeddable":true,"href":"https:\/\/myhomeproperty.es\/fr\/wp-json\/wp\/v2\/property_type?post=7865"},{"taxonomy":"property_status","embeddable":true,"href":"https:\/\/myhomeproperty.es\/fr\/wp-json\/wp\/v2\/property_status?post=7865"},{"taxonomy":"property_feature","embeddable":true,"href":"https:\/\/myhomeproperty.es\/fr\/wp-json\/wp\/v2\/property_feature?post=7865"},{"taxonomy":"property_label","embeddable":true,"href":"https:\/\/myhomeproperty.es\/fr\/wp-json\/wp\/v2\/property_label?post=7865"},{"taxonomy":"property_country","embeddable":true,"href":"https:\/\/myhomeproperty.es\/fr\/wp-json\/wp\/v2\/property_country?post=7865"},{"taxonomy":"property_state","embeddable":true,"href":"https:\/\/myhomeproperty.es\/fr\/wp-json\/wp\/v2\/property_state?post=7865"},{"taxonomy":"property_city","embeddable":true,"href":"https:\/\/myhomeproperty.es\/fr\/wp-json\/wp\/v2\/property_city?post=7865"},{"taxonomy":"property_area","embeddable":true,"href":"https:\/\/myhomeproperty.es\/fr\/wp-json\/wp\/v2\/property_area?post=7865"}],"curies":[{"name":"wp","href":"https:\/\/api.w.org\/{rel}","templated":true}]}}

Villas de luxe à 100 mètres de la mer à Los Nietos

<p>Nous vous présentons ce luxueux complexe de 10 villas jumelées avec piscine privée, jardin, terrasse et un grand solarium avec cuisine d&#8217;été qui vous permet de profiter de toutes les heures d&#8217;ensoleillement, tous les jours de l&#8217;année.</p>

<p>Chaque villa dispose de 3 chambres et de 3 salles de bains complètes. Conçues sur deux niveaux avec un style contemporain et un concept ouvert, elles se composent d&#8217;une cuisine entièrement équipée et d&#8217;un salon-salle à manger. </p>

<p>Le projet est situé à Los Nietos (Murcie), sur une plage de deuxième ligne entourée de services, de parcs, d&#8217;installations sportives et de plusieurs terrains de golf.</p>

<p>La propriété répond aux normes les plus élevées et sera équipée de :</p>

<p><br/>Piscine privée avec douche solaire. Cuisine entièrement équipée avec four, micro-ondes, réfrigérateur, lave-vaisselle intégré, plaque vitrocéramique et hotte aspirante, de marque Bosch.<br/><br/>Espace péninsule dans la cuisine. Eclairage :<br/><br/><br/><br/><br/>LED à l&#8217;intérieur de la maison (salle à manger, cuisine, couloirs et salles de bains), et dans les espaces extérieurs. Placards encastrés doublés de blocs-tiroirs. Salles de bains entièrement équipées avec lavabo encastré, meuble-lavabo, miroir et lumière, douche avec écran. Pré-installation de l&#8217;air conditionné canalisé. Solarium avec cuisine d&#8217;été et pré-installation de la machine à laver. Prises d&#8217;éclairage dans le solarium et sur la terrasse.<br/><br/>Prise TV dans le jardin. Pelouse artificielle dans le jardin. Installation de panneaux solaires photovoltaïques pour la production d&#8217;électricité.  </p>

<p></p>

<p>Nous vous présentons ce luxueux complexe de 10 villas jumelées avec piscine privée, jardin, terrasse et un grand solarium avec cuisine d&#8217;été qui vous permet de profiter de toutes les heures d&#8217;ensoleillement, tous les jours de l&#8217;année. Chaque villa dispose de 3 chambres et de 3 salles de bains complètes. Conçues sur deux niveaux avec [&hellip;]</p>

Los Nietos, Calle Galán, Los Nietos, Rincón de San Ginés, Cartagena, Campo de Cartagena y Mar Menor, 30368, Espagne

Paco Albaldejo - Plage de Carrizo à los Nietos
