{"id":8485,"date":"2024-11-21T10:42:44","date_gmt":"2024-11-21T10:42:44","guid":{"rendered":"https:\/\/myhomeproperty.es\/property\/appartement-confortable-a-san-javier\/"},"modified":"2025-01-05T09:50:56","modified_gmt":"2025-01-05T09:50:56","slug":"appartement-confortable-a-san-javier","status":"publish","type":"property","link":"https:\/\/myhomeproperty.es\/fr\/property\/appartement-confortable-a-san-javier\/","title":{"rendered":"Appartement confortable \u00e0 San Javier"},"content":{"rendered":"\n<p>Nous vous pr\u00e9sentons ce charmant appartement de deux chambres et deux salles de bains, situ\u00e9 dans un quartier calme mais central de San Javier.  <\/p>\n\n<p>Il s&#8217;agit d&#8217;un premier \u00e9tage avec ascenseur. Il dispose d&#8217;une cuisine ind\u00e9pendante, d&#8217;un salon-salle \u00e0 manger, de deux chambres avec armoires encastr\u00e9es, de deux salles de bains compl\u00e8tes, d&#8217;une terrasse orient\u00e9e sud-est, d&#8217;un d\u00e9barras et d&#8217;un garage. Il est en parfait \u00e9tat, pr\u00eat \u00e0 \u00eatre habit\u00e9 car les propri\u00e9taires actuels l&#8217;ont beaucoup r\u00e9nov\u00e9. Proche de toutes les commodit\u00e9s, supermarch\u00e9s, magasins, \u00e9coles, parcs et centre de sant\u00e9. La plage est \u00e0 seulement 2,5km.    <\/p>\n\n<p>Il est livr\u00e9 semi-meubl\u00e9.<\/p>\n\n<p>  Vous souhaitez prendre rendez-vous pour visiter ce bien ? N&#8217;h\u00e9sitez pas \u00e0 nous contacter. Nous nous ferons un plaisir de vous aider.  <\/p>\n","protected":false},"excerpt":{"rendered":"<p>Nous vous pr\u00e9sentons ce charmant appartement de deux chambres et deux salles de bains, situ\u00e9 dans un quartier calme mais central de San Javier. Il s&#8217;agit d&#8217;un premier \u00e9tage avec ascenseur. Il dispose d&#8217;une cuisine ind\u00e9pendante, d&#8217;un salon-salle \u00e0 manger, de deux chambres avec armoires encastr\u00e9es, de deux salles de bains compl\u00e8tes, d&#8217;une terrasse orient\u00e9e [&hellip;]<\/p>\n","protected":false},"author":3,"featured_media":8364,"parent":0,"menu_order":0,"template":"","property_type":[182],"property_status":[44],"property_feature":[],"property_label":[],"property_country":[32],"property_state":[39],"property_city":[38],"property_area":[],"class_list":["post-8485","property","type-property","status-publish","has-post-thumbnail","hentry","property_type-sol","property_status-en-vente","property_country-spain-fr","property_state-region-de-murcie","property_city-san-javier-fr"],"property_meta":{"fave_featured":["0"],"houzez_featured_listing_date":[""],"fave_property_images":["8302","8307","8312","8317","8322","8327","8337","8377","8382","8387","8392","8397","8402","8407","8412","8417","8422","8427","8432","8437","8442","8447","8467"],"fave_single_top_area":["global"],"_top_nav_excluded":[""],"_cms_nav_minihome":[""],"houzez_geolocation_lat":["37.79952995"],"houzez_geolocation_long":["-0.8301831"],"_last_translation_edit_mode":["translation-editor"],"houzez_manual_expire":["0"],"_houzez_expiration_date_status":["saved"],"_thumbnail_id":["8364"],"fave_property_price":["97900"],"fave_property_bedrooms":["2"],"fave_property_bathrooms":["2"],"fave_property_id":["3129MH"],"fave_property_map_address":["Calle Marte, San Javier, Campo de Cartagena y Mar Menor, R\u00e9gion de Murcie, 30720, Espagne"],"fave_property_location":["37.79952995,-0.8301831,15"],"fave_property_map_street_view":["cacher"],"fave_video_url":["https:\/\/youtu.be\/Es-5Xc-_WV8"],"fave_agent_display_option":["auteur_info"],"fave_prop_homeslider":["oui"],"houzez_total_property_views":["111"],"houzez_views_by_date":["a:61:{s:10:\"06-10-2025\";i:1;s:10:\"06-18-2025\";i:1;s:10:\"06-27-2025\";i:1;s:10:\"06-28-2025\";i:1;s:10:\"06-30-2025\";i:1;s:10:\"07-09-2025\";i:1;s:10:\"07-14-2025\";i:2;s:10:\"07-16-2025\";i:2;s:10:\"07-24-2025\";i:1;s:10:\"07-31-2025\";i:1;s:10:\"08-07-2025\";i:1;s:10:\"08-14-2025\";i:1;s:10:\"08-21-2025\";i:1;s:10:\"08-24-2025\";i:1;s:10:\"08-30-2025\";i:2;s:10:\"08-31-2025\";i:1;s:10:\"09-06-2025\";i:4;s:10:\"09-07-2025\";i:8;s:10:\"09-11-2025\";i:2;s:10:\"09-12-2025\";i:1;s:10:\"09-17-2025\";i:1;s:10:\"09-19-2025\";i:2;s:10:\"09-23-2025\";i:1;s:10:\"09-28-2025\";i:2;s:10:\"10-03-2025\";i:1;s:10:\"10-08-2025\";i:1;s:10:\"10-15-2025\";i:1;s:10:\"10-16-2025\";i:1;s:10:\"10-22-2025\";i:1;s:10:\"11-20-2025\";i:1;s:10:\"12-03-2025\";i:2;s:10:\"12-08-2025\";i:1;s:10:\"12-15-2025\";i:1;s:10:\"12-21-2025\";i:1;s:10:\"12-27-2025\";i:1;s:10:\"01-02-2026\";i:1;s:10:\"01-12-2026\";i:3;s:10:\"01-26-2026\";i:2;s:10:\"01-31-2026\";i:1;s:10:\"02-04-2026\";i:1;s:10:\"02-07-2026\";i:1;s:10:\"02-17-2026\";i:1;s:10:\"02-21-2026\";i:1;s:10:\"02-22-2026\";i:1;s:10:\"03-09-2026\";i:1;s:10:\"03-11-2026\";i:2;s:10:\"03-13-2026\";i:1;s:10:\"03-14-2026\";i:1;s:10:\"03-19-2026\";i:1;s:10:\"03-23-2026\";i:1;s:10:\"03-25-2026\";i:1;s:10:\"03-29-2026\";i:1;s:10:\"04-04-2026\";i:1;s:10:\"04-05-2026\";i:2;s:10:\"04-10-2026\";i:1;s:10:\"04-11-2026\";i:1;s:10:\"04-14-2026\";i:1;s:10:\"04-16-2026\";i:1;s:10:\"04-20-2026\";i:1;s:10:\"04-26-2026\";i:1;s:10:\"04-28-2026\";i:2;}"],"houzez_recently_viewed":["2026-04-28 21:59:19"],"_elementor_page_assets":["a:0:{}"]},"_links":{"self":[{"href":"https:\/\/myhomeproperty.es\/fr\/wp-json\/wp\/v2\/properties\/8485","targetHints":{"allow":["GET"]}}],"collection":[{"href":"https:\/\/myhomeproperty.es\/fr\/wp-json\/wp\/v2\/properties"}],"about":[{"href":"https:\/\/myhomeproperty.es\/fr\/wp-json\/wp\/v2\/types\/property"}],"author":[{"embeddable":true,"href":"https:\/\/myhomeproperty.es\/fr\/wp-json\/wp\/v2\/users\/3"}],"version-history":[{"count":4,"href":"https:\/\/myhomeproperty.es\/fr\/wp-json\/wp\/v2\/properties\/8485\/revisions"}],"predecessor-version":[{"id":8504,"href":"https:\/\/myhomeproperty.es\/fr\/wp-json\/wp\/v2\/properties\/8485\/revisions\/8504"}],"wp:featuredmedia":[{"embeddable":true,"href":"https:\/\/myhomeproperty.es\/fr\/wp-json\/wp\/v2\/media\/8364"}],"wp:attachment":[{"href":"https:\/\/myhomeproperty.es\/fr\/wp-json\/wp\/v2\/media?parent=8485"}],"wp:term":[{"taxonomy":"property_type","embeddable":true,"href":"https:\/\/myhomeproperty.es\/fr\/wp-json\/wp\/v2\/property_type?post=8485"},{"taxonomy":"property_status","embeddable":true,"href":"https:\/\/myhomeproperty.es\/fr\/wp-json\/wp\/v2\/property_status?post=8485"},{"taxonomy":"property_feature","embeddable":true,"href":"https:\/\/myhomeproperty.es\/fr\/wp-json\/wp\/v2\/property_feature?post=8485"},{"taxonomy":"property_label","embeddable":true,"href":"https:\/\/myhomeproperty.es\/fr\/wp-json\/wp\/v2\/property_label?post=8485"},{"taxonomy":"property_country","embeddable":true,"href":"https:\/\/myhomeproperty.es\/fr\/wp-json\/wp\/v2\/property_country?post=8485"},{"taxonomy":"property_state","embeddable":true,"href":"https:\/\/myhomeproperty.es\/fr\/wp-json\/wp\/v2\/property_state?post=8485"},{"taxonomy":"property_city","embeddable":true,"href":"https:\/\/myhomeproperty.es\/fr\/wp-json\/wp\/v2\/property_city?post=8485"},{"taxonomy":"property_area","embeddable":true,"href":"https:\/\/myhomeproperty.es\/fr\/wp-json\/wp\/v2\/property_area?post=8485"}],"curies":[{"name":"wp","href":"https:\/\/api.w.org\/{rel}","templated":true}]}}

Appartement confortable à San Javier

<p>Nous vous présentons ce charmant appartement de deux chambres et deux salles de bains, situé dans un quartier calme mais central de San Javier.  </p>

<p>Il s&#8217;agit d&#8217;un premier étage avec ascenseur. Il dispose d&#8217;une cuisine indépendante, d&#8217;un salon-salle à manger, de deux chambres avec armoires encastrées, de deux salles de bains complètes, d&#8217;une terrasse orientée sud-est, d&#8217;un débarras et d&#8217;un garage. Il est en parfait état, prêt à être habité car les propriétaires actuels l&#8217;ont beaucoup rénové. Proche de toutes les commodités, supermarchés, magasins, écoles, parcs et centre de santé. La plage est à seulement 2,5km.    </p>

<p>Il est livré semi-meublé.</p>

<p>  Vous souhaitez prendre rendez-vous pour visiter ce bien ? N&#8217;hésitez pas à nous contacter. Nous nous ferons un plaisir de vous aider.  </p>

<p>Nous vous présentons ce charmant appartement de deux chambres et deux salles de bains, situé dans un quartier calme mais central de San Javier. Il s&#8217;agit d&#8217;un premier étage avec ascenseur. Il dispose d&#8217;une cuisine indépendante, d&#8217;un salon-salle à manger, de deux chambres avec armoires encastrées, de deux salles de bains complètes, d&#8217;une terrasse orientée [&hellip;]</p>

Calle Marte, San Javier, Campo de Cartagena y Mar Menor, Région de Murcie, 30720, Espagne
