{"id":8678,"date":"2024-12-05T09:51:49","date_gmt":"2024-12-05T09:51:49","guid":{"rendered":"https:\/\/myhomeproperty.es\/property\/villas-de-luxe-a-san-pedro-del-pinatar\/"},"modified":"2024-12-05T09:51:57","modified_gmt":"2024-12-05T09:51:57","slug":"villas-de-luxe-a-san-pedro-del-pinatar","status":"publish","type":"property","link":"https:\/\/myhomeproperty.es\/fr\/property\/villas-de-luxe-a-san-pedro-del-pinatar\/","title":{"rendered":"Villas de luxe \u00e0 San Pedro del Pinatar"},"content":{"rendered":"\n<p>Nous vous pr\u00e9sentons ce luxueux complexe de 3 villas avec piscine priv\u00e9e, jardin et solarium avec de belles vues qui vous permettent de profiter de toutes les heures d&#8217;ensoleillement, tous les jours de l&#8217;ann\u00e9e.<\/p>\n\n<p>Chaque villa dispose de 3 chambres et de 3 salles de bains compl\u00e8tes. Con\u00e7ues sur trois niveaux avec un style contemporain et un concept ouvert, elles comprennent une cuisine enti\u00e8rement \u00e9quip\u00e9e et un salon-salle \u00e0 manger. <\/p>\n\n<p>Le projet est situ\u00e9 \u00e0 San Pedro del Pinatar (Murcie), \u00e0 1,5 km de la plage, entour\u00e9 de services, de parcs, d&#8217;installations sportives et de plusieurs terrains de golf.<\/p>\n\n<div class=\"wp-block-cover\"><span aria-hidden=\"true\" class=\"wp-block-cover__background has-background-dim\"><\/span><div class=\"wp-block-cover__inner-container is-layout-flow wp-block-cover-is-layout-flow\">\n<div class=\"wp-block-group\"><div class=\"wp-block-group__inner-container is-layout-constrained wp-block-group-is-layout-constrained\">\n<p>La propri\u00e9t\u00e9 r\u00e9pondra aux normes les plus \u00e9lev\u00e9es et sera \u00e9quip\u00e9e de :<\/p>\n\n\n\n<ul class=\"wp-block-list\">\n<li>Piscine priv\u00e9e avec \u00e9clairage int\u00e9rieur et douche.<\/li>\n\n\n\n<li>Cuisine enti\u00e8rement \u00e9quip\u00e9e avec four, micro-ondes, r\u00e9frig\u00e9rateur, lave-vaisselle, plaque vitroc\u00e9ramique et hotte aspirante.<\/li>\n\n\n\n<li>\u00c9clairage : LED \u00e0 l&#8217;int\u00e9rieur de la maison (salle \u00e0 manger, cuisine, couloirs et salles de bains), et dans les espaces ext\u00e9rieurs.<\/li>\n\n\n\n<li>Armoires encastr\u00e9es avec tiroirs et \u00e9tag\u00e8res.<\/li>\n\n\n\n<li>Les salles de bains sont enti\u00e8rement \u00e9quip\u00e9es d&#8217;un meuble-lavabo avec lavabo, miroir et \u00e9clairage LED int\u00e9gr\u00e9.<\/li>\n\n\n\n<li>Pr\u00e9-installation de la climatisation en gaine.<\/li>\n\n\n\n<li>Solarium.<\/li>\n\n\n\n<li>Place de parking sur le terrain.<\/li>\n<\/ul>\n<\/div><\/div>\n<\/div><\/div>\n\n<p>Lieux d&#8217;int\u00e9r\u00eat :  <\/p>\n\n<div class=\"wp-block-group is-nowrap is-layout-flex wp-container-core-group-is-layout-ad2f72ca wp-block-group-is-layout-flex\">\n<div class=\"wp-block-group is-vertical is-layout-flex wp-container-core-group-is-layout-8cf370e7 wp-block-group-is-layout-flex\">\n<ul class=\"wp-block-list\">\n<li>Plage : 1km<\/li>\n\n\n\n<li>A\u00e9roport d&#8217;Alicante : 1h<\/li>\n\n\n\n<li>A\u00e9roport de Corvera : 35 minutes  <\/li>\n\n\n\n<li>Centre commercial DOS MARES : 5 minutes<\/li>\n\n\n\n<li>Centre commercial LA ZENIA BOULEVARD : 20 minutes  <\/li>\n<\/ul>\n<\/div>\n<\/div>\n\n<p><\/p>\n\n<p><\/p>\n","protected":false},"excerpt":{"rendered":"<p>Nous vous pr\u00e9sentons ce luxueux complexe de 3 villas avec piscine priv\u00e9e, jardin et solarium avec de belles vues qui vous permettent de profiter de toutes les heures d&#8217;ensoleillement, tous les jours de l&#8217;ann\u00e9e. Chaque villa dispose de 3 chambres et de 3 salles de bains compl\u00e8tes. Con\u00e7ues sur trois niveaux avec un style contemporain [&hellip;]<\/p>\n","protected":false},"author":3,"featured_media":8612,"parent":0,"menu_order":0,"template":"","property_type":[198],"property_status":[44],"property_feature":[218,43],"property_label":[],"property_country":[32],"property_state":[39],"property_city":[42],"property_area":[237],"class_list":["post-8678","property","type-property","status-publish","has-post-thumbnail","hentry","property_type-villa-fr","property_status-en-vente","property_feature-jardin-fr","property_feature-piscina-fr","property_country-spain-fr","property_state-region-de-murcie","property_city-san-pedro-del-pinatar-fr","property_area-lo-pagan-fr"],"property_meta":{"fave_featured":["1"],"houzez_featured_listing_date":["2024-12-05 09:51:56"],"fave_property_images":["8580","8585","8600","8605","8595","8590","8610","8615","8625","8620","8630","8635","8640","8650","8665","8660","8645","8670","8655","8560","8565","8570","8575"],"fave_single_top_area":["global"],"_top_nav_excluded":[""],"_cms_nav_minihome":[""],"fave_property_price":["469900"],"fave_property_size":["174"],"fave_property_land":["200"],"fave_property_bedrooms":["3"],"fave_property_bathrooms":["3"],"fave_property_id":["3130MHC"],"fave_property_map":["1"],"fave_property_map_address":["Avenida de Emilio Castelar, San Pedro del Pinatar, Campo de Cartagena y Mar Menor, Regi\u00f3n de Murcia, 30740, Spain"],"fave_property_location":["37.831594541641,-0.78909759022318,15"],"houzez_geolocation_lat":["37.831594541641"],"houzez_geolocation_long":["-0.78909759022318"],"fave_property_map_street_view":["cacher"],"fave_property_zip":["30740"],"fave_agent_display_option":["auteur_info"],"fave_prop_homeslider":["oui"],"fave_private_note":["Residencial Capricho III - 3 Villas \u00e0 San Pedro del Piantar - Paco Albaladejo  "],"_thumbnail_id":["8612"],"_last_translation_edit_mode":["translation-editor"],"houzez_total_property_views":["110"],"houzez_views_by_date":["a:61:{s:10:\"05-09-2025\";i:1;s:10:\"05-15-2025\";i:1;s:10:\"05-20-2025\";i:2;s:10:\"05-28-2025\";i:1;s:10:\"05-29-2025\";i:1;s:10:\"06-04-2025\";i:1;s:10:\"06-11-2025\";i:1;s:10:\"06-18-2025\";i:1;s:10:\"07-01-2025\";i:1;s:10:\"07-03-2025\";i:1;s:10:\"07-11-2025\";i:1;s:10:\"07-14-2025\";i:2;s:10:\"07-18-2025\";i:1;s:10:\"07-24-2025\";i:1;s:10:\"07-26-2025\";i:1;s:10:\"08-01-2025\";i:1;s:10:\"08-22-2025\";i:2;s:10:\"08-27-2025\";i:1;s:10:\"08-30-2025\";i:2;s:10:\"09-05-2025\";i:1;s:10:\"09-10-2025\";i:1;s:10:\"09-11-2025\";i:1;s:10:\"09-16-2025\";i:1;s:10:\"09-21-2025\";i:1;s:10:\"09-26-2025\";i:1;s:10:\"10-01-2025\";i:2;s:10:\"10-02-2025\";i:1;s:10:\"10-07-2025\";i:1;s:10:\"10-10-2025\";i:2;s:10:\"10-15-2025\";i:1;s:10:\"10-21-2025\";i:1;s:10:\"10-26-2025\";i:1;s:10:\"11-19-2025\";i:1;s:10:\"11-21-2025\";i:1;s:10:\"12-07-2025\";i:1;s:10:\"12-14-2025\";i:1;s:10:\"12-20-2025\";i:1;s:10:\"12-23-2025\";i:1;s:10:\"01-02-2026\";i:1;s:10:\"01-12-2026\";i:3;s:10:\"01-19-2026\";i:1;s:10:\"01-24-2026\";i:1;s:10:\"01-30-2026\";i:1;s:10:\"02-04-2026\";i:1;s:10:\"02-05-2026\";i:1;s:10:\"02-13-2026\";i:1;s:10:\"02-17-2026\";i:1;s:10:\"02-22-2026\";i:1;s:10:\"03-01-2026\";i:1;s:10:\"03-11-2026\";i:2;s:10:\"03-12-2026\";i:1;s:10:\"03-15-2026\";i:1;s:10:\"03-16-2026\";i:1;s:10:\"03-27-2026\";i:1;s:10:\"04-01-2026\";i:1;s:10:\"04-09-2026\";i:1;s:10:\"04-10-2026\";i:1;s:10:\"04-15-2026\";i:1;s:10:\"04-20-2026\";i:1;s:10:\"04-22-2026\";i:2;s:10:\"04-28-2026\";i:2;}"],"houzez_recently_viewed":["2026-04-28 22:22:41"],"_elementor_page_assets":["a:0:{}"]},"_links":{"self":[{"href":"https:\/\/myhomeproperty.es\/fr\/wp-json\/wp\/v2\/properties\/8678","targetHints":{"allow":["GET"]}}],"collection":[{"href":"https:\/\/myhomeproperty.es\/fr\/wp-json\/wp\/v2\/properties"}],"about":[{"href":"https:\/\/myhomeproperty.es\/fr\/wp-json\/wp\/v2\/types\/property"}],"author":[{"embeddable":true,"href":"https:\/\/myhomeproperty.es\/fr\/wp-json\/wp\/v2\/users\/3"}],"version-history":[{"count":1,"href":"https:\/\/myhomeproperty.es\/fr\/wp-json\/wp\/v2\/properties\/8678\/revisions"}],"predecessor-version":[{"id":8679,"href":"https:\/\/myhomeproperty.es\/fr\/wp-json\/wp\/v2\/properties\/8678\/revisions\/8679"}],"wp:featuredmedia":[{"embeddable":true,"href":"https:\/\/myhomeproperty.es\/fr\/wp-json\/wp\/v2\/media\/8612"}],"wp:attachment":[{"href":"https:\/\/myhomeproperty.es\/fr\/wp-json\/wp\/v2\/media?parent=8678"}],"wp:term":[{"taxonomy":"property_type","embeddable":true,"href":"https:\/\/myhomeproperty.es\/fr\/wp-json\/wp\/v2\/property_type?post=8678"},{"taxonomy":"property_status","embeddable":true,"href":"https:\/\/myhomeproperty.es\/fr\/wp-json\/wp\/v2\/property_status?post=8678"},{"taxonomy":"property_feature","embeddable":true,"href":"https:\/\/myhomeproperty.es\/fr\/wp-json\/wp\/v2\/property_feature?post=8678"},{"taxonomy":"property_label","embeddable":true,"href":"https:\/\/myhomeproperty.es\/fr\/wp-json\/wp\/v2\/property_label?post=8678"},{"taxonomy":"property_country","embeddable":true,"href":"https:\/\/myhomeproperty.es\/fr\/wp-json\/wp\/v2\/property_country?post=8678"},{"taxonomy":"property_state","embeddable":true,"href":"https:\/\/myhomeproperty.es\/fr\/wp-json\/wp\/v2\/property_state?post=8678"},{"taxonomy":"property_city","embeddable":true,"href":"https:\/\/myhomeproperty.es\/fr\/wp-json\/wp\/v2\/property_city?post=8678"},{"taxonomy":"property_area","embeddable":true,"href":"https:\/\/myhomeproperty.es\/fr\/wp-json\/wp\/v2\/property_area?post=8678"}],"curies":[{"name":"wp","href":"https:\/\/api.w.org\/{rel}","templated":true}]}}

Villas de luxe à San Pedro del Pinatar

<p>Nous vous présentons ce luxueux complexe de 3 villas avec piscine privée, jardin et solarium avec de belles vues qui vous permettent de profiter de toutes les heures d&#8217;ensoleillement, tous les jours de l&#8217;année.</p>

<p>Chaque villa dispose de 3 chambres et de 3 salles de bains complètes. Conçues sur trois niveaux avec un style contemporain et un concept ouvert, elles comprennent une cuisine entièrement équipée et un salon-salle à manger. </p>

<p>Le projet est situé à San Pedro del Pinatar (Murcie), à 1,5 km de la plage, entouré de services, de parcs, d&#8217;installations sportives et de plusieurs terrains de golf.</p>

<div class="wp-block-cover"><span aria-hidden="true" class="wp-block-cover__background has-background-dim"></span><div class="wp-block-cover__inner-container is-layout-flow wp-block-cover-is-layout-flow">
<div class="wp-block-group"><div class="wp-block-group__inner-container is-layout-constrained wp-block-group-is-layout-constrained">
<p>La propriété répondra aux normes les plus élevées et sera équipée de :</p>



<ul class="wp-block-list">
<li>Piscine privée avec éclairage intérieur et douche.</li>



<li>Cuisine entièrement équipée avec four, micro-ondes, réfrigérateur, lave-vaisselle, plaque vitrocéramique et hotte aspirante.</li>



<li>Éclairage : LED à l&#8217;intérieur de la maison (salle à manger, cuisine, couloirs et salles de bains), et dans les espaces extérieurs.</li>



<li>Armoires encastrées avec tiroirs et étagères.</li>



<li>Les salles de bains sont entièrement équipées d&#8217;un meuble-lavabo avec lavabo, miroir et éclairage LED intégré.</li>



<li>Pré-installation de la climatisation en gaine.</li>



<li>Solarium.</li>



<li>Place de parking sur le terrain.</li>
</ul>
</div></div>
</div></div>

<p>Lieux d&#8217;intérêt :  </p>

<div class="wp-block-group is-nowrap is-layout-flex wp-container-core-group-is-layout-ad2f72ca wp-block-group-is-layout-flex">
<div class="wp-block-group is-vertical is-layout-flex wp-container-core-group-is-layout-8cf370e7 wp-block-group-is-layout-flex">
<ul class="wp-block-list">
<li>Plage : 1km</li>



<li>Aéroport d&#8217;Alicante : 1h</li>



<li>Aéroport de Corvera : 35 minutes  </li>



<li>Centre commercial DOS MARES : 5 minutes</li>



<li>Centre commercial LA ZENIA BOULEVARD : 20 minutes  </li>
</ul>
</div>
</div>

<p></p>

<p></p>

<p>Nous vous présentons ce luxueux complexe de 3 villas avec piscine privée, jardin et solarium avec de belles vues qui vous permettent de profiter de toutes les heures d&#8217;ensoleillement, tous les jours de l&#8217;année. Chaque villa dispose de 3 chambres et de 3 salles de bains complètes. Conçues sur trois niveaux avec un style contemporain [&hellip;]</p>

Avenida de Emilio Castelar, San Pedro del Pinatar, Campo de Cartagena y Mar Menor, Región de Murcia, 30740, Spain

Residencial Capricho III - 3 Villas à San Pedro del Piantar - Paco Albaladejo
