{"id":8858,"date":"2024-12-20T20:03:23","date_gmt":"2024-12-20T20:03:23","guid":{"rendered":"https:\/\/myhomeproperty.es\/property\/appartement-de-3-chambres-a-coucher-a-san-javier\/"},"modified":"2025-01-21T12:10:54","modified_gmt":"2025-01-21T12:10:54","slug":"appartement-de-3-chambres-a-coucher-a-san-javier","status":"publish","type":"property","link":"https:\/\/myhomeproperty.es\/fr\/property\/appartement-de-3-chambres-a-coucher-a-san-javier\/","title":{"rendered":"Appartement de 3 chambres \u00e0 coucher \u00e0 San Javier"},"content":{"rendered":"\n<p>Nous avons un appartement d&#8217;angle spacieux et lumineux \u00e0 San Javier. Situ\u00e9 \u00e0 proximit\u00e9 de toutes les commodit\u00e9s. Il s&#8217;agit d&#8217;un appartement au premier \u00e9tage SANS ascenseur.  <\/p>\n\n<p><br\/>Il se compose d&#8217;un salon-salle \u00e0 manger avec acc\u00e8s au balcon, d&#8217;une cuisine avec acc\u00e8s \u00e0 une buanderie, de 3 chambres de bonne taille, d&#8217;une salle de bains compl\u00e8te et d&#8217;un WC.<\/p>\n\n<p>Pour plus d&#8217;informations, n&#8217;h\u00e9sitez pas \u00e0 nous contacter.<\/p>\n","protected":false},"excerpt":{"rendered":"<p>Nous avons un appartement d&#8217;angle spacieux et lumineux \u00e0 San Javier. Situ\u00e9 \u00e0 proximit\u00e9 de toutes les commodit\u00e9s. Il s&#8217;agit d&#8217;un appartement au premier \u00e9tage SANS ascenseur. Il se compose d&#8217;un salon-salle \u00e0 manger avec acc\u00e8s au balcon, d&#8217;une cuisine avec acc\u00e8s \u00e0 une buanderie, de 3 chambres de bonne taille, d&#8217;une salle de bains [&hellip;]<\/p>\n","protected":false},"author":3,"featured_media":8802,"parent":0,"menu_order":0,"template":"","property_type":[182],"property_status":[44],"property_feature":[],"property_label":[],"property_country":[32],"property_state":[39],"property_city":[38],"property_area":[],"class_list":["post-8858","property","type-property","status-publish","has-post-thumbnail","hentry","property_type-sol","property_status-en-vente","property_country-spain-fr","property_state-region-de-murcie","property_city-san-javier-fr"],"property_meta":{"fave_featured":["0"],"houzez_featured_listing_date":[""],"fave_property_images":["8840","8800","8810","8815","8820","8825","8755","8745","8850","8765","8770","8780","8775","8760","8785","8790","8795","8805","8830"],"fave_single_top_area":["global"],"_top_nav_excluded":[""],"_cms_nav_minihome":[""],"houzez_geolocation_lat":["37.8058268"],"houzez_geolocation_long":["-0.83204625"],"_thumbnail_id":["8802"],"_last_translation_edit_mode":["translation-editor"],"houzez_total_property_views":["103"],"houzez_views_by_date":["a:61:{s:10:\"05-14-2025\";i:1;s:10:\"05-20-2025\";i:1;s:10:\"05-28-2025\";i:1;s:10:\"06-02-2025\";i:1;s:10:\"06-09-2025\";i:1;s:10:\"06-21-2025\";i:1;s:10:\"06-27-2025\";i:1;s:10:\"07-01-2025\";i:1;s:10:\"07-09-2025\";i:1;s:10:\"07-14-2025\";i:2;s:10:\"07-16-2025\";i:1;s:10:\"07-24-2025\";i:1;s:10:\"07-25-2025\";i:1;s:10:\"07-31-2025\";i:1;s:10:\"08-20-2025\";i:1;s:10:\"08-26-2025\";i:1;s:10:\"08-30-2025\";i:4;s:10:\"09-04-2025\";i:1;s:10:\"09-09-2025\";i:1;s:10:\"09-14-2025\";i:1;s:10:\"09-15-2025\";i:2;s:10:\"09-19-2025\";i:1;s:10:\"09-23-2025\";i:2;s:10:\"09-24-2025\";i:1;s:10:\"09-29-2025\";i:1;s:10:\"10-01-2025\";i:2;s:10:\"10-05-2025\";i:1;s:10:\"10-10-2025\";i:2;s:10:\"10-12-2025\";i:1;s:10:\"10-18-2025\";i:1;s:10:\"11-21-2025\";i:1;s:10:\"12-06-2025\";i:1;s:10:\"12-20-2025\";i:1;s:10:\"01-06-2026\";i:1;s:10:\"01-07-2026\";i:1;s:10:\"01-12-2026\";i:4;s:10:\"01-22-2026\";i:1;s:10:\"01-27-2026\";i:1;s:10:\"02-01-2026\";i:1;s:10:\"02-21-2026\";i:1;s:10:\"03-04-2026\";i:1;s:10:\"03-05-2026\";i:1;s:10:\"03-10-2026\";i:1;s:10:\"03-11-2026\";i:2;s:10:\"03-12-2026\";i:1;s:10:\"03-15-2026\";i:1;s:10:\"03-16-2026\";i:1;s:10:\"03-18-2026\";i:1;s:10:\"03-21-2026\";i:2;s:10:\"03-23-2026\";i:1;s:10:\"03-29-2026\";i:1;s:10:\"04-02-2026\";i:1;s:10:\"04-04-2026\";i:1;s:10:\"04-10-2026\";i:1;s:10:\"04-13-2026\";i:1;s:10:\"04-14-2026\";i:1;s:10:\"04-15-2026\";i:1;s:10:\"04-19-2026\";i:1;s:10:\"04-20-2026\";i:1;s:10:\"04-25-2026\";i:1;s:10:\"04-28-2026\";i:3;}"],"houzez_recently_viewed":["2026-04-28 22:19:17"],"fave_property_price":["75900"],"fave_property_bedrooms":["3"],"fave_property_bathrooms":["2"],"fave_property_id":["3132MH"],"fave_property_map":["1"],"fave_property_map_address":["Calle Congreso, San Javier, Campo de Cartagena y Mar Menor, R\u00e9gion de Murcie, 30720, Espagne"],"fave_property_location":["37.8058268,-0.83204625,15"],"fave_property_map_street_view":["cacher"],"fave_property_zip":["30730"],"fave_video_url":["https:\/\/youtu.be\/AuaiMNJuGGg?si=158GEYCYmgRMI5gM"],"fave_agent_display_option":["auteur_info"],"fave_prop_homeslider":["non"],"houzez_manual_expire":["0"],"_houzez_expiration_date_status":["saved"],"_elementor_page_assets":["a:0:{}"]},"_links":{"self":[{"href":"https:\/\/myhomeproperty.es\/fr\/wp-json\/wp\/v2\/properties\/8858","targetHints":{"allow":["GET"]}}],"collection":[{"href":"https:\/\/myhomeproperty.es\/fr\/wp-json\/wp\/v2\/properties"}],"about":[{"href":"https:\/\/myhomeproperty.es\/fr\/wp-json\/wp\/v2\/types\/property"}],"author":[{"embeddable":true,"href":"https:\/\/myhomeproperty.es\/fr\/wp-json\/wp\/v2\/users\/3"}],"version-history":[{"count":1,"href":"https:\/\/myhomeproperty.es\/fr\/wp-json\/wp\/v2\/properties\/8858\/revisions"}],"predecessor-version":[{"id":8859,"href":"https:\/\/myhomeproperty.es\/fr\/wp-json\/wp\/v2\/properties\/8858\/revisions\/8859"}],"wp:featuredmedia":[{"embeddable":true,"href":"https:\/\/myhomeproperty.es\/fr\/wp-json\/wp\/v2\/media\/8802"}],"wp:attachment":[{"href":"https:\/\/myhomeproperty.es\/fr\/wp-json\/wp\/v2\/media?parent=8858"}],"wp:term":[{"taxonomy":"property_type","embeddable":true,"href":"https:\/\/myhomeproperty.es\/fr\/wp-json\/wp\/v2\/property_type?post=8858"},{"taxonomy":"property_status","embeddable":true,"href":"https:\/\/myhomeproperty.es\/fr\/wp-json\/wp\/v2\/property_status?post=8858"},{"taxonomy":"property_feature","embeddable":true,"href":"https:\/\/myhomeproperty.es\/fr\/wp-json\/wp\/v2\/property_feature?post=8858"},{"taxonomy":"property_label","embeddable":true,"href":"https:\/\/myhomeproperty.es\/fr\/wp-json\/wp\/v2\/property_label?post=8858"},{"taxonomy":"property_country","embeddable":true,"href":"https:\/\/myhomeproperty.es\/fr\/wp-json\/wp\/v2\/property_country?post=8858"},{"taxonomy":"property_state","embeddable":true,"href":"https:\/\/myhomeproperty.es\/fr\/wp-json\/wp\/v2\/property_state?post=8858"},{"taxonomy":"property_city","embeddable":true,"href":"https:\/\/myhomeproperty.es\/fr\/wp-json\/wp\/v2\/property_city?post=8858"},{"taxonomy":"property_area","embeddable":true,"href":"https:\/\/myhomeproperty.es\/fr\/wp-json\/wp\/v2\/property_area?post=8858"}],"curies":[{"name":"wp","href":"https:\/\/api.w.org\/{rel}","templated":true}]}}

Appartement de 3 chambres à coucher à San Javier

<p>Nous avons un appartement d&#8217;angle spacieux et lumineux à San Javier. Situé à proximité de toutes les commodités. Il s&#8217;agit d&#8217;un appartement au premier étage SANS ascenseur.  </p>

<p><br/>Il se compose d&#8217;un salon-salle à manger avec accès au balcon, d&#8217;une cuisine avec accès à une buanderie, de 3 chambres de bonne taille, d&#8217;une salle de bains complète et d&#8217;un WC.</p>

<p>Pour plus d&#8217;informations, n&#8217;hésitez pas à nous contacter.</p>

<p>Nous avons un appartement d&#8217;angle spacieux et lumineux à San Javier. Situé à proximité de toutes les commodités. Il s&#8217;agit d&#8217;un appartement au premier étage SANS ascenseur. Il se compose d&#8217;un salon-salle à manger avec accès au balcon, d&#8217;une cuisine avec accès à une buanderie, de 3 chambres de bonne taille, d&#8217;une salle de bains [&hellip;]</p>

Calle Congreso, San Javier, Campo de Cartagena y Mar Menor, Région de Murcie, 30720, Espagne
