{"id":9872,"date":"2025-01-09T17:21:36","date_gmt":"2025-01-09T17:21:36","guid":{"rendered":"https:\/\/myhomeproperty.es\/property\/appartement-de-3-chambres-a-coucher-a-usera\/"},"modified":"2025-01-27T17:55:17","modified_gmt":"2025-01-27T17:55:17","slug":"appartement-de-3-chambres-a-coucher-a-usera","status":"publish","type":"property","link":"https:\/\/myhomeproperty.es\/fr\/property\/appartement-de-3-chambres-a-coucher-a-usera\/","title":{"rendered":"Appartement de 3 chambres \u00e0 Usera, Madrid"},"content":{"rendered":"\n<p>Ce charmant appartement, situ\u00e9 dans un endroit privil\u00e9gi\u00e9 \u00e0 Usera-Orcasitas, offre les caract\u00e9ristiques suivantes :<\/p>\n\n<ul class=\"wp-block-list\">\n<li>Salle \u00e0 manger : spacieuse et accueillante, parfaite pour les moments en famille ou entre amis.<\/li>\n\n\n\n<li>Cuisine ind\u00e9pendante : Enti\u00e8rement \u00e9quip\u00e9e et fonctionnelle.<\/li>\n\n\n\n<li>Hall d&#8217;entr\u00e9e : avec armoire encastr\u00e9e, confortable et bien distribu\u00e9.<\/li>\n\n\n\n<li>Buanderie : pratique et fonctionnelle, pour plus de commodit\u00e9.<\/li>\n\n\n\n<li>3 chambres \u00e0 coucher : spacieuses et lumineuses, avec de grandes armoires encastr\u00e9es, id\u00e9ales pour le repos et l&#8217;organisation.<\/li>\n\n\n\n<li>1 grande salle de bain : avec grande douche et double lavabo.<\/li>\n\n\n\n<li>B\u00e2timent avec double ascenseur : facilite l&#8217;acc\u00e8s \u00e0 tous les \u00e9tages du b\u00e2timent.<\/li>\n\n\n\n<li>Fen\u00eatres \u00e0 double isolation : elles prot\u00e8gent contre la chaleur, le froid et les fuites, garantissant un environnement confortable tout au long de l&#8217;ann\u00e9e.<\/li>\n\n\n\n<li>Moustiquaires : pour profiter de l&#8217;air frais en toute tranquillit\u00e9.<\/li>\n\n\n\n<li>Chauffage central avec une chaudi\u00e8re Saunier r\u00e9cemment install\u00e9e : pour maintenir une temp\u00e9rature confortable pendant les mois froids.<\/li>\n\n\n\n<li>R\u00e9nov\u00e9 et semi-meubl\u00e9 : pr\u00eat \u00e0 emm\u00e9nager, en parfait \u00e9tat, avec du parquet pour plus de chaleur et de style.<\/li>\n<\/ul>\n\n<p>Localisation et services :<\/p>\n\n<ul class=\"wp-block-list\">\n<li>Bon acc\u00e8s \u00e0 la M-40<\/li>\n\n\n\n<li>\u00c0 c\u00f4t\u00e9 de Mercadona : commodit\u00e9 et accessibilit\u00e9 pour vos achats quotidiens.<\/li>\n\n\n\n<li>Proche de Renfe Orcasitas et de la station de m\u00e9tro San Ferm\u00edn Orcasur : excellente connexion avec les transports publics.<\/li>\n\n\n\n<li>Ligne de bus 60 : facilite les d\u00e9placements vers les diff\u00e9rents quartiers de la ville.<\/li>\n\n\n\n<li>De grands espaces verts : des espaces id\u00e9aux pour les loisirs et les activit\u00e9s de plein air.<\/li>\n\n\n\n<li>Tous les services \u00e0 proximit\u00e9 : tout ce dont vous avez besoin est \u00e0 port\u00e9e de main.<\/li>\n<\/ul>\n\n<p>Cet appartement est parfait pour ceux qui recherchent un appartement moderne, confortable et bien situ\u00e9, ne manquez pas l&#8217;occasion de le visiter ! <\/p>\n","protected":false},"excerpt":{"rendered":"<p>Ce charmant appartement, situ\u00e9 dans un endroit privil\u00e9gi\u00e9 \u00e0 Usera-Orcasitas, offre les caract\u00e9ristiques suivantes : Localisation et services : Cet appartement est parfait pour ceux qui recherchent un appartement moderne, confortable et bien situ\u00e9, ne manquez pas l&#8217;occasion de le visiter !<\/p>\n","protected":false},"author":3,"featured_media":9837,"parent":0,"menu_order":0,"template":"","property_type":[182],"property_status":[44],"property_feature":[],"property_label":[],"property_country":[32],"property_state":[260],"property_city":[259],"property_area":[258],"class_list":["post-9872","property","type-property","status-publish","has-post-thumbnail","hentry","property_type-sol","property_status-en-vente","property_country-spain-fr","property_state-madrid-fr","property_city-usera-fr","property_area-orcasitas-fr"],"property_meta":{"fave_featured":["0"],"houzez_featured_listing_date":[""],"fave_property_images":["9860","9615","9850","9855","9705","9835","9790","9785","9675","9695","9845","9810","9775","9840","9680","9715","9760","9735","9770","9725","9730","9620","9670","9745","9815","9795","9820"],"fave_single_top_area":["global"],"_top_nav_excluded":[""],"_cms_nav_minihome":[""],"houzez_geolocation_lat":["40.368119517961"],"houzez_geolocation_long":["-3.7127833436635"],"_thumbnail_id":["9837"],"_last_translation_edit_mode":["translation-editor"],"houzez_manual_expire":["0"],"_houzez_expiration_date_status":["saved"],"fave_property_price":["255000"],"fave_property_size":["68"],"fave_property_land":["85"],"fave_property_bedrooms":["3"],"fave_property_bathrooms":["1"],"fave_property_id":["3035MH"],"fave_property_map_address":["Usera, Madrid, Communaut\u00e9 de Madrid, Espagne"],"fave_property_location":["40.368119517961,-3.7127833436635,15"],"fave_property_map_street_view":["cacher"],"fave_video_url":["https:\/\/youtu.be\/05qtZ_j8r1g"],"fave_agent_display_option":["auteur_info"],"fave_prop_homeslider":["non"],"houzez_total_property_views":["228"],"houzez_views_by_date":["a:61:{s:10:\"12-05-2025\";i:2;s:10:\"12-06-2025\";i:1;s:10:\"12-11-2025\";i:2;s:10:\"12-13-2025\";i:1;s:10:\"12-15-2025\";i:1;s:10:\"12-16-2025\";i:1;s:10:\"12-20-2025\";i:1;s:10:\"12-21-2025\";i:1;s:10:\"12-25-2025\";i:1;s:10:\"12-27-2025\";i:1;s:10:\"01-01-2026\";i:1;s:10:\"01-02-2026\";i:1;s:10:\"01-03-2026\";i:1;s:10:\"01-07-2026\";i:2;s:10:\"01-08-2026\";i:1;s:10:\"01-13-2026\";i:2;s:10:\"01-14-2026\";i:1;s:10:\"01-19-2026\";i:1;s:10:\"01-20-2026\";i:2;s:10:\"01-24-2026\";i:2;s:10:\"01-25-2026\";i:1;s:10:\"01-31-2026\";i:1;s:10:\"02-02-2026\";i:1;s:10:\"02-03-2026\";i:2;s:10:\"02-04-2026\";i:1;s:10:\"02-06-2026\";i:1;s:10:\"02-11-2026\";i:1;s:10:\"02-14-2026\";i:1;s:10:\"02-18-2026\";i:1;s:10:\"02-19-2026\";i:1;s:10:\"02-23-2026\";i:1;s:10:\"02-27-2026\";i:1;s:10:\"03-04-2026\";i:1;s:10:\"03-09-2026\";i:1;s:10:\"03-10-2026\";i:1;s:10:\"03-11-2026\";i:2;s:10:\"03-16-2026\";i:1;s:10:\"03-17-2026\";i:3;s:10:\"03-19-2026\";i:1;s:10:\"03-21-2026\";i:1;s:10:\"03-22-2026\";i:1;s:10:\"03-24-2026\";i:1;s:10:\"03-25-2026\";i:1;s:10:\"03-26-2026\";i:2;s:10:\"03-27-2026\";i:2;s:10:\"03-28-2026\";i:1;s:10:\"03-30-2026\";i:1;s:10:\"03-31-2026\";i:1;s:10:\"04-02-2026\";i:1;s:10:\"04-04-2026\";i:2;s:10:\"04-05-2026\";i:2;s:10:\"04-09-2026\";i:1;s:10:\"04-10-2026\";i:1;s:10:\"04-14-2026\";i:2;s:10:\"04-15-2026\";i:1;s:10:\"04-19-2026\";i:3;s:10:\"04-20-2026\";i:1;s:10:\"04-24-2026\";i:1;s:10:\"04-25-2026\";i:3;s:10:\"04-26-2026\";i:1;s:10:\"04-28-2026\";i:2;}"],"houzez_recently_viewed":["2026-04-28 22:18:51"],"_elementor_page_assets":["a:0:{}"]},"_links":{"self":[{"href":"https:\/\/myhomeproperty.es\/fr\/wp-json\/wp\/v2\/properties\/9872","targetHints":{"allow":["GET"]}}],"collection":[{"href":"https:\/\/myhomeproperty.es\/fr\/wp-json\/wp\/v2\/properties"}],"about":[{"href":"https:\/\/myhomeproperty.es\/fr\/wp-json\/wp\/v2\/types\/property"}],"author":[{"embeddable":true,"href":"https:\/\/myhomeproperty.es\/fr\/wp-json\/wp\/v2\/users\/3"}],"version-history":[{"count":2,"href":"https:\/\/myhomeproperty.es\/fr\/wp-json\/wp\/v2\/properties\/9872\/revisions"}],"predecessor-version":[{"id":9877,"href":"https:\/\/myhomeproperty.es\/fr\/wp-json\/wp\/v2\/properties\/9872\/revisions\/9877"}],"wp:featuredmedia":[{"embeddable":true,"href":"https:\/\/myhomeproperty.es\/fr\/wp-json\/wp\/v2\/media\/9837"}],"wp:attachment":[{"href":"https:\/\/myhomeproperty.es\/fr\/wp-json\/wp\/v2\/media?parent=9872"}],"wp:term":[{"taxonomy":"property_type","embeddable":true,"href":"https:\/\/myhomeproperty.es\/fr\/wp-json\/wp\/v2\/property_type?post=9872"},{"taxonomy":"property_status","embeddable":true,"href":"https:\/\/myhomeproperty.es\/fr\/wp-json\/wp\/v2\/property_status?post=9872"},{"taxonomy":"property_feature","embeddable":true,"href":"https:\/\/myhomeproperty.es\/fr\/wp-json\/wp\/v2\/property_feature?post=9872"},{"taxonomy":"property_label","embeddable":true,"href":"https:\/\/myhomeproperty.es\/fr\/wp-json\/wp\/v2\/property_label?post=9872"},{"taxonomy":"property_country","embeddable":true,"href":"https:\/\/myhomeproperty.es\/fr\/wp-json\/wp\/v2\/property_country?post=9872"},{"taxonomy":"property_state","embeddable":true,"href":"https:\/\/myhomeproperty.es\/fr\/wp-json\/wp\/v2\/property_state?post=9872"},{"taxonomy":"property_city","embeddable":true,"href":"https:\/\/myhomeproperty.es\/fr\/wp-json\/wp\/v2\/property_city?post=9872"},{"taxonomy":"property_area","embeddable":true,"href":"https:\/\/myhomeproperty.es\/fr\/wp-json\/wp\/v2\/property_area?post=9872"}],"curies":[{"name":"wp","href":"https:\/\/api.w.org\/{rel}","templated":true}]}}

Appartement de 3 chambres à Usera, Madrid

<p>Ce charmant appartement, situé dans un endroit privilégié à Usera-Orcasitas, offre les caractéristiques suivantes :</p>

<ul class="wp-block-list">
<li>Salle à manger : spacieuse et accueillante, parfaite pour les moments en famille ou entre amis.</li>



<li>Cuisine indépendante : Entièrement équipée et fonctionnelle.</li>



<li>Hall d&#8217;entrée : avec armoire encastrée, confortable et bien distribué.</li>



<li>Buanderie : pratique et fonctionnelle, pour plus de commodité.</li>



<li>3 chambres à coucher : spacieuses et lumineuses, avec de grandes armoires encastrées, idéales pour le repos et l&#8217;organisation.</li>



<li>1 grande salle de bain : avec grande douche et double lavabo.</li>



<li>Bâtiment avec double ascenseur : facilite l&#8217;accès à tous les étages du bâtiment.</li>



<li>Fenêtres à double isolation : elles protègent contre la chaleur, le froid et les fuites, garantissant un environnement confortable tout au long de l&#8217;année.</li>



<li>Moustiquaires : pour profiter de l&#8217;air frais en toute tranquillité.</li>



<li>Chauffage central avec une chaudière Saunier récemment installée : pour maintenir une température confortable pendant les mois froids.</li>



<li>Rénové et semi-meublé : prêt à emménager, en parfait état, avec du parquet pour plus de chaleur et de style.</li>
</ul>

<p>Localisation et services :</p>

<ul class="wp-block-list">
<li>Bon accès à la M-40</li>



<li>À côté de Mercadona : commodité et accessibilité pour vos achats quotidiens.</li>



<li>Proche de Renfe Orcasitas et de la station de métro San Fermín Orcasur : excellente connexion avec les transports publics.</li>



<li>Ligne de bus 60 : facilite les déplacements vers les différents quartiers de la ville.</li>



<li>De grands espaces verts : des espaces idéaux pour les loisirs et les activités de plein air.</li>



<li>Tous les services à proximité : tout ce dont vous avez besoin est à portée de main.</li>
</ul>

<p>Cet appartement est parfait pour ceux qui recherchent un appartement moderne, confortable et bien situé, ne manquez pas l&#8217;occasion de le visiter ! </p>

<p>Ce charmant appartement, situé dans un endroit privilégié à Usera-Orcasitas, offre les caractéristiques suivantes : Localisation et services : Cet appartement est parfait pour ceux qui recherchent un appartement moderne, confortable et bien situé, ne manquez pas l&#8217;occasion de le visiter !</p>

Usera, Madrid, Communauté de Madrid, Espagne
