{"id":10126,"date":"2025-01-21T12:08:04","date_gmt":"2025-01-21T12:08:04","guid":{"rendered":"https:\/\/myhomeproperty.es\/property\/parhus-med-privat-pool-i-santiago-de-la-ribera\/"},"modified":"2025-01-31T10:03:27","modified_gmt":"2025-01-31T10:03:27","slug":"parhus-med-privat-pool-i-santiago-de-la-ribera","status":"publish","type":"property","link":"https:\/\/myhomeproperty.es\/sv\/property\/parhus-med-privat-pool-i-santiago-de-la-ribera\/","title":{"rendered":"Parhus med privat pool i Santiago de la Ribera"},"content":{"rendered":"\n<p>Tv\u00e5familjshus med privat pool (650 meter fr\u00e5n str\u00e4nderna)<\/p>\n\n<figure class=\"wp-block-image size-large\"><img fetchpriority=\"high\" decoding=\"async\" width=\"1024\" height=\"576\" src=\"https:\/\/myhomeproperty.es\/wp-content\/uploads\/2024\/07\/5_3-Photo-1024x576.jpg\" alt=\"\" class=\"wp-image-184\" srcset=\"https:\/\/myhomeproperty.es\/wp-content\/uploads\/2024\/07\/5_3-Photo-1024x576.jpg 1024w, https:\/\/myhomeproperty.es\/wp-content\/uploads\/2024\/07\/5_3-Photo-300x169.jpg 300w, https:\/\/myhomeproperty.es\/wp-content\/uploads\/2024\/07\/5_3-Photo-768x432.jpg 768w, https:\/\/myhomeproperty.es\/wp-content\/uploads\/2024\/07\/5_3-Photo-1536x864.jpg 1536w, https:\/\/myhomeproperty.es\/wp-content\/uploads\/2024\/07\/5_3-Photo-2048x1152.jpg 2048w, https:\/\/myhomeproperty.es\/wp-content\/uploads\/2024\/07\/5_3-Photo-1067x600.jpg 1067w, https:\/\/myhomeproperty.es\/wp-content\/uploads\/2024\/07\/5_3-Photo-496x279.jpg 496w\" sizes=\"(max-width: 1024px) 100vw, 1024px\" \/><\/figure>\n\n<p>NYCKELF\u00c4RDIG, FULLT M\u00d6BLERAD!!!!  <\/p>\n\n<p>Tv\u00e5plansvilla med terrass och privat pool (650 meter fr\u00e5n str\u00e4nderna). Denna villa \u00e4r utformad f\u00f6r att ge den b\u00e4sta \u00f6ppna planl\u00f6sningen, med dubbelglasade skjutd\u00f6rrar som vetter direkt mot en stor terrass med privat pool, terrass och parkeringsplats. Det finns 3 gener\u00f6sa sovrum (f\u00f6rsta v\u00e5ningen med eget badrum) och ytterligare ett badrum p\u00e5 nederv\u00e5ningen med duschkabin. Vardagsrummet p\u00e5 bottenv\u00e5ningen har ett fullt utrustat k\u00f6k med neds\u00e4nkbart bord, \u00f6ppen planl\u00f6sning mellan vardagsrum och matplats, fullt utrustat k\u00f6k med vitvaror, utomhusf\u00f6rr\u00e5d och terrassomr\u00e5den p\u00e5 sidan av villan, fr\u00e5n det stora sovrummet och fr\u00e5n vardagsrummet.     <\/p>\n\n<p>Perfekt l\u00e4ge &#8230; Denna villa ligger bara ett par minuters promenad fr\u00e5n str\u00e4nderna i San Javier och bara 5 minuter fr\u00e5n centrum. Onsdagsmarknaden ligger bara 200 meter bort. Perfekt f\u00f6r fritid &#8230; Miles och miles av promenader att utforska &#8230; det h\u00e4r \u00e4r verkligen en fantastisk plats att promenera runt, antingen dag eller natt, med otaliga restauranger att v\u00e4lja mellan och n\u00e5gra utm\u00e4rkta sm\u00e5 tapasbarer vid havet, varf\u00f6r inte bes\u00f6ka yachtklubben? Detta omr\u00e5de erbjuder en m\u00e4ngd olika sportaktiviteter, inklusive s\u00e4songsbetonade vattensporter &#8230; med n\u00e5gra s\u00e4rskilt bra golfbanor i n\u00e4rheten!     <\/p>\n\n<p>Stad: San Javier (Costa C\u00e1lida) Omr\u00e5de: Costa C\u00e1lida (MURCIA)  <\/p>\n\n<ul class=\"wp-block-list\">\n<li>Omr\u00e5de: Stad (10 minuters promenad) Strand (5 minuters promenad)  <\/li>\n\n\n\n<li>Utsikt: Stad, Kust Typ: Villa (parhus)<\/li>\n\n\n\n<li>Pool: Privat pool Sovrum: 3 Badrum: 2  <\/li>\n\n\n\n<li>Status: Nybyggnation  <\/li>\n\n\n\n<li>Fastighetsstorlek: 94,00 m2 Tomtstorlek: 136 m2  <\/li>\n\n\n\n<li>Tr\u00e4dg\u00e5rd: Privat<\/li>\n<\/ul>\n","protected":false},"excerpt":{"rendered":"<p>Tv\u00e5familjshus med privat pool (650 meter fr\u00e5n str\u00e4nderna) NYCKELF\u00c4RDIG, FULLT M\u00d6BLERAD!!!! Tv\u00e5plansvilla med terrass och privat pool (650 meter fr\u00e5n str\u00e4nderna). Denna villa \u00e4r utformad f\u00f6r att ge den b\u00e4sta \u00f6ppna planl\u00f6sningen, med dubbelglasade skjutd\u00f6rrar som vetter direkt mot en stor terrass med privat pool, terrass och parkeringsplats. Det finns 3 gener\u00f6sa sovrum (f\u00f6rsta v\u00e5ningen [&hellip;]<\/p>\n","protected":false},"author":3,"featured_media":0,"parent":0,"menu_order":0,"template":"","property_type":[195],"property_status":[93],"property_feature":[89,243,219],"property_label":[],"property_country":[101],"property_state":[91],"property_city":[104],"property_area":[213],"class_list":["post-10126","property","type-property","status-publish","hentry","property_type-villa-sv","property_status-till-salu","property_feature-simbassang","property_feature-terrass","property_feature-tradgard","property_country-spanien","property_state-regionen-murcia","property_city-san-javier-sv","property_area-santiago-de-la-ribera-sv"],"property_meta":{"fave_featured":["0"],"houzez_featured_listing_date":[""],"fave_property_images":["165","169","167","170","168","185","186","184","183","180","176","178","174","171","182","181","177","179","173","172","175","164"],"fave_single_top_area":["global"],"_top_nav_excluded":[""],"_cms_nav_minihome":[""],"houzez_geolocation_lat":["37.7972232"],"houzez_geolocation_long":["-0.8048727"],"_last_translation_edit_mode":["translation-editor"],"houzez_total_property_views":["110"],"houzez_views_by_date":["a:61:{s:10:\"05-27-2025\";i:3;s:10:\"06-01-2025\";i:1;s:10:\"06-04-2025\";i:2;s:10:\"06-06-2025\";i:1;s:10:\"06-13-2025\";i:3;s:10:\"06-21-2025\";i:2;s:10:\"06-30-2025\";i:1;s:10:\"07-02-2025\";i:1;s:10:\"07-11-2025\";i:1;s:10:\"07-14-2025\";i:1;s:10:\"07-18-2025\";i:1;s:10:\"07-20-2025\";i:1;s:10:\"07-26-2025\";i:1;s:10:\"08-01-2025\";i:1;s:10:\"08-06-2025\";i:2;s:10:\"08-13-2025\";i:2;s:10:\"08-21-2025\";i:1;s:10:\"08-22-2025\";i:2;s:10:\"08-26-2025\";i:1;s:10:\"08-29-2025\";i:1;s:10:\"08-30-2025\";i:3;s:10:\"09-04-2025\";i:1;s:10:\"09-07-2025\";i:1;s:10:\"09-09-2025\";i:1;s:10:\"09-14-2025\";i:1;s:10:\"09-19-2025\";i:1;s:10:\"09-24-2025\";i:1;s:10:\"09-27-2025\";i:1;s:10:\"09-29-2025\";i:1;s:10:\"10-05-2025\";i:1;s:10:\"10-11-2025\";i:1;s:10:\"10-17-2025\";i:1;s:10:\"11-21-2025\";i:1;s:10:\"12-05-2025\";i:1;s:10:\"12-12-2025\";i:1;s:10:\"12-18-2025\";i:3;s:10:\"12-22-2025\";i:1;s:10:\"12-23-2025\";i:1;s:10:\"12-24-2025\";i:1;s:10:\"01-07-2026\";i:1;s:10:\"01-12-2026\";i:2;s:10:\"01-20-2026\";i:1;s:10:\"01-24-2026\";i:1;s:10:\"02-03-2026\";i:1;s:10:\"02-11-2026\";i:1;s:10:\"02-16-2026\";i:2;s:10:\"02-21-2026\";i:1;s:10:\"02-25-2026\";i:1;s:10:\"03-11-2026\";i:2;s:10:\"03-16-2026\";i:1;s:10:\"03-18-2026\";i:1;s:10:\"03-20-2026\";i:1;s:10:\"03-23-2026\";i:1;s:10:\"03-28-2026\";i:1;s:10:\"04-03-2026\";i:1;s:10:\"04-05-2026\";i:1;s:10:\"04-14-2026\";i:1;s:10:\"04-16-2026\";i:1;s:10:\"04-19-2026\";i:1;s:10:\"04-25-2026\";i:1;s:10:\"04-28-2026\";i:2;}"],"houzez_recently_viewed":["2026-04-28 20:15:29"],"fave_property_price":["359950"],"fave_property_size":["95"],"fave_property_land":["136"],"fave_property_bedrooms":["3"],"fave_property_bathrooms":["2"],"fave_property_id":["30371MH"],"fave_property_map":["1"],"fave_property_map_address":["Santiago de La Ribera, Avenida Sandoval, Santiago de la Ribera, San Javier, Campo de Cartagena y Mar Menor, 30720, Spanien"],"fave_property_location":["37.7972232,-0.8048727,15"],"fave_property_map_street_view":["g\u00f6mma"],"fave_video_url":["https:\/\/www.youtube.com\/shorts\/uFD5ZPXelmk"],"fave_agent_display_option":["none"],"fave_prop_homeslider":["ja"],"fave_private_note":["ELISA BEACH GROUP 1 - SAN BLAS EN LA RIBERA 5\/7\/2024\n"],"additional_features":["a:4:{i:0;a:1:{s:29:\"fave_additional_feature_title\";s:20:\"600 m fr\u00e5n stranden\";}i:1;a:1:{s:29:\"fave_additional_feature_title\";s:30:\"Bredvid restauranger och barer\";}i:2;a:1:{s:29:\"fave_additional_feature_title\";s:19:\"Bredvid flygplatsen\";}i:3;a:1:{s:29:\"fave_additional_feature_title\";s:19:\"Privat swimmingpool\";}}"],"floor_plans":["a:1:{i:0;a:1:{s:15:\"fave_plan_image\";s:96:\"https:\/\/myhomeproperty.es\/wp-content\/uploads\/2024\/07\/Captura-de-pantalla-2024-07-05-123202-1.png\";}}"],"houzez_manual_expire":["0"],"_houzez_expiration_date_status":["saved"],"_elementor_page_assets":["a:0:{}"]},"_links":{"self":[{"href":"https:\/\/myhomeproperty.es\/sv\/wp-json\/wp\/v2\/properties\/10126","targetHints":{"allow":["GET"]}}],"collection":[{"href":"https:\/\/myhomeproperty.es\/sv\/wp-json\/wp\/v2\/properties"}],"about":[{"href":"https:\/\/myhomeproperty.es\/sv\/wp-json\/wp\/v2\/types\/property"}],"author":[{"embeddable":true,"href":"https:\/\/myhomeproperty.es\/sv\/wp-json\/wp\/v2\/users\/3"}],"version-history":[{"count":3,"href":"https:\/\/myhomeproperty.es\/sv\/wp-json\/wp\/v2\/properties\/10126\/revisions"}],"predecessor-version":[{"id":26883,"href":"https:\/\/myhomeproperty.es\/sv\/wp-json\/wp\/v2\/properties\/10126\/revisions\/26883"}],"wp:attachment":[{"href":"https:\/\/myhomeproperty.es\/sv\/wp-json\/wp\/v2\/media?parent=10126"}],"wp:term":[{"taxonomy":"property_type","embeddable":true,"href":"https:\/\/myhomeproperty.es\/sv\/wp-json\/wp\/v2\/property_type?post=10126"},{"taxonomy":"property_status","embeddable":true,"href":"https:\/\/myhomeproperty.es\/sv\/wp-json\/wp\/v2\/property_status?post=10126"},{"taxonomy":"property_feature","embeddable":true,"href":"https:\/\/myhomeproperty.es\/sv\/wp-json\/wp\/v2\/property_feature?post=10126"},{"taxonomy":"property_label","embeddable":true,"href":"https:\/\/myhomeproperty.es\/sv\/wp-json\/wp\/v2\/property_label?post=10126"},{"taxonomy":"property_country","embeddable":true,"href":"https:\/\/myhomeproperty.es\/sv\/wp-json\/wp\/v2\/property_country?post=10126"},{"taxonomy":"property_state","embeddable":true,"href":"https:\/\/myhomeproperty.es\/sv\/wp-json\/wp\/v2\/property_state?post=10126"},{"taxonomy":"property_city","embeddable":true,"href":"https:\/\/myhomeproperty.es\/sv\/wp-json\/wp\/v2\/property_city?post=10126"},{"taxonomy":"property_area","embeddable":true,"href":"https:\/\/myhomeproperty.es\/sv\/wp-json\/wp\/v2\/property_area?post=10126"}],"curies":[{"name":"wp","href":"https:\/\/api.w.org\/{rel}","templated":true}]}}

<p>Tvåfamiljshus med privat pool (650 meter från stränderna)</p>

<figure class="wp-block-image size-large"><img fetchpriority="high" decoding="async" width="1024" height="576" src="https://myhomeproperty.es/wp-content/uploads/2024/07/5_3-Photo-1024x576.jpg" alt="" class="wp-image-184" srcset="https://myhomeproperty.es/wp-content/uploads/2024/07/5_3-Photo-1024x576.jpg 1024w, https://myhomeproperty.es/wp-content/uploads/2024/07/5_3-Photo-300x169.jpg 300w, https://myhomeproperty.es/wp-content/uploads/2024/07/5_3-Photo-768x432.jpg 768w, https://myhomeproperty.es/wp-content/uploads/2024/07/5_3-Photo-1536x864.jpg 1536w, https://myhomeproperty.es/wp-content/uploads/2024/07/5_3-Photo-2048x1152.jpg 2048w, https://myhomeproperty.es/wp-content/uploads/2024/07/5_3-Photo-1067x600.jpg 1067w, https://myhomeproperty.es/wp-content/uploads/2024/07/5_3-Photo-496x279.jpg 496w" sizes="(max-width: 1024px) 100vw, 1024px" /></figure>

<p>NYCKELFÄRDIG, FULLT MÖBLERAD!!!!  </p>

<p>Tvåplansvilla med terrass och privat pool (650 meter från stränderna). Denna villa är utformad för att ge den bästa öppna planlösningen, med dubbelglasade skjutdörrar som vetter direkt mot en stor terrass med privat pool, terrass och parkeringsplats. Det finns 3 generösa sovrum (första våningen med eget badrum) och ytterligare ett badrum på nedervåningen med duschkabin. Vardagsrummet på bottenvåningen har ett fullt utrustat kök med nedsänkbart bord, öppen planlösning mellan vardagsrum och matplats, fullt utrustat kök med vitvaror, utomhusförråd och terrassområden på sidan av villan, från det stora sovrummet och från vardagsrummet.     </p>

<p>Perfekt läge &#8230; Denna villa ligger bara ett par minuters promenad från stränderna i San Javier och bara 5 minuter från centrum. Onsdagsmarknaden ligger bara 200 meter bort. Perfekt för fritid &#8230; Miles och miles av promenader att utforska &#8230; det här är verkligen en fantastisk plats att promenera runt, antingen dag eller natt, med otaliga restauranger att välja mellan och några utmärkta små tapasbarer vid havet, varför inte besöka yachtklubben? Detta område erbjuder en mängd olika sportaktiviteter, inklusive säsongsbetonade vattensporter &#8230; med några särskilt bra golfbanor i närheten!     </p>

<p>Stad: San Javier (Costa Cálida) Område: Costa Cálida (MURCIA)  </p>

<ul class="wp-block-list">
<li>Område: Stad (10 minuters promenad) Strand (5 minuters promenad)  </li>



<li>Utsikt: Stad, Kust Typ: Villa (parhus)</li>



<li>Pool: Privat pool Sovrum: 3 Badrum: 2  </li>



<li>Status: Nybyggnation  </li>



<li>Fastighetsstorlek: 94,00 m2 Tomtstorlek: 136 m2  </li>



<li>Trädgård: Privat</li>
</ul>

<p>Tvåfamiljshus med privat pool (650 meter från stränderna) NYCKELFÄRDIG, FULLT MÖBLERAD!!!! Tvåplansvilla med terrass och privat pool (650 meter från stränderna). Denna villa är utformad för att ge den bästa öppna planlösningen, med dubbelglasade skjutdörrar som vetter direkt mot en stor terrass med privat pool, terrass och parkeringsplats. Det finns 3 generösa sovrum (första våningen [&hellip;]</p>

gömma

a:4:{i:0;a:1:{s:29:"fave_additional_feature_title";s:20:"600 m från stranden";}i:1;a:1:{s:29:"fave_additional_feature_title";s:30:"Bredvid restauranger och barer";}i:2;a:1:{s:29:"fave_additional_feature_title";s:19:"Bredvid flygplatsen";}i:3;a:1:{s:29:"fave_additional_feature_title";s:19:"Privat swimmingpool";}}
