{"id":2526,"date":"2024-07-22T16:31:45","date_gmt":"2024-07-22T16:31:45","guid":{"rendered":"https:\/\/myhomeproperty.es\/property\/fristaende-villa-i-pilar-de-la-horadada\/"},"modified":"2024-11-29T10:47:37","modified_gmt":"2024-11-29T10:47:37","slug":"fristaende-villa-i-pilar-de-la-horadada","status":"publish","type":"property","link":"https:\/\/myhomeproperty.es\/sv\/property\/fristaende-villa-i-pilar-de-la-horadada\/","title":{"rendered":"Frist\u00e5ende villa i Pilar de la Horadada"},"content":{"rendered":"\n<p>Vi presenterar denna magnifika villa i Pilar de la Horadada p\u00e5 en tomt p\u00e5 210 m2.<\/p>\n\n<p>Den \u00e4r f\u00f6rdelad p\u00e5 3 v\u00e5ningar.\nDen har fyra sovrum med inbyggda garderober, 3 kompletta badrum, en toalett, stort fullt utrustat och utrustat k\u00f6k, anslutet till vardagsrummet.\nPrivat pool p\u00e5 18 m2 i en stor tr\u00e4dg\u00e5rd med terrass och solarium.\nDet finns ocks\u00e5 en tv\u00e4ttstuga och ett f\u00f6rr\u00e5d p\u00e5 baksidan av fastigheten.\nPerfekt som permanent- eller fritidshus.    <\/p>\n\n<p><br\/><br\/><br\/><br\/><br\/>Intressanta platser: Str\u00e4nder: 2 km Corvera flygplats: 35 minuter Alicante flygplats: 50 minuter Dos Mares k\u00f6pcentrum: 10 minuter La Zenia Boulevard k\u00f6pcentrum: 15 minuter<\/p>\n","protected":false},"excerpt":{"rendered":"<p>Vi presenterar denna magnifika villa i Pilar de la Horadada p\u00e5 en tomt p\u00e5 210 m2. Den \u00e4r f\u00f6rdelad p\u00e5 3 v\u00e5ningar. Den har fyra sovrum med inbyggda garderober, 3 kompletta badrum, en toalett, stort fullt utrustat och utrustat k\u00f6k, anslutet till vardagsrummet. Privat pool p\u00e5 18 m2 i en stor tr\u00e4dg\u00e5rd med terrass och [&hellip;]<\/p>\n","protected":false},"author":1,"featured_media":8531,"parent":0,"menu_order":0,"template":"","property_type":[],"property_status":[93],"property_feature":[89],"property_label":[],"property_country":[101],"property_state":[96],"property_city":[95],"property_area":[],"class_list":["post-2526","property","type-property","status-publish","has-post-thumbnail","hentry","property_status-till-salu","property_feature-simbassang","property_country-spanien","property_state-alicante-sv","property_city-pilar-de-la-horadada-sv"],"property_meta":{"fave_featured":["1"],"houzez_featured_listing_date":["2024-07-24 11:44:32"],"fave_property_images":["2237","2313","2225","2233","2229","2245","2249","2309","2285","2289","2253","2293","2297","2301","2305","2325","2321","2273","2269","2261","2361","2365","2369","2397","2401","2341","2337","2265","2385","2381","2333","2277","2281","2329","2349","2357","2353","2373","2389","2405","2409","2116"],"fave_single_top_area":["global"],"_top_nav_excluded":[""],"_cms_nav_minihome":[""],"houzez_geolocation_lat":["37.8675489"],"houzez_geolocation_long":["-0.7925673"],"_thumbnail_id":["8531"],"_last_translation_edit_mode":["translation-editor"],"houzez_total_property_views":["131"],"houzez_views_by_date":["a:61:{s:10:\"07-09-2025\";i:2;s:10:\"07-12-2025\";i:1;s:10:\"07-13-2025\";i:2;s:10:\"07-17-2025\";i:2;s:10:\"07-21-2025\";i:1;s:10:\"07-25-2025\";i:2;s:10:\"07-28-2025\";i:2;s:10:\"08-03-2025\";i:1;s:10:\"08-19-2025\";i:2;s:10:\"08-23-2025\";i:1;s:10:\"08-25-2025\";i:1;s:10:\"08-29-2025\";i:1;s:10:\"08-30-2025\";i:1;s:10:\"08-31-2025\";i:1;s:10:\"09-06-2025\";i:2;s:10:\"09-07-2025\";i:10;s:10:\"09-12-2025\";i:2;s:10:\"09-13-2025\";i:1;s:10:\"09-18-2025\";i:1;s:10:\"09-20-2025\";i:2;s:10:\"09-22-2025\";i:1;s:10:\"09-24-2025\";i:1;s:10:\"09-28-2025\";i:1;s:10:\"09-29-2025\";i:2;s:10:\"10-05-2025\";i:1;s:10:\"10-12-2025\";i:1;s:10:\"10-15-2025\";i:2;s:10:\"10-18-2025\";i:1;s:10:\"10-19-2025\";i:1;s:10:\"11-18-2025\";i:1;s:10:\"11-21-2025\";i:1;s:10:\"12-06-2025\";i:1;s:10:\"12-13-2025\";i:1;s:10:\"12-18-2025\";i:1;s:10:\"12-26-2025\";i:1;s:10:\"01-01-2026\";i:1;s:10:\"01-02-2026\";i:1;s:10:\"01-11-2026\";i:1;s:10:\"01-12-2026\";i:1;s:10:\"01-15-2026\";i:1;s:10:\"01-20-2026\";i:1;s:10:\"01-25-2026\";i:1;s:10:\"01-30-2026\";i:1;s:10:\"02-05-2026\";i:1;s:10:\"02-13-2026\";i:2;s:10:\"02-19-2026\";i:1;s:10:\"02-24-2026\";i:1;s:10:\"03-04-2026\";i:1;s:10:\"03-10-2026\";i:1;s:10:\"03-11-2026\";i:2;s:10:\"03-16-2026\";i:1;s:10:\"03-22-2026\";i:1;s:10:\"03-27-2026\";i:2;s:10:\"04-08-2026\";i:1;s:10:\"04-11-2026\";i:2;s:10:\"04-13-2026\";i:1;s:10:\"04-18-2026\";i:1;s:10:\"04-19-2026\";i:1;s:10:\"04-23-2026\";i:1;s:10:\"04-26-2026\";i:1;s:10:\"04-28-2026\";i:1;}"],"houzez_recently_viewed":["2026-04-28 18:48:42"],"fave_property_price":["425000"],"fave_property_size":["140"],"fave_property_land":["211"],"fave_property_bedrooms":["4"],"fave_property_bathrooms":["4"],"fave_property_id":["3011MHRR"],"fave_property_map_address":["Pilar de la Horadada, el Baix Segura \/ La Vega Baja del Segura, Alacant \/ Alicante, Comunitat Valenciana, Spanien"],"fave_property_location":["37.8675489,-0.7925673,15"],"fave_property_map_street_view":["g\u00f6mma"],"fave_property_zip":["03190"],"fave_agent_display_option":["f\u00f6rfattare_info"],"fave_prop_homeslider":["ja"],"fave_private_note":["RODRIGO BOSTAD F\u00d6RS\u00c4LJNING - Mercadona-omr\u00e5det Pilar de la Horadada"],"floor_plans":["a:1:{i:0;a:1:{s:15:\"fave_plan_image\";s:62:\"https:\/\/myhomeproperty.es\/wp-content\/uploads\/2024\/07\/plano.png\";}}"],"houzez_manual_expire":["0"],"_houzez_expiration_date_status":["saved"],"_elementor_page_assets":["a:0:{}"]},"_links":{"self":[{"href":"https:\/\/myhomeproperty.es\/sv\/wp-json\/wp\/v2\/properties\/2526","targetHints":{"allow":["GET"]}}],"collection":[{"href":"https:\/\/myhomeproperty.es\/sv\/wp-json\/wp\/v2\/properties"}],"about":[{"href":"https:\/\/myhomeproperty.es\/sv\/wp-json\/wp\/v2\/types\/property"}],"author":[{"embeddable":true,"href":"https:\/\/myhomeproperty.es\/sv\/wp-json\/wp\/v2\/users\/1"}],"version-history":[{"count":4,"href":"https:\/\/myhomeproperty.es\/sv\/wp-json\/wp\/v2\/properties\/2526\/revisions"}],"predecessor-version":[{"id":8521,"href":"https:\/\/myhomeproperty.es\/sv\/wp-json\/wp\/v2\/properties\/2526\/revisions\/8521"}],"wp:featuredmedia":[{"embeddable":true,"href":"https:\/\/myhomeproperty.es\/sv\/wp-json\/wp\/v2\/media\/8531"}],"wp:attachment":[{"href":"https:\/\/myhomeproperty.es\/sv\/wp-json\/wp\/v2\/media?parent=2526"}],"wp:term":[{"taxonomy":"property_type","embeddable":true,"href":"https:\/\/myhomeproperty.es\/sv\/wp-json\/wp\/v2\/property_type?post=2526"},{"taxonomy":"property_status","embeddable":true,"href":"https:\/\/myhomeproperty.es\/sv\/wp-json\/wp\/v2\/property_status?post=2526"},{"taxonomy":"property_feature","embeddable":true,"href":"https:\/\/myhomeproperty.es\/sv\/wp-json\/wp\/v2\/property_feature?post=2526"},{"taxonomy":"property_label","embeddable":true,"href":"https:\/\/myhomeproperty.es\/sv\/wp-json\/wp\/v2\/property_label?post=2526"},{"taxonomy":"property_country","embeddable":true,"href":"https:\/\/myhomeproperty.es\/sv\/wp-json\/wp\/v2\/property_country?post=2526"},{"taxonomy":"property_state","embeddable":true,"href":"https:\/\/myhomeproperty.es\/sv\/wp-json\/wp\/v2\/property_state?post=2526"},{"taxonomy":"property_city","embeddable":true,"href":"https:\/\/myhomeproperty.es\/sv\/wp-json\/wp\/v2\/property_city?post=2526"},{"taxonomy":"property_area","embeddable":true,"href":"https:\/\/myhomeproperty.es\/sv\/wp-json\/wp\/v2\/property_area?post=2526"}],"curies":[{"name":"wp","href":"https:\/\/api.w.org\/{rel}","templated":true}]}}

Fristående villa i Pilar de la Horadada

<p>Vi presenterar denna magnifika villa i Pilar de la Horadada på en tomt på 210 m2.</p>

<p>Den är fördelad på 3 våningar.
Den har fyra sovrum med inbyggda garderober, 3 kompletta badrum, en toalett, stort fullt utrustat och utrustat kök, anslutet till vardagsrummet.
Privat pool på 18 m2 i en stor trädgård med terrass och solarium.
Det finns också en tvättstuga och ett förråd på baksidan av fastigheten.
Perfekt som permanent- eller fritidshus.    </p>

<p><br/><br/><br/><br/><br/>Intressanta platser: Stränder: 2 km Corvera flygplats: 35 minuter Alicante flygplats: 50 minuter Dos Mares köpcentrum: 10 minuter La Zenia Boulevard köpcentrum: 15 minuter</p>

<p>Vi presenterar denna magnifika villa i Pilar de la Horadada på en tomt på 210 m2. Den är fördelad på 3 våningar. Den har fyra sovrum med inbyggda garderober, 3 kompletta badrum, en toalett, stort fullt utrustat och utrustat kök, anslutet till vardagsrummet. Privat pool på 18 m2 i en stor trädgård med terrass och [&hellip;]</p>

gömma

författare_info

RODRIGO BOSTAD FÖRSÄLJNING - Mercadona-området Pilar de la Horadada
