{"id":28211,"date":"2025-02-13T11:46:01","date_gmt":"2025-02-13T11:46:01","guid":{"rendered":"https:\/\/myhomeproperty.es\/property\/lyxig-lagenhet-i-pilar-de-la-horadada-2\/"},"modified":"2025-12-04T10:47:56","modified_gmt":"2025-12-04T10:47:56","slug":"lyxig-lagenhet-i-pilar-de-la-horadada-2","status":"publish","type":"property","link":"https:\/\/myhomeproperty.es\/sv\/property\/lyxig-lagenhet-i-pilar-de-la-horadada-2\/","title":{"rendered":"Lyxig l\u00e4genhet i Pilar de la Horadada"},"content":{"rendered":"\n<p>Vi presenterar detta lyxiga komplex med 12 bungalows med gemensam pool f\u00f6r att njuta av alla soltimmar \u00e5ret runt.<\/p>\n\n<p>Bostadskomplexet erbjuder m\u00f6jlighet till l\u00e4genheter med 2 sovrum \/ 2 badrum samt l\u00e4genheter med 3 sovrum \/ 2 badrum. Vackra bost\u00e4der med parkeringsplats, tr\u00e4dg\u00e5rd och direkt tillg\u00e5ng till den gemensamma poolen. Terrassomr\u00e5de p\u00e5 bottenv\u00e5ningen och ett magnifikt solarium p\u00e5 \u00f6verv\u00e5ningen.<\/p>\n\n<p>Denna fantastiska bostad \u00e4r utformad i modern stil och har en \u00f6ppen planl\u00f6sning, best\u00e5ende av ett fullt utrustat k\u00f6k och ett vardagsrum med matsal.<\/p>\n\n<p>Anl\u00e4ggningen ligger i Pilar de la Horadada, Alicante, omgiven av alla tj\u00e4nster, sportanl\u00e4ggningar och n\u00e4ra stranden och flera golfbanor.<\/p>\n\n<p>Bost\u00e4derna kommer att uppfylla de h\u00f6gsta standarderna och kommer att vara utrustade med: Gemensam swimmingpool, konstgjort vattenfall och soldusch.<br\/>Fullt utrustat och utrustat k\u00f6k.<br\/>Motordrivna persienner.<br\/>Belysning: b\u00e5de inne i huset och i utomhusomr\u00e5den.<br\/>Garderober med g\u00e5ngj\u00e4rnsd\u00f6rrar, l\u00e5dinredning, hyllor och h\u00e4ngskena.<br\/>Fullt utrustade badrum med handfat, toalett, spegel och dusch.<br\/>Golvv\u00e4rme i badrummen.<br\/>F\u00f6rinstallation av kanaliserad luftkonditionering.<br\/>Solarium p\u00e5 \u00f6vre v\u00e5ningarna.<br\/>Terrassomr\u00e5de p\u00e5 bottenv\u00e5ningarna.<br\/>Parkeringsplats.<br\/>Sommark\u00f6k med b\u00e4nkskiva i granit, diskho och underb\u00e4nk med vita aluminiumd\u00f6rrar i solarium.<\/p>\n\n<p>Vi ger dig g\u00e4rna alla detaljer och bokar in ett bes\u00f6k.<\/p>\n\n<p>Intressanta platser:  <\/p>\n\n<ul class=\"wp-block-list\">\n<li>Stadsk\u00e4rnan: n\u00e5gra minuters promenad<\/li>\n\n\n\n<li>Str\u00e4nder 3,5 km<\/li>\n\n\n\n<li>Dos Mares shoppingcenter 10 minuter<\/li>\n\n\n\n<li>K\u00f6pcentret La Zenia Boulevard: 15 minuter<\/li>\n\n\n\n<li>Corvera flygplats (Murcia) 35 minuter<\/li>\n\n\n\n<li>Alicante flygplats 50 minuter<\/li>\n<\/ul>\n","protected":false},"excerpt":{"rendered":"<p>Vi presenterar detta lyxiga komplex med 12 bungalows med gemensam pool f\u00f6r att njuta av alla soltimmar \u00e5ret runt. Bostadskomplexet erbjuder m\u00f6jlighet till l\u00e4genheter med 2 sovrum \/ 2 badrum samt l\u00e4genheter med 3 sovrum \/ 2 badrum. Vackra bost\u00e4der med parkeringsplats, tr\u00e4dg\u00e5rd och direkt tillg\u00e5ng till den gemensamma poolen. Terrassomr\u00e5de p\u00e5 bottenv\u00e5ningen och ett [&hellip;]<\/p>\n","protected":false},"author":3,"featured_media":7098,"parent":0,"menu_order":0,"template":"","property_type":[118,179],"property_status":[93],"property_feature":[89],"property_label":[],"property_country":[101],"property_state":[96],"property_city":[95],"property_area":[],"class_list":["post-28211","property","type-property","status-publish","has-post-thumbnail","hentry","property_type-bungalow-sv","property_type-lagenhet","property_status-till-salu","property_feature-simbassang","property_country-spanien","property_state-alicante-sv","property_city-pilar-de-la-horadada-sv"],"property_meta":{"fave_featured":["0"],"houzez_featured_listing_date":[""],"fave_property_images":["7093","7087","7099","7105","7069","7111","7075","7081","7117","7123","7129","7135","7141"],"fave_single_top_area":["global"],"_top_nav_excluded":[""],"_cms_nav_minihome":[""],"houzez_geolocation_lat":["37.8675489"],"houzez_geolocation_long":["-0.7925673"],"_thumbnail_id":["7098"],"_last_translation_edit_mode":["translation-editor"],"houzez_total_property_views":["91"],"houzez_views_by_date":["a:61:{s:10:\"05-17-2025\";i:1;s:10:\"05-20-2025\";i:2;s:10:\"05-22-2025\";i:1;s:10:\"05-29-2025\";i:1;s:10:\"06-02-2025\";i:1;s:10:\"06-03-2025\";i:1;s:10:\"06-10-2025\";i:1;s:10:\"06-25-2025\";i:1;s:10:\"06-26-2025\";i:4;s:10:\"06-29-2025\";i:1;s:10:\"07-09-2025\";i:2;s:10:\"07-14-2025\";i:2;s:10:\"07-16-2025\";i:1;s:10:\"07-24-2025\";i:1;s:10:\"07-30-2025\";i:1;s:10:\"08-05-2025\";i:1;s:10:\"08-07-2025\";i:2;s:10:\"08-15-2025\";i:1;s:10:\"08-23-2025\";i:2;s:10:\"08-29-2025\";i:1;s:10:\"08-30-2025\";i:2;s:10:\"09-06-2025\";i:1;s:10:\"09-11-2025\";i:1;s:10:\"09-12-2025\";i:1;s:10:\"09-16-2025\";i:1;s:10:\"09-21-2025\";i:1;s:10:\"09-27-2025\";i:1;s:10:\"10-02-2025\";i:1;s:10:\"10-07-2025\";i:1;s:10:\"10-10-2025\";i:1;s:10:\"10-13-2025\";i:1;s:10:\"10-18-2025\";i:1;s:10:\"11-18-2025\";i:1;s:10:\"12-06-2025\";i:1;s:10:\"12-12-2025\";i:1;s:10:\"12-18-2025\";i:2;s:10:\"12-29-2025\";i:1;s:10:\"01-02-2026\";i:1;s:10:\"01-03-2026\";i:1;s:10:\"01-07-2026\";i:1;s:10:\"01-09-2026\";i:1;s:10:\"01-12-2026\";i:2;s:10:\"01-17-2026\";i:1;s:10:\"01-20-2026\";i:1;s:10:\"01-29-2026\";i:1;s:10:\"02-03-2026\";i:1;s:10:\"02-08-2026\";i:1;s:10:\"02-21-2026\";i:1;s:10:\"03-05-2026\";i:1;s:10:\"03-11-2026\";i:3;s:10:\"03-17-2026\";i:1;s:10:\"03-22-2026\";i:1;s:10:\"03-28-2026\";i:1;s:10:\"04-02-2026\";i:1;s:10:\"04-06-2026\";i:1;s:10:\"04-08-2026\";i:1;s:10:\"04-13-2026\";i:1;s:10:\"04-17-2026\";i:1;s:10:\"04-18-2026\";i:1;s:10:\"04-23-2026\";i:1;s:10:\"04-28-2026\";i:2;}"],"houzez_recently_viewed":["2026-04-28 20:07:56"],"_elementor_page_assets":["a:0:{}"],"fave_property_price":["259900"],"fave_property_price_prefix":["Fr\u00e5n"],"fave_property_size":["75"],"fave_property_land":["85"],"fave_property_bedrooms":["2"],"fave_property_bathrooms":["2"],"fave_property_year":["2025"],"fave_property_id":["3023MHM"],"fave_property_map":["1"],"fave_property_map_address":["Pilar de la Horadada, el Baix Segura \/ La Vega Baja del Segura, Alacant \/ Alicante, Comunitat Valenciana, Spanien"],"fave_property_location":["37.8675489,-0.7925673,15"],"fave_property_map_street_view":["g\u00f6mma"],"fave_property_zip":["03190"],"fave_agent_display_option":["byr\u00e5_info"],"fave_prop_homeslider":["ja"],"fave_private_note":["MARVIC III - 32 Cofrad\u00edas STREET PACO ALBALADEJO och LUCIA BEACH"],"floor_plans":["a:2:{i:0;a:2:{s:15:\"fave_plan_title\";s:13:\"BOTTENV\u00c5NING\";s:15:\"fave_plan_image\";s:62:\"https:\/\/myhomeproperty.es\/wp-content\/uploads\/2024\/08\/N.2-2.jpg\";}i:1;a:2:{s:15:\"fave_plan_title\";s:12:\"ALLM\u00c4N PLAN\";s:15:\"fave_plan_image\";s:63:\"https:\/\/myhomeproperty.es\/wp-content\/uploads\/2024\/08\/Plot-1.jpg\";}}"],"_wpml_word_count":["{\"total\":280,\"to_translate\":{\"en\":280,\"fr\":280,\"de\":280,\"es\":280}}"]},"_links":{"self":[{"href":"https:\/\/myhomeproperty.es\/sv\/wp-json\/wp\/v2\/properties\/28211","targetHints":{"allow":["GET"]}}],"collection":[{"href":"https:\/\/myhomeproperty.es\/sv\/wp-json\/wp\/v2\/properties"}],"about":[{"href":"https:\/\/myhomeproperty.es\/sv\/wp-json\/wp\/v2\/types\/property"}],"author":[{"embeddable":true,"href":"https:\/\/myhomeproperty.es\/sv\/wp-json\/wp\/v2\/users\/3"}],"version-history":[{"count":1,"href":"https:\/\/myhomeproperty.es\/sv\/wp-json\/wp\/v2\/properties\/28211\/revisions"}],"predecessor-version":[{"id":28212,"href":"https:\/\/myhomeproperty.es\/sv\/wp-json\/wp\/v2\/properties\/28211\/revisions\/28212"}],"wp:featuredmedia":[{"embeddable":true,"href":"https:\/\/myhomeproperty.es\/sv\/wp-json\/wp\/v2\/media\/7098"}],"wp:attachment":[{"href":"https:\/\/myhomeproperty.es\/sv\/wp-json\/wp\/v2\/media?parent=28211"}],"wp:term":[{"taxonomy":"property_type","embeddable":true,"href":"https:\/\/myhomeproperty.es\/sv\/wp-json\/wp\/v2\/property_type?post=28211"},{"taxonomy":"property_status","embeddable":true,"href":"https:\/\/myhomeproperty.es\/sv\/wp-json\/wp\/v2\/property_status?post=28211"},{"taxonomy":"property_feature","embeddable":true,"href":"https:\/\/myhomeproperty.es\/sv\/wp-json\/wp\/v2\/property_feature?post=28211"},{"taxonomy":"property_label","embeddable":true,"href":"https:\/\/myhomeproperty.es\/sv\/wp-json\/wp\/v2\/property_label?post=28211"},{"taxonomy":"property_country","embeddable":true,"href":"https:\/\/myhomeproperty.es\/sv\/wp-json\/wp\/v2\/property_country?post=28211"},{"taxonomy":"property_state","embeddable":true,"href":"https:\/\/myhomeproperty.es\/sv\/wp-json\/wp\/v2\/property_state?post=28211"},{"taxonomy":"property_city","embeddable":true,"href":"https:\/\/myhomeproperty.es\/sv\/wp-json\/wp\/v2\/property_city?post=28211"},{"taxonomy":"property_area","embeddable":true,"href":"https:\/\/myhomeproperty.es\/sv\/wp-json\/wp\/v2\/property_area?post=28211"}],"curies":[{"name":"wp","href":"https:\/\/api.w.org\/{rel}","templated":true}]}}

Lyxig lägenhet i Pilar de la Horadada

<p>Vi presenterar detta lyxiga komplex med 12 bungalows med gemensam pool för att njuta av alla soltimmar året runt.</p>

<p>Bostadskomplexet erbjuder möjlighet till lägenheter med 2 sovrum / 2 badrum samt lägenheter med 3 sovrum / 2 badrum. Vackra bostäder med parkeringsplats, trädgård och direkt tillgång till den gemensamma poolen. Terrassområde på bottenvåningen och ett magnifikt solarium på övervåningen.</p>

<p>Denna fantastiska bostad är utformad i modern stil och har en öppen planlösning, bestående av ett fullt utrustat kök och ett vardagsrum med matsal.</p>

<p>Anläggningen ligger i Pilar de la Horadada, Alicante, omgiven av alla tjänster, sportanläggningar och nära stranden och flera golfbanor.</p>

<p>Bostäderna kommer att uppfylla de högsta standarderna och kommer att vara utrustade med: Gemensam swimmingpool, konstgjort vattenfall och soldusch.<br/>Fullt utrustat och utrustat kök.<br/>Motordrivna persienner.<br/>Belysning: både inne i huset och i utomhusområden.<br/>Garderober med gångjärnsdörrar, lådinredning, hyllor och hängskena.<br/>Fullt utrustade badrum med handfat, toalett, spegel och dusch.<br/>Golvvärme i badrummen.<br/>Förinstallation av kanaliserad luftkonditionering.<br/>Solarium på övre våningarna.<br/>Terrassområde på bottenvåningarna.<br/>Parkeringsplats.<br/>Sommarkök med bänkskiva i granit, diskho och underbänk med vita aluminiumdörrar i solarium.</p>

<p>Vi ger dig gärna alla detaljer och bokar in ett besök.</p>

<p>Intressanta platser:  </p>

<ul class="wp-block-list">
<li>Stadskärnan: några minuters promenad</li>



<li>Stränder 3,5 km</li>



<li>Dos Mares shoppingcenter 10 minuter</li>



<li>Köpcentret La Zenia Boulevard: 15 minuter</li>



<li>Corvera flygplats (Murcia) 35 minuter</li>



<li>Alicante flygplats 50 minuter</li>
</ul>

<p>Vi presenterar detta lyxiga komplex med 12 bungalows med gemensam pool för att njuta av alla soltimmar året runt. Bostadskomplexet erbjuder möjlighet till lägenheter med 2 sovrum / 2 badrum samt lägenheter med 3 sovrum / 2 badrum. Vackra bostäder med parkeringsplats, trädgård och direkt tillgång till den gemensamma poolen. Terrassområde på bottenvåningen och ett [&hellip;]</p>

Från

gömma

byrå_info

MARVIC III - 32 Cofradías STREET PACO ALBALADEJO och LUCIA BEACH

a:2:{i:0;a:2:{s:15:"fave_plan_title";s:13:"BOTTENVÅNING";s:15:"fave_plan_image";s:62:"https://myhomeproperty.es/wp-content/uploads/2024/08/N.2-2.jpg";}i:1;a:2:{s:15:"fave_plan_title";s:12:"ALLMÄN PLAN";s:15:"fave_plan_image";s:63:"https://myhomeproperty.es/wp-content/uploads/2024/08/Plot-1.jpg";}}
